-- https://www.phpmyadmin.net/
--

START TRANSACTION;



--
-- Database: `oteqpyie_paperapp`
--

-- --------------------------------------------------------

--
-- Table structure for table `tbl_access`
--

CREATE TABLE `tbl_access` (
  `aid` int(11) NOT NULL,
  `afrom` int(11) NOT NULL,
  `ato` int(11) NOT NULL,
  `folder` varchar(50) COLLATE utf8_unicode_ci NOT NULL,
  `wise` varchar(10) COLLATE utf8_unicode_ci NOT NULL,
  `createdat` timestamp NOT NULL DEFAULT CURRENT_TIMESTAMP
) ENGINE=MyISAM DEFAULT CHARSET=utf8 COLLATE=utf8_unicode_ci;

--
-- Dumping data for table `tbl_access`
--

INSERT INTO `tbl_access` (`aid`, `afrom`, `ato`, `folder`, `wise`, `createdat`) VALUES
(1, 31, 32, '|purchase|sales', 'voucher', '2019-05-10 10:56:36'),
(2, 36, 38, 'all', 'all', '2019-05-10 13:07:10'),
(3, 36, 37, 'all', 'all', '2019-05-10 13:30:18'),
(4, 31, 38, 'all', 'all', '2019-05-10 13:51:50'),
(5, 31, 37, '|purchase|sales|payment', 'voucher', '2019-05-11 06:15:10'),
(6, 31, 42, 'all', 'all', '2019-05-13 10:46:05'),
(7, 44, 42, '|bank', 'voucher', '2019-05-13 13:08:23'),
(8, 43, 42, '|may', 'month', '2019-05-13 13:17:24');

-- --------------------------------------------------------

--
-- Table structure for table `tbl_access_notification`
--

CREATE TABLE `tbl_access_notification` (
  `id` int(11) NOT NULL,
  `afrom` int(11) NOT NULL,
  `ato` int(11) NOT NULL,
  `banned` text NOT NULL,
  `given` text NOT NULL,
  `status` varchar(10) NOT NULL,
  `date` timestamp NOT NULL DEFAULT CURRENT_TIMESTAMP
) ENGINE=InnoDB DEFAULT CHARSET=latin1;

--
-- Dumping data for table `tbl_access_notification`
--

INSERT INTO `tbl_access_notification` (`id`, `afrom`, `ato`, `banned`, `given`, `status`, `date`) VALUES
(1, 31, 32, '', '|purchase|sales', 'seen', '2019-05-10 10:56:36'),
(2, 36, 38, '', '|bank', 'seen', '2019-05-10 13:07:10'),
(3, 36, 37, '', 'all', 'seen', '2019-05-10 13:30:18'),
(4, 36, 38, '', 'all', 'seen', '2019-05-10 13:30:39'),
(5, 31, 38, '', 'all', 'seen', '2019-05-10 13:51:50'),
(6, 31, 37, '', 'all', 'seen', '2019-05-11 06:15:10'),
(7, 31, 37, '', '|purchase|sales|payment', 'seen', '2019-05-13 10:31:19'),
(8, 31, 42, '', '|purchase|sales|receipt', 'unseen', '2019-05-13 10:46:05'),
(9, 31, 42, '', '|april|may|june', 'unseen', '2019-05-13 10:47:13'),
(10, 31, 42, '', 'all', 'unseen', '2019-05-13 10:47:41'),
(11, 44, 42, '', '|bank', 'unseen', '2019-05-13 13:08:23'),
(12, 43, 42, '', '|purchase', 'unseen', '2019-05-13 13:17:24'),
(13, 43, 42, '', '|may', 'unseen', '2019-05-13 13:17:43');

-- --------------------------------------------------------

--
-- Table structure for table `tbl_cust_log`
--

CREATE TABLE `tbl_cust_log` (
  `id` int(11) NOT NULL,
  `rid` int(11) NOT NULL,
  `path` text NOT NULL,
  `status` varchar(10) NOT NULL,
  `time` timestamp NOT NULL DEFAULT CURRENT_TIMESTAMP
) ENGINE=InnoDB DEFAULT CHARSET=latin1;

--
-- Dumping data for table `tbl_cust_log`
--

INSERT INTO `tbl_cust_log` (`id`, `rid`, `path`, `status`, `time`) VALUES
(1, 31, 'documents/4502_nikita/2019/e_may/sales/deposited.jpg', 'upload', '2019-05-10 10:57:12'),
(2, 31, 'documents/4502_nikita/2019/e_may/sales/l98.pdf', 'upload', '2019-05-10 10:57:12'),
(3, 31, 'documents/4502_nikita/2019/e_may/bank/2.pdf', 'upload', '2019-05-11 11:07:45'),
(4, 31, 'documents/4502_nikita/2019/e_may/credit/Amazon_Web_Service_chart.png', 'upload', '2019-05-13 08:58:08'),
(5, 31, 'documents/4502_nikita/2019/e_may/bank/2.pdf', 'download', '2019-05-14 09:03:24'),
(6, 31, 'documents/4502_nikita/2019/e_may/contra/Zions-Bancorporation-Core-Banking-Transformation.pdf', 'upload', '2019-05-14 09:11:24'),
(7, 31, 'documents/4502_nikita/2019/e_may/contra/Zions-Bancorporation-Core-Banking-Transformation.pdf', 'download', '2019-05-14 09:11:44'),
(8, 31, 'documents/4502_nikita/2019/e_may/contra/Zions-Bancorporation-Core-Banking-Transformation.pdf', 'download', '2019-05-14 09:11:57'),
(9, 31, 'documents/4502_nikita/2019/e_may/cheque_reg/8_January-18.pdf', 'download', '2019-05-14 09:14:10'),
(10, 31, 'documents/4502_nikita/2019/e_may/sales/8_1.pdf', 'upload', '2019-05-16 11:57:04'),
(11, 31, 'documents/4502_nikita/2019/e_may/sales/8_2.pdf', 'upload', '2019-05-16 11:57:17'),
(12, 31, 'documents/4502_nikita/2019/e_may/sales/8_.pdf', 'download', '2019-05-16 11:57:34'),
(13, 31, 'documents/4502_nikita/2019/e_may/sales/8_2.pdf', 'download', '2019-05-16 11:57:48'),
(14, 31, 'documents/4502_nikita/2019/e_may/sales/deposited.jpg', 'download', '2019-05-16 11:58:26'),
(15, 31, 'documents/4502_nikita/2019/e_may/sales/7_1.pdf', 'upload', '2019-05-20 12:28:03'),
(16, 31, 'documents/4502_nikita/2019/e_may/sales/8_3.pdf', 'upload', '2019-05-20 12:28:04'),
(17, 31, 'documents/4502_nikita/2019/e_may/sales/9_.pdf', 'upload', '2019-05-20 12:28:04'),
(18, 31, 'documents/4502_nikita/2019/e_may/sales/10_.pdf', 'upload', '2019-05-20 12:28:04'),
(19, 31, 'documents/4502_nikita/2019/e_may/sales/11_.pdf', 'upload', '2019-05-20 12:28:04'),
(20, 31, 'documents/4502_nikita/2019/e_may/sales/12_.pdf', 'upload', '2019-05-20 12:28:04'),
(21, 31, 'documents/4502_nikita/2019/e_may/sales/13_.pdf', 'upload', '2019-05-20 12:28:04'),
(22, 31, 'documents/4502_nikita/2019/e_may/sales/14_.pdf', 'upload', '2019-05-20 12:28:04'),
(23, 31, 'documents/4502_nikita/2019/e_may/sales/15_1.pdf', 'upload', '2019-05-20 12:28:04'),
(24, 31, 'documents/4502_nikita/2019/e_may/sales/59.pdf', 'upload', '2019-05-20 12:28:04'),
(25, 31, 'documents/4502_nikita/2019/e_may/sales/60.pdf', 'upload', '2019-05-20 12:28:04'),
(26, 31, 'documents/4502_nikita/2019/e_may/sales/61.pdf', 'upload', '2019-05-20 12:28:04'),
(27, 31, 'documents/4502_nikita/2019/e_may/sales/62.pdf', 'upload', '2019-05-20 12:28:04'),
(28, 31, 'documents/4502_nikita/2019/e_may/sales/63.pdf', 'upload', '2019-05-20 12:28:04'),
(29, 31, 'documents/4502_nikita/2019/e_may/sales/64.pdf', 'upload', '2019-05-20 12:28:04'),
(30, 31, 'documents/4502_nikita/2019/e_may/sales/65.pdf', 'upload', '2019-05-20 12:28:04'),
(31, 31, 'documents/4502_nikita/2019/e_may/sales/66.pdf', 'upload', '2019-05-20 12:28:04'),
(32, 31, 'documents/4502_nikita/2019/e_may/sales/67.pdf', 'upload', '2019-05-20 12:28:04'),
(33, 31, 'documents/4502_nikita/2019/e_may/sales/68.pdf', 'upload', '2019-05-20 12:28:04'),
(34, 31, 'documents/4502_nikita/2019/e_may/sales/69.pdf', 'upload', '2019-05-20 12:28:04'),
(35, 31, 'documents/4502_nikita/2019/e_may/credit/Amazon_Web_Service_chart.png', 'download', '2019-05-20 12:41:05'),
(36, 31, 'documents/4502_nikita/2019/e_may/payment/118.pdf', 'upload', '2019-05-20 12:43:17'),
(37, 31, 'documents/4502_nikita/2019/e_may/contra/Zions-Bancorporation-Core-Banking-Transformation.pdf', 'download', '2019-05-20 12:43:52'),
(38, 31, 'documents/4502_nikita/2019/e_may/reports/3_August-17.pdf', 'download', '2019-05-20 12:44:32'),
(39, 31, 'documents/4502_nikita/2019/e_may/sales/l98.pdf', 'download', '2019-05-20 12:49:00'),
(40, 31, 'documents/4502_nikita/2019/e_may/sales/54.pdf', 'download', '2019-05-20 12:49:12'),
(41, 31, 'documents/4502_nikita/2019/e_may/sales/1.pdf', 'upload', '2019-05-22 06:13:44'),
(42, 31, 'documents/4502_nikita/2019/e_may/sales/2.pdf', 'upload', '2019-05-22 06:13:44'),
(43, 31, 'documents/4502_nikita/2019/e_may/sales/3.pdf', 'upload', '2019-05-22 06:13:44'),
(44, 31, 'documents/4502_nikita/2019/e_may/sales/5.pdf', 'upload', '2019-05-22 06:13:44'),
(45, 31, 'documents/4502_nikita/2019/e_may/sales/29.pdf', 'upload', '2019-05-22 06:13:44'),
(46, 31, 'documents/4502_nikita/2019/e_may/sales/34.pdf', 'upload', '2019-05-22 06:13:44'),
(47, 31, 'documents/4502_nikita/2019/e_may/sales/35.pdf', 'upload', '2019-05-22 06:13:44'),
(48, 31, 'documents/4502_nikita/2019/e_may/sales/36.pdf', 'upload', '2019-05-22 06:13:44'),
(49, 31, 'documents/4502_nikita/2019/e_may/sales/41.pdf', 'upload', '2019-05-22 06:13:44'),
(50, 31, 'documents/4502_nikita/2019/e_may/sales/88.pdf', 'upload', '2019-05-22 06:13:44'),
(51, 31, 'documents/4502_nikita/2019/e_may/sales/89.pdf', 'upload', '2019-05-22 06:13:44'),
(52, 31, 'documents/4502_nikita/2019/e_may/sales/92.pdf', 'upload', '2019-05-22 06:13:44'),
(53, 31, 'documents/4502_nikita/2019/e_may/sales/93.pdf', 'upload', '2019-05-22 06:13:44'),
(54, 31, 'documents/4502_nikita/2019/e_may/sales/94.pdf', 'upload', '2019-05-22 06:13:44'),
(55, 31, 'documents/4502_nikita/2019/e_may/sales/96.pdf', 'upload', '2019-05-22 06:13:44'),
(56, 31, 'documents/4502_nikita/2019/e_may/sales/114.pdf', 'upload', '2019-05-22 06:13:44'),
(57, 31, 'documents/4502_nikita/2019/e_may/sales/115.pdf', 'upload', '2019-05-22 06:13:44'),
(58, 31, 'documents/4502_nikita/2019/e_may/sales/116.pdf', 'upload', '2019-05-22 06:13:44'),
(59, 31, 'documents/4502_nikita/2019/e_may/sales/117.pdf', 'upload', '2019-05-22 06:13:44'),
(60, 31, 'documents/4502_nikita/2019/e_may/sales/118.pdf', 'upload', '2019-05-22 06:13:44'),
(61, 31, 'documents/4502_nikita/2019/e_may/purchase/4.pdf', 'upload', '2019-05-22 06:14:47'),
(62, 31, 'documents/4502_nikita/2019/e_may/purchase/30.pdf', 'upload', '2019-05-22 06:14:47'),
(63, 31, 'documents/4502_nikita/2019/e_may/purchase/311.pdf', 'upload', '2019-05-22 06:14:47'),
(64, 31, 'documents/4502_nikita/2019/e_may/purchase/321.pdf', 'upload', '2019-05-22 06:14:47'),
(65, 31, 'documents/4502_nikita/2019/e_may/purchase/33.pdf', 'upload', '2019-05-22 06:14:47'),
(66, 31, 'documents/4502_nikita/2019/e_may/purchase/37.pdf', 'upload', '2019-05-22 06:14:47'),
(67, 31, 'documents/4502_nikita/2019/e_may/purchase/38.pdf', 'upload', '2019-05-22 06:14:47'),
(68, 31, 'documents/4502_nikita/2019/e_may/purchase/39.pdf', 'upload', '2019-05-22 06:14:47'),
(69, 31, 'documents/4502_nikita/2019/e_may/purchase/52.pdf', 'upload', '2019-05-22 06:14:47'),
(70, 31, 'documents/4502_nikita/2019/e_may/purchase/53.pdf', 'upload', '2019-05-22 06:14:47'),
(71, 31, 'documents/4502_nikita/2019/e_may/purchase/83.pdf', 'upload', '2019-05-22 06:14:47'),
(72, 31, 'documents/4502_nikita/2019/e_may/purchase/85.pdf', 'upload', '2019-05-22 06:14:47'),
(73, 31, 'documents/4502_nikita/2019/e_may/purchase/90.pdf', 'upload', '2019-05-22 06:14:47'),
(74, 31, 'documents/4502_nikita/2019/e_may/purchase/91.pdf', 'upload', '2019-05-22 06:14:47'),
(75, 31, 'documents/4502_nikita/2019/e_may/purchase/153.pdf', 'upload', '2019-05-22 06:14:48'),
(76, 31, 'documents/4502_nikita/2019/e_may/purchase/154.pdf', 'upload', '2019-05-22 06:14:48'),
(77, 31, 'documents/4502_nikita/2019/e_may/purchase/156.pdf', 'upload', '2019-05-22 06:14:48'),
(78, 31, 'documents/4502_nikita/2019/e_may/purchase/5.pdf', 'upload', '2019-05-30 10:18:36'),
(79, 31, 'documents/4502_nikita/2019/e_may/payment/2_July-17.pdf', 'upload', '2019-05-31 10:19:54'),
(80, 31, 'documents/4502_nikita/2019/e_may/receipt/1_Jun-175.pdf', 'download', '2019-05-31 10:20:22'),
(81, 31, 'documents/4502_nikita/2019/e_may/contra/Zions-Bancorporation-Core-Banking-Transformation.pdf', 'download', '2019-05-31 10:20:58'),
(82, 31, 'documents/4502_nikita/2019/e_may/receipt/2_July-17.pdf', 'download', '2019-05-31 10:21:17'),
(83, 31, 'documents/4502_nikita/2019/e_may/receipt/3_August-17.pdf', 'upload', '2019-05-31 10:21:57'),
(84, 31, 'documents/4502_nikita/2019/f_june/purchase/3.pdf', 'upload', '2019-06-05 06:19:33'),
(85, 31, 'documents/4502_nikita/2019/f_june/purchase/6.pdf', 'upload', '2019-06-05 06:19:34'),
(86, 31, 'documents/4502_nikita/2019/f_june/purchase/7.pdf', 'upload', '2019-06-05 06:19:34'),
(87, 31, 'documents/4502_nikita/2019/f_june/purchase/8.pdf', 'upload', '2019-06-05 06:19:34'),
(88, 31, 'documents/4502_nikita/2019/f_june/purchase/9.pdf', 'upload', '2019-06-05 06:19:34'),
(89, 31, 'documents/4502_nikita/2019/f_june/purchase/10.pdf', 'upload', '2019-06-05 06:19:34'),
(90, 31, 'documents/4502_nikita/2019/f_june/purchase/11.pdf', 'upload', '2019-06-05 06:19:34'),
(91, 31, 'documents/4502_nikita/2019/f_june/purchase/12.pdf', 'upload', '2019-06-05 06:19:34'),
(92, 31, 'documents/4502_nikita/2019/f_june/purchase/13.pdf', 'upload', '2019-06-05 06:19:34'),
(93, 31, 'documents/4502_nikita/2019/f_june/purchase/14.pdf', 'upload', '2019-06-05 06:19:35'),
(94, 31, 'documents/4502_nikita/2019/f_june/purchase/15.pdf', 'upload', '2019-06-05 06:19:35'),
(95, 31, 'documents/4502_nikita/2019/f_june/purchase/16.pdf', 'upload', '2019-06-05 06:19:35'),
(96, 31, 'documents/4502_nikita/2019/f_june/purchase/17.pdf', 'upload', '2019-06-05 06:19:35'),
(97, 31, 'documents/4502_nikita/2019/f_june/purchase/18.pdf', 'upload', '2019-06-05 06:19:35'),
(98, 31, 'documents/4502_nikita/2019/f_june/purchase/19.pdf', 'upload', '2019-06-05 06:19:35'),
(99, 31, 'documents/4502_nikita/2019/f_june/purchase/20.pdf', 'upload', '2019-06-05 06:19:36'),
(100, 31, 'documents/4502_nikita/2019/f_june/purchase/21.pdf', 'upload', '2019-06-05 06:19:36'),
(101, 31, 'documents/4502_nikita/2019/f_june/purchase/26.pdf', 'upload', '2019-06-05 06:19:36'),
(102, 31, 'documents/4502_nikita/2019/f_june/purchase/27.pdf', 'upload', '2019-06-05 06:19:36'),
(103, 31, 'documents/4502_nikita/2019/f_june/purchase/28.pdf', 'upload', '2019-06-05 06:19:36'),
(104, 31, 'documents/4502_nikita/2019/f_june/purchase/3.pdf', 'upload', '2019-06-05 06:29:00'),
(105, 31, 'documents/4502_nikita/2019/f_june/purchase/6.pdf', 'upload', '2019-06-05 06:29:00'),
(106, 31, 'documents/4502_nikita/2019/f_june/purchase/7.pdf', 'upload', '2019-06-05 06:29:00'),
(107, 31, 'documents/4502_nikita/2019/f_june/purchase/8.pdf', 'upload', '2019-06-05 06:29:00'),
(108, 31, 'documents/4502_nikita/2019/f_june/purchase/9.pdf', 'upload', '2019-06-05 06:29:00'),
(109, 31, 'documents/4502_nikita/2019/f_june/purchase/10.pdf', 'upload', '2019-06-05 06:29:00'),
(110, 31, 'documents/4502_nikita/2019/f_june/purchase/11.pdf', 'upload', '2019-06-05 06:29:00'),
(111, 31, 'documents/4502_nikita/2019/f_june/purchase/12.pdf', 'upload', '2019-06-05 06:29:00'),
(112, 31, 'documents/4502_nikita/2019/f_june/purchase/13.pdf', 'upload', '2019-06-05 06:29:00'),
(113, 31, 'documents/4502_nikita/2019/f_june/purchase/14.pdf', 'upload', '2019-06-05 06:29:00'),
(114, 31, 'documents/4502_nikita/2019/f_june/purchase/15.pdf', 'upload', '2019-06-05 06:29:00'),
(115, 31, 'documents/4502_nikita/2019/f_june/receipt/16.pdf', 'upload', '2019-06-05 06:29:45'),
(116, 31, 'documents/4502_nikita/2019/f_june/receipt/17.pdf', 'upload', '2019-06-05 06:29:46'),
(117, 31, 'documents/4502_nikita/2019/f_june/receipt/18.pdf', 'upload', '2019-06-05 06:29:46'),
(118, 31, 'documents/4502_nikita/2019/f_june/receipt/19.pdf', 'upload', '2019-06-05 06:29:46'),
(119, 31, 'documents/4502_nikita/2019/f_june/receipt/20.pdf', 'upload', '2019-06-05 06:29:46'),
(120, 31, 'documents/4502_nikita/2019/f_june/receipt/21.pdf', 'upload', '2019-06-05 06:29:46'),
(121, 31, 'documents/4502_nikita/2019/f_june/receipt/26.pdf', 'upload', '2019-06-05 06:29:46'),
(122, 31, 'documents/4502_nikita/2019/f_june/receipt/27.pdf', 'upload', '2019-06-05 06:29:46'),
(123, 31, 'documents/4502_nikita/2019/f_june/receipt/28.pdf', 'upload', '2019-06-05 06:29:46'),
(124, 31, 'documents/4502_nikita/2019/f_june/receipt/29.pdf', 'upload', '2019-06-05 06:29:46'),
(125, 31, 'documents/4502_nikita/2019/f_june/receipt/30.pdf', 'upload', '2019-06-05 06:29:46'),
(126, 31, 'documents/4502_nikita/2019/f_june/purchase/16.pdf', 'upload', '2019-06-05 06:34:57'),
(127, 31, 'documents/4502_nikita/2019/f_june/purchase/17.pdf', 'upload', '2019-06-05 06:34:57'),
(128, 31, 'documents/4502_nikita/2019/f_june/purchase/18.pdf', 'upload', '2019-06-05 06:34:57'),
(129, 31, 'documents/4502_nikita/2019/f_june/purchase/19.pdf', 'upload', '2019-06-05 06:34:57'),
(130, 31, 'documents/4502_nikita/2019/f_june/purchase/20.pdf', 'upload', '2019-06-05 06:34:57'),
(131, 31, 'documents/4502_nikita/2019/f_june/purchase/21.pdf', 'upload', '2019-06-05 06:34:57'),
(132, 31, 'documents/4502_nikita/2019/f_june/purchase/26.pdf', 'upload', '2019-06-05 06:34:57'),
(133, 31, 'documents/4502_nikita/2019/f_june/purchase/27.pdf', 'upload', '2019-06-05 06:34:57'),
(134, 31, 'documents/4502_nikita/2019/f_june/purchase/28.pdf', 'upload', '2019-06-05 06:34:57'),
(135, 31, 'documents/4502_nikita/2019/f_june/purchase/29.pdf', 'upload', '2019-06-05 06:34:57'),
(136, 31, 'documents/4502_nikita/2019/f_june/purchase/30.pdf', 'upload', '2019-06-05 06:34:57'),
(137, 31, 'documents/4502_nikita/2019/f_june/purchase/31.pdf', 'upload', '2019-06-05 06:35:54'),
(138, 31, 'documents/4502_nikita/2019/f_june/purchase/33.pdf', 'upload', '2019-06-05 06:35:54'),
(139, 31, 'documents/4502_nikita/2019/f_june/purchase/34.pdf', 'upload', '2019-06-05 06:35:54'),
(140, 31, 'documents/4502_nikita/2019/f_june/purchase/35.pdf', 'upload', '2019-06-05 06:35:54'),
(141, 31, 'documents/4502_nikita/2019/f_june/purchase/37.pdf', 'upload', '2019-06-05 06:35:54'),
(142, 31, 'documents/4502_nikita/2019/f_june/purchase/39.pdf', 'upload', '2019-06-05 06:35:54'),
(143, 31, 'documents/4502_nikita/2019/f_june/purchase/40.pdf', 'upload', '2019-06-05 06:35:54'),
(144, 31, 'documents/4502_nikita/2019/f_june/purchase/43.pdf', 'upload', '2019-06-05 06:35:54'),
(145, 31, 'documents/4502_nikita/2019/f_june/purchase/44.pdf', 'upload', '2019-06-05 06:35:54'),
(146, 31, 'documents/4502_nikita/2019/f_june/purchase/45.pdf', 'upload', '2019-06-05 06:35:54'),
(147, 31, 'documents/4502_nikita/2019/f_june/purchase/48.pdf', 'upload', '2019-06-05 06:36:34'),
(148, 31, 'documents/4502_nikita/2019/f_june/purchase/50.pdf', 'upload', '2019-06-05 06:36:34'),
(149, 31, 'documents/4502_nikita/2019/f_june/purchase/52.pdf', 'upload', '2019-06-05 06:36:34'),
(150, 31, 'documents/4502_nikita/2019/f_june/purchase/53.pdf', 'upload', '2019-06-05 06:36:34'),
(151, 31, 'documents/4502_nikita/2019/f_june/purchase/56.pdf', 'upload', '2019-06-05 06:36:34'),
(152, 31, 'documents/4502_nikita/2019/f_june/purchase/59.pdf', 'upload', '2019-06-05 06:36:34'),
(153, 31, 'documents/4502_nikita/2019/f_june/purchase/62.pdf', 'upload', '2019-06-05 06:36:34'),
(154, 31, 'documents/4502_nikita/2019/f_june/purchase/64.pdf', 'upload', '2019-06-05 06:36:34'),
(155, 31, 'documents/4502_nikita/2019/f_june/purchase/65.pdf', 'upload', '2019-06-05 06:36:34'),
(156, 31, 'documents/4502_nikita/2019/f_june/purchase/66.pdf', 'upload', '2019-06-05 06:36:34'),
(157, 31, 'documents/4502_nikita/2019/f_june/purchase/67.pdf', 'upload', '2019-06-05 06:36:34'),
(158, 31, 'documents/4502_nikita/2019/f_june/purchase/69.pdf', 'upload', '2019-06-05 06:36:34'),
(159, 31, 'documents/4502_nikita/2019/f_june/purchase/72.pdf', 'upload', '2019-06-05 06:36:34'),
(160, 31, 'documents/4502_nikita/2019/f_june/purchase/73.pdf', 'upload', '2019-06-05 06:36:34'),
(161, 31, 'documents/4502_nikita/2019/f_june/purchase/74.pdf', 'upload', '2019-06-05 06:36:34');

-- --------------------------------------------------------

--
-- Table structure for table `tbl_cust_uploads`
--

CREATE TABLE `tbl_cust_uploads` (
  `uid` int(11) NOT NULL,
  `ufrom` int(11) NOT NULL,
  `uto` int(11) NOT NULL,
  `path` text NOT NULL,
  `status` varchar(10) NOT NULL,
  `folder` varchar(255) NOT NULL,
  `recycle` int(2) NOT NULL,
  `date` timestamp NOT NULL DEFAULT CURRENT_TIMESTAMP
) ENGINE=InnoDB DEFAULT CHARSET=latin1;

--
-- Dumping data for table `tbl_cust_uploads`
--

INSERT INTO `tbl_cust_uploads` (`uid`, `ufrom`, `uto`, `path`, `status`, `folder`, `recycle`, `date`) VALUES
(1, 31, 32, 'documents/4502_nikita/2019/e_may/sales/deposited.jpg', 'seen', 'sales', 0, '2019-05-10 10:57:12'),
(2, 31, 32, 'documents/4502_nikita/2019/e_may/sales/l98.pdf', 'seen', 'sales', 0, '2019-05-10 10:57:12'),
(3, 31, 38, 'documents/4502_nikita/2019/e_may/bank/2.pdf', 'seen', 'bank', 0, '2019-05-11 11:07:45'),
(4, 31, 37, 'documents/4502_nikita/2019/e_may/bank/2.pdf', 'seen', 'bank', 0, '2019-05-11 11:07:45'),
(5, 31, 38, 'documents/4502_nikita/2019/e_may/credit/Amazon_Web_Service_chart.png', 'seen', 'credit', 0, '2019-05-13 08:58:08'),
(6, 31, 37, 'documents/4502_nikita/2019/e_may/credit/Amazon_Web_Service_chart.png', 'seen', 'credit', 0, '2019-05-13 08:58:08'),
(7, 31, 38, 'documents/4502_nikita/2019/e_may/contra/Zions-Bancorporation-Core-Banking-Transformation.pdf', 'seen', 'contra', 0, '2019-05-14 09:11:24'),
(8, 31, 42, 'documents/4502_nikita/2019/e_may/contra/Zions-Bancorporation-Core-Banking-Transformation.pdf', 'unseen', 'contra', 0, '2019-05-14 09:11:24'),
(9, 31, 32, 'documents/4502_nikita/2019/e_may/sales/8_1.pdf', 'unseen', 'sales', 0, '2019-05-16 11:57:04'),
(10, 31, 38, 'documents/4502_nikita/2019/e_may/sales/8_1.pdf', 'seen', 'sales', 0, '2019-05-16 11:57:04'),
(11, 31, 37, 'documents/4502_nikita/2019/e_may/sales/8_1.pdf', 'seen', 'sales', 0, '2019-05-16 11:57:04'),
(12, 31, 42, 'documents/4502_nikita/2019/e_may/sales/8_1.pdf', 'unseen', 'sales', 0, '2019-05-16 11:57:04'),
(13, 31, 32, 'documents/4502_nikita/2019/e_may/sales/8_2.pdf', 'unseen', 'sales', 0, '2019-05-16 11:57:17'),
(14, 31, 38, 'documents/4502_nikita/2019/e_may/sales/8_2.pdf', 'seen', 'sales', 0, '2019-05-16 11:57:17'),
(15, 31, 37, 'documents/4502_nikita/2019/e_may/sales/8_2.pdf', 'seen', 'sales', 0, '2019-05-16 11:57:17'),
(16, 31, 42, 'documents/4502_nikita/2019/e_may/sales/8_2.pdf', 'unseen', 'sales', 0, '2019-05-16 11:57:17'),
(17, 31, 32, 'documents/4502_nikita/2019/e_may/sales/7_1.pdf', 'unseen', 'sales', 0, '2019-05-20 12:28:04'),
(18, 31, 38, 'documents/4502_nikita/2019/e_may/sales/7_1.pdf', 'seen', 'sales', 0, '2019-05-20 12:28:04'),
(19, 31, 37, 'documents/4502_nikita/2019/e_may/sales/7_1.pdf', 'seen', 'sales', 0, '2019-05-20 12:28:04'),
(20, 31, 42, 'documents/4502_nikita/2019/e_may/sales/7_1.pdf', 'unseen', 'sales', 0, '2019-05-20 12:28:04'),
(21, 31, 32, 'documents/4502_nikita/2019/e_may/sales/8_3.pdf', 'unseen', 'sales', 0, '2019-05-20 12:28:04'),
(22, 31, 38, 'documents/4502_nikita/2019/e_may/sales/8_3.pdf', 'seen', 'sales', 0, '2019-05-20 12:28:04'),
(23, 31, 37, 'documents/4502_nikita/2019/e_may/sales/8_3.pdf', 'seen', 'sales', 0, '2019-05-20 12:28:04'),
(24, 31, 42, 'documents/4502_nikita/2019/e_may/sales/8_3.pdf', 'unseen', 'sales', 0, '2019-05-20 12:28:04'),
(25, 31, 32, 'documents/4502_nikita/2019/e_may/sales/9_.pdf', 'unseen', 'sales', 0, '2019-05-20 12:28:04'),
(26, 31, 38, 'documents/4502_nikita/2019/e_may/sales/9_.pdf', 'seen', 'sales', 0, '2019-05-20 12:28:04'),
(27, 31, 37, 'documents/4502_nikita/2019/e_may/sales/9_.pdf', 'seen', 'sales', 0, '2019-05-20 12:28:04'),
(28, 31, 42, 'documents/4502_nikita/2019/e_may/sales/9_.pdf', 'unseen', 'sales', 0, '2019-05-20 12:28:04'),
(29, 31, 32, 'documents/4502_nikita/2019/e_may/sales/10_.pdf', 'unseen', 'sales', 0, '2019-05-20 12:28:04'),
(30, 31, 38, 'documents/4502_nikita/2019/e_may/sales/10_.pdf', 'seen', 'sales', 0, '2019-05-20 12:28:04'),
(31, 31, 37, 'documents/4502_nikita/2019/e_may/sales/10_.pdf', 'seen', 'sales', 0, '2019-05-20 12:28:04'),
(32, 31, 42, 'documents/4502_nikita/2019/e_may/sales/10_.pdf', 'unseen', 'sales', 0, '2019-05-20 12:28:04'),
(33, 31, 32, 'documents/4502_nikita/2019/e_may/sales/11_.pdf', 'unseen', 'sales', 0, '2019-05-20 12:28:04'),
(34, 31, 38, 'documents/4502_nikita/2019/e_may/sales/11_.pdf', 'seen', 'sales', 0, '2019-05-20 12:28:04'),
(35, 31, 37, 'documents/4502_nikita/2019/e_may/sales/11_.pdf', 'seen', 'sales', 0, '2019-05-20 12:28:04'),
(36, 31, 42, 'documents/4502_nikita/2019/e_may/sales/11_.pdf', 'unseen', 'sales', 0, '2019-05-20 12:28:04'),
(37, 31, 32, 'documents/4502_nikita/2019/e_may/sales/12_.pdf', 'unseen', 'sales', 0, '2019-05-20 12:28:04'),
(38, 31, 38, 'documents/4502_nikita/2019/e_may/sales/12_.pdf', 'seen', 'sales', 0, '2019-05-20 12:28:04'),
(39, 31, 37, 'documents/4502_nikita/2019/e_may/sales/12_.pdf', 'seen', 'sales', 0, '2019-05-20 12:28:04'),
(40, 31, 42, 'documents/4502_nikita/2019/e_may/sales/12_.pdf', 'unseen', 'sales', 0, '2019-05-20 12:28:04'),
(41, 31, 32, 'documents/4502_nikita/2019/e_may/sales/13_.pdf', 'unseen', 'sales', 0, '2019-05-20 12:28:04'),
(42, 31, 38, 'documents/4502_nikita/2019/e_may/sales/13_.pdf', 'seen', 'sales', 0, '2019-05-20 12:28:04'),
(43, 31, 37, 'documents/4502_nikita/2019/e_may/sales/13_.pdf', 'seen', 'sales', 0, '2019-05-20 12:28:04'),
(44, 31, 42, 'documents/4502_nikita/2019/e_may/sales/13_.pdf', 'unseen', 'sales', 0, '2019-05-20 12:28:04'),
(45, 31, 32, 'documents/4502_nikita/2019/e_may/sales/14_.pdf', 'unseen', 'sales', 0, '2019-05-20 12:28:04'),
(46, 31, 38, 'documents/4502_nikita/2019/e_may/sales/14_.pdf', 'seen', 'sales', 0, '2019-05-20 12:28:04'),
(47, 31, 37, 'documents/4502_nikita/2019/e_may/sales/14_.pdf', 'seen', 'sales', 0, '2019-05-20 12:28:04'),
(48, 31, 42, 'documents/4502_nikita/2019/e_may/sales/14_.pdf', 'unseen', 'sales', 0, '2019-05-20 12:28:04'),
(49, 31, 32, 'documents/4502_nikita/2019/e_may/sales/15_1.pdf', 'unseen', 'sales', 0, '2019-05-20 12:28:04'),
(50, 31, 38, 'documents/4502_nikita/2019/e_may/sales/15_1.pdf', 'seen', 'sales', 0, '2019-05-20 12:28:04'),
(51, 31, 37, 'documents/4502_nikita/2019/e_may/sales/15_1.pdf', 'seen', 'sales', 0, '2019-05-20 12:28:04'),
(52, 31, 42, 'documents/4502_nikita/2019/e_may/sales/15_1.pdf', 'unseen', 'sales', 0, '2019-05-20 12:28:04'),
(53, 31, 32, 'documents/4502_nikita/2019/e_may/sales/59.pdf', 'unseen', 'sales', 0, '2019-05-20 12:28:04'),
(54, 31, 38, 'documents/4502_nikita/2019/e_may/sales/59.pdf', 'seen', 'sales', 0, '2019-05-20 12:28:04'),
(55, 31, 37, 'documents/4502_nikita/2019/e_may/sales/59.pdf', 'seen', 'sales', 0, '2019-05-20 12:28:04'),
(56, 31, 42, 'documents/4502_nikita/2019/e_may/sales/59.pdf', 'unseen', 'sales', 0, '2019-05-20 12:28:04'),
(57, 31, 32, 'documents/4502_nikita/2019/e_may/sales/60.pdf', 'unseen', 'sales', 0, '2019-05-20 12:28:04'),
(58, 31, 38, 'documents/4502_nikita/2019/e_may/sales/60.pdf', 'seen', 'sales', 0, '2019-05-20 12:28:04'),
(59, 31, 37, 'documents/4502_nikita/2019/e_may/sales/60.pdf', 'seen', 'sales', 0, '2019-05-20 12:28:04'),
(60, 31, 42, 'documents/4502_nikita/2019/e_may/sales/60.pdf', 'unseen', 'sales', 0, '2019-05-20 12:28:04'),
(61, 31, 32, 'documents/4502_nikita/2019/e_may/sales/61.pdf', 'unseen', 'sales', 0, '2019-05-20 12:28:04'),
(62, 31, 38, 'documents/4502_nikita/2019/e_may/sales/61.pdf', 'seen', 'sales', 0, '2019-05-20 12:28:04'),
(63, 31, 37, 'documents/4502_nikita/2019/e_may/sales/61.pdf', 'seen', 'sales', 0, '2019-05-20 12:28:04'),
(64, 31, 42, 'documents/4502_nikita/2019/e_may/sales/61.pdf', 'unseen', 'sales', 0, '2019-05-20 12:28:04'),
(65, 31, 32, 'documents/4502_nikita/2019/e_may/sales/62.pdf', 'unseen', 'sales', 0, '2019-05-20 12:28:04'),
(66, 31, 38, 'documents/4502_nikita/2019/e_may/sales/62.pdf', 'seen', 'sales', 0, '2019-05-20 12:28:04'),
(67, 31, 37, 'documents/4502_nikita/2019/e_may/sales/62.pdf', 'seen', 'sales', 0, '2019-05-20 12:28:04'),
(68, 31, 42, 'documents/4502_nikita/2019/e_may/sales/62.pdf', 'unseen', 'sales', 0, '2019-05-20 12:28:04'),
(69, 31, 32, 'documents/4502_nikita/2019/e_may/sales/63.pdf', 'unseen', 'sales', 0, '2019-05-20 12:28:04'),
(70, 31, 38, 'documents/4502_nikita/2019/e_may/sales/63.pdf', 'seen', 'sales', 0, '2019-05-20 12:28:04'),
(71, 31, 37, 'documents/4502_nikita/2019/e_may/sales/63.pdf', 'seen', 'sales', 0, '2019-05-20 12:28:04'),
(72, 31, 42, 'documents/4502_nikita/2019/e_may/sales/63.pdf', 'unseen', 'sales', 0, '2019-05-20 12:28:04'),
(73, 31, 32, 'documents/4502_nikita/2019/e_may/sales/64.pdf', 'unseen', 'sales', 0, '2019-05-20 12:28:04'),
(74, 31, 38, 'documents/4502_nikita/2019/e_may/sales/64.pdf', 'seen', 'sales', 0, '2019-05-20 12:28:04'),
(75, 31, 37, 'documents/4502_nikita/2019/e_may/sales/64.pdf', 'seen', 'sales', 0, '2019-05-20 12:28:04'),
(76, 31, 42, 'documents/4502_nikita/2019/e_may/sales/64.pdf', 'unseen', 'sales', 0, '2019-05-20 12:28:04'),
(77, 31, 32, 'documents/4502_nikita/2019/e_may/sales/65.pdf', 'unseen', 'sales', 0, '2019-05-20 12:28:04'),
(78, 31, 38, 'documents/4502_nikita/2019/e_may/sales/65.pdf', 'seen', 'sales', 0, '2019-05-20 12:28:04'),
(79, 31, 37, 'documents/4502_nikita/2019/e_may/sales/65.pdf', 'seen', 'sales', 0, '2019-05-20 12:28:04'),
(80, 31, 42, 'documents/4502_nikita/2019/e_may/sales/65.pdf', 'unseen', 'sales', 0, '2019-05-20 12:28:04'),
(81, 31, 32, 'documents/4502_nikita/2019/e_may/sales/66.pdf', 'unseen', 'sales', 0, '2019-05-20 12:28:04'),
(82, 31, 38, 'documents/4502_nikita/2019/e_may/sales/66.pdf', 'seen', 'sales', 0, '2019-05-20 12:28:04'),
(83, 31, 37, 'documents/4502_nikita/2019/e_may/sales/66.pdf', 'seen', 'sales', 0, '2019-05-20 12:28:04'),
(84, 31, 42, 'documents/4502_nikita/2019/e_may/sales/66.pdf', 'unseen', 'sales', 0, '2019-05-20 12:28:04'),
(85, 31, 32, 'documents/4502_nikita/2019/e_may/sales/67.pdf', 'unseen', 'sales', 0, '2019-05-20 12:28:04'),
(86, 31, 38, 'documents/4502_nikita/2019/e_may/sales/67.pdf', 'seen', 'sales', 0, '2019-05-20 12:28:04'),
(87, 31, 37, 'documents/4502_nikita/2019/e_may/sales/67.pdf', 'seen', 'sales', 0, '2019-05-20 12:28:04'),
(88, 31, 42, 'documents/4502_nikita/2019/e_may/sales/67.pdf', 'unseen', 'sales', 0, '2019-05-20 12:28:04'),
(89, 31, 32, 'documents/4502_nikita/2019/e_may/sales/68.pdf', 'unseen', 'sales', 0, '2019-05-20 12:28:04'),
(90, 31, 38, 'documents/4502_nikita/2019/e_may/sales/68.pdf', 'seen', 'sales', 0, '2019-05-20 12:28:04'),
(91, 31, 37, 'documents/4502_nikita/2019/e_may/sales/68.pdf', 'seen', 'sales', 0, '2019-05-20 12:28:04'),
(92, 31, 42, 'documents/4502_nikita/2019/e_may/sales/68.pdf', 'unseen', 'sales', 0, '2019-05-20 12:28:04'),
(93, 31, 32, 'documents/4502_nikita/2019/e_may/sales/69.pdf', 'unseen', 'sales', 0, '2019-05-20 12:28:04'),
(94, 31, 38, 'documents/4502_nikita/2019/e_may/sales/69.pdf', 'seen', 'sales', 0, '2019-05-20 12:28:04'),
(95, 31, 37, 'documents/4502_nikita/2019/e_may/sales/69.pdf', 'seen', 'sales', 0, '2019-05-20 12:28:04'),
(96, 31, 42, 'documents/4502_nikita/2019/e_may/sales/69.pdf', 'unseen', 'sales', 0, '2019-05-20 12:28:04'),
(97, 31, 38, 'documents/4502_nikita/2019/e_may/payment/118.pdf', 'seen', 'payment', 0, '2019-05-20 12:43:17'),
(98, 31, 37, 'documents/4502_nikita/2019/e_may/payment/118.pdf', 'seen', 'payment', 0, '2019-05-20 12:43:17'),
(99, 31, 42, 'documents/4502_nikita/2019/e_may/payment/118.pdf', 'unseen', 'payment', 0, '2019-05-20 12:43:17'),
(100, 31, 32, 'documents/4502_nikita/2019/e_may/sales/1.pdf', 'unseen', 'sales', 0, '2019-05-22 06:13:44'),
(101, 31, 38, 'documents/4502_nikita/2019/e_may/sales/1.pdf', 'seen', 'sales', 0, '2019-05-22 06:13:44'),
(102, 31, 37, 'documents/4502_nikita/2019/e_may/sales/1.pdf', 'seen', 'sales', 0, '2019-05-22 06:13:44'),
(103, 31, 42, 'documents/4502_nikita/2019/e_may/sales/1.pdf', 'unseen', 'sales', 0, '2019-05-22 06:13:44'),
(104, 31, 32, 'documents/4502_nikita/2019/e_may/sales/2.pdf', 'unseen', 'sales', 0, '2019-05-22 06:13:44'),
(105, 31, 38, 'documents/4502_nikita/2019/e_may/sales/2.pdf', 'seen', 'sales', 0, '2019-05-22 06:13:44'),
(106, 31, 37, 'documents/4502_nikita/2019/e_may/sales/2.pdf', 'seen', 'sales', 0, '2019-05-22 06:13:44'),
(107, 31, 42, 'documents/4502_nikita/2019/e_may/sales/2.pdf', 'unseen', 'sales', 0, '2019-05-22 06:13:44'),
(108, 31, 32, 'documents/4502_nikita/2019/e_may/sales/3.pdf', 'unseen', 'sales', 0, '2019-05-22 06:13:44'),
(109, 31, 38, 'documents/4502_nikita/2019/e_may/sales/3.pdf', 'seen', 'sales', 0, '2019-05-22 06:13:44'),
(110, 31, 37, 'documents/4502_nikita/2019/e_may/sales/3.pdf', 'seen', 'sales', 0, '2019-05-22 06:13:44'),
(111, 31, 42, 'documents/4502_nikita/2019/e_may/sales/3.pdf', 'unseen', 'sales', 0, '2019-05-22 06:13:44'),
(112, 31, 32, 'documents/4502_nikita/2019/e_may/sales/5.pdf', 'unseen', 'sales', 0, '2019-05-22 06:13:44'),
(113, 31, 38, 'documents/4502_nikita/2019/e_may/sales/5.pdf', 'seen', 'sales', 0, '2019-05-22 06:13:44'),
(114, 31, 37, 'documents/4502_nikita/2019/e_may/sales/5.pdf', 'seen', 'sales', 0, '2019-05-22 06:13:44'),
(115, 31, 42, 'documents/4502_nikita/2019/e_may/sales/5.pdf', 'unseen', 'sales', 0, '2019-05-22 06:13:44'),
(116, 31, 32, 'documents/4502_nikita/2019/e_may/sales/29.pdf', 'unseen', 'sales', 0, '2019-05-22 06:13:44'),
(117, 31, 38, 'documents/4502_nikita/2019/e_may/sales/29.pdf', 'seen', 'sales', 0, '2019-05-22 06:13:44'),
(118, 31, 37, 'documents/4502_nikita/2019/e_may/sales/29.pdf', 'seen', 'sales', 0, '2019-05-22 06:13:44'),
(119, 31, 42, 'documents/4502_nikita/2019/e_may/sales/29.pdf', 'unseen', 'sales', 0, '2019-05-22 06:13:44'),
(120, 31, 32, 'documents/4502_nikita/2019/e_may/sales/34.pdf', 'unseen', 'sales', 0, '2019-05-22 06:13:44'),
(121, 31, 38, 'documents/4502_nikita/2019/e_may/sales/34.pdf', 'seen', 'sales', 0, '2019-05-22 06:13:44'),
(122, 31, 37, 'documents/4502_nikita/2019/e_may/sales/34.pdf', 'seen', 'sales', 0, '2019-05-22 06:13:44'),
(123, 31, 42, 'documents/4502_nikita/2019/e_may/sales/34.pdf', 'unseen', 'sales', 0, '2019-05-22 06:13:44'),
(124, 31, 32, 'documents/4502_nikita/2019/e_may/sales/35.pdf', 'unseen', 'sales', 0, '2019-05-22 06:13:44'),
(125, 31, 38, 'documents/4502_nikita/2019/e_may/sales/35.pdf', 'seen', 'sales', 0, '2019-05-22 06:13:44'),
(126, 31, 37, 'documents/4502_nikita/2019/e_may/sales/35.pdf', 'seen', 'sales', 0, '2019-05-22 06:13:44'),
(127, 31, 42, 'documents/4502_nikita/2019/e_may/sales/35.pdf', 'unseen', 'sales', 0, '2019-05-22 06:13:44'),
(128, 31, 32, 'documents/4502_nikita/2019/e_may/sales/36.pdf', 'unseen', 'sales', 0, '2019-05-22 06:13:44'),
(129, 31, 38, 'documents/4502_nikita/2019/e_may/sales/36.pdf', 'seen', 'sales', 0, '2019-05-22 06:13:44'),
(130, 31, 37, 'documents/4502_nikita/2019/e_may/sales/36.pdf', 'seen', 'sales', 0, '2019-05-22 06:13:44'),
(131, 31, 42, 'documents/4502_nikita/2019/e_may/sales/36.pdf', 'unseen', 'sales', 0, '2019-05-22 06:13:44'),
(132, 31, 32, 'documents/4502_nikita/2019/e_may/sales/41.pdf', 'unseen', 'sales', 0, '2019-05-22 06:13:44'),
(133, 31, 38, 'documents/4502_nikita/2019/e_may/sales/41.pdf', 'seen', 'sales', 0, '2019-05-22 06:13:44'),
(134, 31, 37, 'documents/4502_nikita/2019/e_may/sales/41.pdf', 'seen', 'sales', 0, '2019-05-22 06:13:44'),
(135, 31, 42, 'documents/4502_nikita/2019/e_may/sales/41.pdf', 'unseen', 'sales', 0, '2019-05-22 06:13:44'),
(136, 31, 32, 'documents/4502_nikita/2019/e_may/sales/88.pdf', 'unseen', 'sales', 0, '2019-05-22 06:13:44'),
(137, 31, 38, 'documents/4502_nikita/2019/e_may/sales/88.pdf', 'seen', 'sales', 0, '2019-05-22 06:13:44'),
(138, 31, 37, 'documents/4502_nikita/2019/e_may/sales/88.pdf', 'seen', 'sales', 0, '2019-05-22 06:13:44'),
(139, 31, 42, 'documents/4502_nikita/2019/e_may/sales/88.pdf', 'unseen', 'sales', 0, '2019-05-22 06:13:44'),
(140, 31, 32, 'documents/4502_nikita/2019/e_may/sales/89.pdf', 'unseen', 'sales', 0, '2019-05-22 06:13:44'),
(141, 31, 38, 'documents/4502_nikita/2019/e_may/sales/89.pdf', 'seen', 'sales', 0, '2019-05-22 06:13:44'),
(142, 31, 37, 'documents/4502_nikita/2019/e_may/sales/89.pdf', 'seen', 'sales', 0, '2019-05-22 06:13:44'),
(143, 31, 42, 'documents/4502_nikita/2019/e_may/sales/89.pdf', 'unseen', 'sales', 0, '2019-05-22 06:13:44'),
(144, 31, 32, 'documents/4502_nikita/2019/e_may/sales/92.pdf', 'unseen', 'sales', 0, '2019-05-22 06:13:44'),
(145, 31, 38, 'documents/4502_nikita/2019/e_may/sales/92.pdf', 'seen', 'sales', 0, '2019-05-22 06:13:44'),
(146, 31, 37, 'documents/4502_nikita/2019/e_may/sales/92.pdf', 'seen', 'sales', 0, '2019-05-22 06:13:44'),
(147, 31, 42, 'documents/4502_nikita/2019/e_may/sales/92.pdf', 'unseen', 'sales', 0, '2019-05-22 06:13:44'),
(148, 31, 32, 'documents/4502_nikita/2019/e_may/sales/93.pdf', 'unseen', 'sales', 0, '2019-05-22 06:13:44'),
(149, 31, 38, 'documents/4502_nikita/2019/e_may/sales/93.pdf', 'seen', 'sales', 0, '2019-05-22 06:13:44'),
(150, 31, 37, 'documents/4502_nikita/2019/e_may/sales/93.pdf', 'seen', 'sales', 0, '2019-05-22 06:13:44'),
(151, 31, 42, 'documents/4502_nikita/2019/e_may/sales/93.pdf', 'unseen', 'sales', 0, '2019-05-22 06:13:44'),
(152, 31, 32, 'documents/4502_nikita/2019/e_may/sales/94.pdf', 'unseen', 'sales', 0, '2019-05-22 06:13:44'),
(153, 31, 38, 'documents/4502_nikita/2019/e_may/sales/94.pdf', 'seen', 'sales', 0, '2019-05-22 06:13:44'),
(154, 31, 37, 'documents/4502_nikita/2019/e_may/sales/94.pdf', 'seen', 'sales', 0, '2019-05-22 06:13:44'),
(155, 31, 42, 'documents/4502_nikita/2019/e_may/sales/94.pdf', 'unseen', 'sales', 0, '2019-05-22 06:13:44'),
(156, 31, 32, 'documents/4502_nikita/2019/e_may/sales/96.pdf', 'unseen', 'sales', 0, '2019-05-22 06:13:44'),
(157, 31, 38, 'documents/4502_nikita/2019/e_may/sales/96.pdf', 'seen', 'sales', 0, '2019-05-22 06:13:44'),
(158, 31, 37, 'documents/4502_nikita/2019/e_may/sales/96.pdf', 'seen', 'sales', 0, '2019-05-22 06:13:44'),
(159, 31, 42, 'documents/4502_nikita/2019/e_may/sales/96.pdf', 'unseen', 'sales', 0, '2019-05-22 06:13:44'),
(160, 31, 32, 'documents/4502_nikita/2019/e_may/sales/114.pdf', 'unseen', 'sales', 0, '2019-05-22 06:13:44'),
(161, 31, 38, 'documents/4502_nikita/2019/e_may/sales/114.pdf', 'seen', 'sales', 0, '2019-05-22 06:13:44'),
(162, 31, 37, 'documents/4502_nikita/2019/e_may/sales/114.pdf', 'seen', 'sales', 0, '2019-05-22 06:13:44'),
(163, 31, 42, 'documents/4502_nikita/2019/e_may/sales/114.pdf', 'unseen', 'sales', 0, '2019-05-22 06:13:44'),
(164, 31, 32, 'documents/4502_nikita/2019/e_may/sales/115.pdf', 'unseen', 'sales', 0, '2019-05-22 06:13:44'),
(165, 31, 38, 'documents/4502_nikita/2019/e_may/sales/115.pdf', 'seen', 'sales', 0, '2019-05-22 06:13:44'),
(166, 31, 37, 'documents/4502_nikita/2019/e_may/sales/115.pdf', 'seen', 'sales', 0, '2019-05-22 06:13:44'),
(167, 31, 42, 'documents/4502_nikita/2019/e_may/sales/115.pdf', 'unseen', 'sales', 0, '2019-05-22 06:13:44'),
(168, 31, 32, 'documents/4502_nikita/2019/e_may/sales/116.pdf', 'unseen', 'sales', 0, '2019-05-22 06:13:44'),
(169, 31, 38, 'documents/4502_nikita/2019/e_may/sales/116.pdf', 'seen', 'sales', 0, '2019-05-22 06:13:44'),
(170, 31, 37, 'documents/4502_nikita/2019/e_may/sales/116.pdf', 'seen', 'sales', 0, '2019-05-22 06:13:44'),
(171, 31, 42, 'documents/4502_nikita/2019/e_may/sales/116.pdf', 'unseen', 'sales', 0, '2019-05-22 06:13:44'),
(172, 31, 32, 'documents/4502_nikita/2019/e_may/sales/117.pdf', 'unseen', 'sales', 0, '2019-05-22 06:13:44'),
(173, 31, 38, 'documents/4502_nikita/2019/e_may/sales/117.pdf', 'seen', 'sales', 0, '2019-05-22 06:13:44'),
(174, 31, 37, 'documents/4502_nikita/2019/e_may/sales/117.pdf', 'seen', 'sales', 0, '2019-05-22 06:13:44'),
(175, 31, 42, 'documents/4502_nikita/2019/e_may/sales/117.pdf', 'unseen', 'sales', 0, '2019-05-22 06:13:44'),
(176, 31, 32, 'documents/4502_nikita/2019/e_may/sales/118.pdf', 'unseen', 'sales', 0, '2019-05-22 06:13:44'),
(177, 31, 38, 'documents/4502_nikita/2019/e_may/sales/118.pdf', 'seen', 'sales', 0, '2019-05-22 06:13:44'),
(178, 31, 37, 'documents/4502_nikita/2019/e_may/sales/118.pdf', 'seen', 'sales', 0, '2019-05-22 06:13:44'),
(179, 31, 42, 'documents/4502_nikita/2019/e_may/sales/118.pdf', 'unseen', 'sales', 0, '2019-05-22 06:13:44'),
(180, 31, 32, 'documents/4502_nikita/2019/e_may/purchase/4.pdf', 'unseen', 'purchase', 0, '2019-05-22 06:14:47'),
(181, 31, 38, 'documents/4502_nikita/2019/e_may/purchase/4.pdf', 'seen', 'purchase', 0, '2019-05-22 06:14:47'),
(182, 31, 37, 'documents/4502_nikita/2019/e_may/purchase/4.pdf', 'seen', 'purchase', 0, '2019-05-22 06:14:47'),
(183, 31, 42, 'documents/4502_nikita/2019/e_may/purchase/4.pdf', 'unseen', 'purchase', 0, '2019-05-22 06:14:47'),
(184, 31, 32, 'documents/4502_nikita/2019/e_may/purchase/30.pdf', 'unseen', 'purchase', 0, '2019-05-22 06:14:47'),
(185, 31, 38, 'documents/4502_nikita/2019/e_may/purchase/30.pdf', 'seen', 'purchase', 0, '2019-05-22 06:14:47'),
(186, 31, 37, 'documents/4502_nikita/2019/e_may/purchase/30.pdf', 'seen', 'purchase', 0, '2019-05-22 06:14:47'),
(187, 31, 42, 'documents/4502_nikita/2019/e_may/purchase/30.pdf', 'unseen', 'purchase', 0, '2019-05-22 06:14:47'),
(188, 31, 32, 'documents/4502_nikita/2019/e_may/purchase/311.pdf', 'unseen', 'purchase', 0, '2019-05-22 06:14:47'),
(189, 31, 38, 'documents/4502_nikita/2019/e_may/purchase/311.pdf', 'seen', 'purchase', 0, '2019-05-22 06:14:47'),
(190, 31, 37, 'documents/4502_nikita/2019/e_may/purchase/311.pdf', 'seen', 'purchase', 0, '2019-05-22 06:14:47'),
(191, 31, 42, 'documents/4502_nikita/2019/e_may/purchase/311.pdf', 'unseen', 'purchase', 0, '2019-05-22 06:14:47'),
(192, 31, 32, 'documents/4502_nikita/2019/e_may/purchase/321.pdf', 'unseen', 'purchase', 0, '2019-05-22 06:14:47'),
(193, 31, 38, 'documents/4502_nikita/2019/e_may/purchase/321.pdf', 'seen', 'purchase', 0, '2019-05-22 06:14:47'),
(194, 31, 37, 'documents/4502_nikita/2019/e_may/purchase/321.pdf', 'seen', 'purchase', 0, '2019-05-22 06:14:47'),
(195, 31, 42, 'documents/4502_nikita/2019/e_may/purchase/321.pdf', 'unseen', 'purchase', 0, '2019-05-22 06:14:47'),
(196, 31, 32, 'documents/4502_nikita/2019/e_may/purchase/33.pdf', 'unseen', 'purchase', 0, '2019-05-22 06:14:47'),
(197, 31, 38, 'documents/4502_nikita/2019/e_may/purchase/33.pdf', 'seen', 'purchase', 0, '2019-05-22 06:14:47'),
(198, 31, 37, 'documents/4502_nikita/2019/e_may/purchase/33.pdf', 'seen', 'purchase', 0, '2019-05-22 06:14:47'),
(199, 31, 42, 'documents/4502_nikita/2019/e_may/purchase/33.pdf', 'unseen', 'purchase', 0, '2019-05-22 06:14:47'),
(200, 31, 32, 'documents/4502_nikita/2019/e_may/purchase/37.pdf', 'unseen', 'purchase', 0, '2019-05-22 06:14:47'),
(201, 31, 38, 'documents/4502_nikita/2019/e_may/purchase/37.pdf', 'seen', 'purchase', 0, '2019-05-22 06:14:47'),
(202, 31, 37, 'documents/4502_nikita/2019/e_may/purchase/37.pdf', 'seen', 'purchase', 0, '2019-05-22 06:14:47'),
(203, 31, 42, 'documents/4502_nikita/2019/e_may/purchase/37.pdf', 'unseen', 'purchase', 0, '2019-05-22 06:14:47'),
(204, 31, 32, 'documents/4502_nikita/2019/e_may/purchase/38.pdf', 'unseen', 'purchase', 0, '2019-05-22 06:14:47'),
(205, 31, 38, 'documents/4502_nikita/2019/e_may/purchase/38.pdf', 'seen', 'purchase', 0, '2019-05-22 06:14:47'),
(206, 31, 37, 'documents/4502_nikita/2019/e_may/purchase/38.pdf', 'seen', 'purchase', 0, '2019-05-22 06:14:47'),
(207, 31, 42, 'documents/4502_nikita/2019/e_may/purchase/38.pdf', 'unseen', 'purchase', 0, '2019-05-22 06:14:47'),
(208, 31, 32, 'documents/4502_nikita/2019/e_may/purchase/39.pdf', 'unseen', 'purchase', 0, '2019-05-22 06:14:47'),
(209, 31, 38, 'documents/4502_nikita/2019/e_may/purchase/39.pdf', 'seen', 'purchase', 0, '2019-05-22 06:14:47'),
(210, 31, 37, 'documents/4502_nikita/2019/e_may/purchase/39.pdf', 'seen', 'purchase', 0, '2019-05-22 06:14:47'),
(211, 31, 42, 'documents/4502_nikita/2019/e_may/purchase/39.pdf', 'unseen', 'purchase', 0, '2019-05-22 06:14:47'),
(212, 31, 32, 'documents/4502_nikita/2019/e_may/purchase/52.pdf', 'unseen', 'purchase', 0, '2019-05-22 06:14:47'),
(213, 31, 38, 'documents/4502_nikita/2019/e_may/purchase/52.pdf', 'seen', 'purchase', 0, '2019-05-22 06:14:47'),
(214, 31, 37, 'documents/4502_nikita/2019/e_may/purchase/52.pdf', 'seen', 'purchase', 0, '2019-05-22 06:14:47'),
(215, 31, 42, 'documents/4502_nikita/2019/e_may/purchase/52.pdf', 'unseen', 'purchase', 0, '2019-05-22 06:14:47'),
(216, 31, 32, 'documents/4502_nikita/2019/e_may/purchase/53.pdf', 'unseen', 'purchase', 0, '2019-05-22 06:14:47'),
(217, 31, 38, 'documents/4502_nikita/2019/e_may/purchase/53.pdf', 'seen', 'purchase', 0, '2019-05-22 06:14:47'),
(218, 31, 37, 'documents/4502_nikita/2019/e_may/purchase/53.pdf', 'seen', 'purchase', 0, '2019-05-22 06:14:47'),
(219, 31, 42, 'documents/4502_nikita/2019/e_may/purchase/53.pdf', 'unseen', 'purchase', 0, '2019-05-22 06:14:47'),
(220, 31, 32, 'documents/4502_nikita/2019/e_may/purchase/83.pdf', 'unseen', 'purchase', 0, '2019-05-22 06:14:47'),
(221, 31, 38, 'documents/4502_nikita/2019/e_may/purchase/83.pdf', 'seen', 'purchase', 0, '2019-05-22 06:14:47'),
(222, 31, 37, 'documents/4502_nikita/2019/e_may/purchase/83.pdf', 'seen', 'purchase', 0, '2019-05-22 06:14:47'),
(223, 31, 42, 'documents/4502_nikita/2019/e_may/purchase/83.pdf', 'unseen', 'purchase', 0, '2019-05-22 06:14:47'),
(224, 31, 32, 'documents/4502_nikita/2019/e_may/purchase/85.pdf', 'unseen', 'purchase', 0, '2019-05-22 06:14:47'),
(225, 31, 38, 'documents/4502_nikita/2019/e_may/purchase/85.pdf', 'seen', 'purchase', 0, '2019-05-22 06:14:47'),
(226, 31, 37, 'documents/4502_nikita/2019/e_may/purchase/85.pdf', 'seen', 'purchase', 0, '2019-05-22 06:14:47'),
(227, 31, 42, 'documents/4502_nikita/2019/e_may/purchase/85.pdf', 'unseen', 'purchase', 0, '2019-05-22 06:14:47'),
(228, 31, 32, 'documents/4502_nikita/2019/e_may/purchase/90.pdf', 'unseen', 'purchase', 0, '2019-05-22 06:14:47'),
(229, 31, 38, 'documents/4502_nikita/2019/e_may/purchase/90.pdf', 'seen', 'purchase', 0, '2019-05-22 06:14:47'),
(230, 31, 37, 'documents/4502_nikita/2019/e_may/purchase/90.pdf', 'seen', 'purchase', 0, '2019-05-22 06:14:47'),
(231, 31, 42, 'documents/4502_nikita/2019/e_may/purchase/90.pdf', 'unseen', 'purchase', 0, '2019-05-22 06:14:47'),
(232, 31, 32, 'documents/4502_nikita/2019/e_may/purchase/91.pdf', 'unseen', 'purchase', 0, '2019-05-22 06:14:47'),
(233, 31, 38, 'documents/4502_nikita/2019/e_may/purchase/91.pdf', 'seen', 'purchase', 0, '2019-05-22 06:14:47'),
(234, 31, 37, 'documents/4502_nikita/2019/e_may/purchase/91.pdf', 'seen', 'purchase', 0, '2019-05-22 06:14:47'),
(235, 31, 42, 'documents/4502_nikita/2019/e_may/purchase/91.pdf', 'unseen', 'purchase', 0, '2019-05-22 06:14:47'),
(236, 31, 32, 'documents/4502_nikita/2019/e_may/purchase/153.pdf', 'unseen', 'purchase', 0, '2019-05-22 06:14:48'),
(237, 31, 38, 'documents/4502_nikita/2019/e_may/purchase/153.pdf', 'seen', 'purchase', 0, '2019-05-22 06:14:48'),
(238, 31, 37, 'documents/4502_nikita/2019/e_may/purchase/153.pdf', 'seen', 'purchase', 0, '2019-05-22 06:14:48'),
(239, 31, 42, 'documents/4502_nikita/2019/e_may/purchase/153.pdf', 'unseen', 'purchase', 0, '2019-05-22 06:14:48'),
(240, 31, 32, 'documents/4502_nikita/2019/e_may/purchase/154.pdf', 'unseen', 'purchase', 0, '2019-05-22 06:14:48'),
(241, 31, 38, 'documents/4502_nikita/2019/e_may/purchase/154.pdf', 'seen', 'purchase', 0, '2019-05-22 06:14:48'),
(242, 31, 37, 'documents/4502_nikita/2019/e_may/purchase/154.pdf', 'seen', 'purchase', 0, '2019-05-22 06:14:48'),
(243, 31, 42, 'documents/4502_nikita/2019/e_may/purchase/154.pdf', 'unseen', 'purchase', 0, '2019-05-22 06:14:48'),
(244, 31, 32, 'documents/4502_nikita/2019/e_may/purchase/156.pdf', 'unseen', 'purchase', 0, '2019-05-22 06:14:48'),
(245, 31, 38, 'documents/4502_nikita/2019/e_may/purchase/156.pdf', 'seen', 'purchase', 0, '2019-05-22 06:14:48'),
(246, 31, 37, 'documents/4502_nikita/2019/e_may/purchase/156.pdf', 'seen', 'purchase', 0, '2019-05-22 06:14:48'),
(247, 31, 42, 'documents/4502_nikita/2019/e_may/purchase/156.pdf', 'unseen', 'purchase', 0, '2019-05-22 06:14:48'),
(248, 31, 32, 'documents/4502_nikita/2019/e_may/purchase/5.pdf', 'unseen', 'purchase', 0, '2019-05-30 10:18:36'),
(249, 31, 38, 'documents/4502_nikita/2019/e_may/purchase/5.pdf', 'seen', 'purchase', 0, '2019-05-30 10:18:36'),
(250, 31, 37, 'documents/4502_nikita/2019/e_may/purchase/5.pdf', 'seen', 'purchase', 0, '2019-05-30 10:18:36'),
(251, 31, 42, 'documents/4502_nikita/2019/e_may/purchase/5.pdf', 'unseen', 'purchase', 0, '2019-05-30 10:18:36'),
(252, 31, 38, 'documents/4502_nikita/2019/e_may/payment/2_July-17.pdf', 'seen', 'payment', 1, '2019-05-31 10:19:54'),
(253, 31, 37, 'documents/4502_nikita/2019/e_may/payment/2_July-17.pdf', 'seen', 'payment', 1, '2019-05-31 10:19:54'),
(254, 31, 42, 'documents/4502_nikita/2019/e_may/payment/2_July-17.pdf', 'unseen', 'payment', 1, '2019-05-31 10:19:54'),
(255, 31, 38, 'documents/4502_nikita/2019/e_may/receipt/3_August-17.pdf', 'seen', 'receipt', 0, '2019-05-31 10:21:57'),
(256, 31, 42, 'documents/4502_nikita/2019/e_may/receipt/3_August-17.pdf', 'unseen', 'receipt', 0, '2019-05-31 10:21:57'),
(257, 31, 32, 'documents/4502_nikita/2019/f_june/purchase/3.pdf', 'unseen', 'purchase', 1, '2019-06-05 06:19:33'),
(258, 31, 38, 'documents/4502_nikita/2019/f_june/purchase/3.pdf', 'seen', 'purchase', 1, '2019-06-05 06:19:33'),
(259, 31, 37, 'documents/4502_nikita/2019/f_june/purchase/3.pdf', 'seen', 'purchase', 1, '2019-06-05 06:19:33'),
(260, 31, 42, 'documents/4502_nikita/2019/f_june/purchase/3.pdf', 'unseen', 'purchase', 1, '2019-06-05 06:19:34'),
(261, 31, 32, 'documents/4502_nikita/2019/f_june/purchase/6.pdf', 'unseen', 'purchase', 1, '2019-06-05 06:19:34'),
(262, 31, 38, 'documents/4502_nikita/2019/f_june/purchase/6.pdf', 'seen', 'purchase', 1, '2019-06-05 06:19:34'),
(263, 31, 37, 'documents/4502_nikita/2019/f_june/purchase/6.pdf', 'seen', 'purchase', 1, '2019-06-05 06:19:34'),
(264, 31, 42, 'documents/4502_nikita/2019/f_june/purchase/6.pdf', 'unseen', 'purchase', 1, '2019-06-05 06:19:34'),
(265, 31, 32, 'documents/4502_nikita/2019/f_june/purchase/7.pdf', 'unseen', 'purchase', 1, '2019-06-05 06:19:34'),
(266, 31, 38, 'documents/4502_nikita/2019/f_june/purchase/7.pdf', 'seen', 'purchase', 1, '2019-06-05 06:19:34'),
(267, 31, 37, 'documents/4502_nikita/2019/f_june/purchase/7.pdf', 'seen', 'purchase', 1, '2019-06-05 06:19:34'),
(268, 31, 42, 'documents/4502_nikita/2019/f_june/purchase/7.pdf', 'unseen', 'purchase', 1, '2019-06-05 06:19:34'),
(269, 31, 32, 'documents/4502_nikita/2019/f_june/purchase/8.pdf', 'unseen', 'purchase', 1, '2019-06-05 06:19:34'),
(270, 31, 38, 'documents/4502_nikita/2019/f_june/purchase/8.pdf', 'seen', 'purchase', 1, '2019-06-05 06:19:34'),
(271, 31, 37, 'documents/4502_nikita/2019/f_june/purchase/8.pdf', 'seen', 'purchase', 1, '2019-06-05 06:19:34'),
(272, 31, 42, 'documents/4502_nikita/2019/f_june/purchase/8.pdf', 'unseen', 'purchase', 1, '2019-06-05 06:19:34'),
(273, 31, 32, 'documents/4502_nikita/2019/f_june/purchase/9.pdf', 'unseen', 'purchase', 1, '2019-06-05 06:19:34'),
(274, 31, 38, 'documents/4502_nikita/2019/f_june/purchase/9.pdf', 'seen', 'purchase', 1, '2019-06-05 06:19:34'),
(275, 31, 37, 'documents/4502_nikita/2019/f_june/purchase/9.pdf', 'seen', 'purchase', 1, '2019-06-05 06:19:34'),
(276, 31, 42, 'documents/4502_nikita/2019/f_june/purchase/9.pdf', 'unseen', 'purchase', 1, '2019-06-05 06:19:34'),
(277, 31, 32, 'documents/4502_nikita/2019/f_june/purchase/10.pdf', 'unseen', 'purchase', 1, '2019-06-05 06:19:34'),
(278, 31, 38, 'documents/4502_nikita/2019/f_june/purchase/10.pdf', 'seen', 'purchase', 1, '2019-06-05 06:19:34'),
(279, 31, 37, 'documents/4502_nikita/2019/f_june/purchase/10.pdf', 'seen', 'purchase', 1, '2019-06-05 06:19:34'),
(280, 31, 42, 'documents/4502_nikita/2019/f_june/purchase/10.pdf', 'unseen', 'purchase', 1, '2019-06-05 06:19:34'),
(281, 31, 32, 'documents/4502_nikita/2019/f_june/purchase/11.pdf', 'unseen', 'purchase', 1, '2019-06-05 06:19:34'),
(282, 31, 38, 'documents/4502_nikita/2019/f_june/purchase/11.pdf', 'seen', 'purchase', 1, '2019-06-05 06:19:34'),
(283, 31, 37, 'documents/4502_nikita/2019/f_june/purchase/11.pdf', 'seen', 'purchase', 1, '2019-06-05 06:19:34'),
(284, 31, 42, 'documents/4502_nikita/2019/f_june/purchase/11.pdf', 'unseen', 'purchase', 1, '2019-06-05 06:19:34'),
(285, 31, 32, 'documents/4502_nikita/2019/f_june/purchase/12.pdf', 'unseen', 'purchase', 1, '2019-06-05 06:19:34'),
(286, 31, 38, 'documents/4502_nikita/2019/f_june/purchase/12.pdf', 'seen', 'purchase', 1, '2019-06-05 06:19:34'),
(287, 31, 37, 'documents/4502_nikita/2019/f_june/purchase/12.pdf', 'seen', 'purchase', 1, '2019-06-05 06:19:34'),
(288, 31, 42, 'documents/4502_nikita/2019/f_june/purchase/12.pdf', 'unseen', 'purchase', 1, '2019-06-05 06:19:34'),
(289, 31, 32, 'documents/4502_nikita/2019/f_june/purchase/13.pdf', 'unseen', 'purchase', 1, '2019-06-05 06:19:35'),
(290, 31, 38, 'documents/4502_nikita/2019/f_june/purchase/13.pdf', 'seen', 'purchase', 1, '2019-06-05 06:19:35'),
(291, 31, 37, 'documents/4502_nikita/2019/f_june/purchase/13.pdf', 'seen', 'purchase', 1, '2019-06-05 06:19:35'),
(292, 31, 42, 'documents/4502_nikita/2019/f_june/purchase/13.pdf', 'unseen', 'purchase', 1, '2019-06-05 06:19:35'),
(293, 31, 32, 'documents/4502_nikita/2019/f_june/purchase/14.pdf', 'unseen', 'purchase', 1, '2019-06-05 06:19:35'),
(294, 31, 38, 'documents/4502_nikita/2019/f_june/purchase/14.pdf', 'seen', 'purchase', 1, '2019-06-05 06:19:35'),
(295, 31, 37, 'documents/4502_nikita/2019/f_june/purchase/14.pdf', 'seen', 'purchase', 1, '2019-06-05 06:19:35'),
(296, 31, 42, 'documents/4502_nikita/2019/f_june/purchase/14.pdf', 'unseen', 'purchase', 1, '2019-06-05 06:19:35'),
(297, 31, 32, 'documents/4502_nikita/2019/f_june/purchase/15.pdf', 'unseen', 'purchase', 1, '2019-06-05 06:19:35'),
(298, 31, 38, 'documents/4502_nikita/2019/f_june/purchase/15.pdf', 'seen', 'purchase', 1, '2019-06-05 06:19:35'),
(299, 31, 37, 'documents/4502_nikita/2019/f_june/purchase/15.pdf', 'seen', 'purchase', 1, '2019-06-05 06:19:35'),
(300, 31, 42, 'documents/4502_nikita/2019/f_june/purchase/15.pdf', 'unseen', 'purchase', 1, '2019-06-05 06:19:35'),
(301, 31, 32, 'documents/4502_nikita/2019/f_june/purchase/16.pdf', 'unseen', 'purchase', 1, '2019-06-05 06:19:35'),
(302, 31, 38, 'documents/4502_nikita/2019/f_june/purchase/16.pdf', 'seen', 'purchase', 1, '2019-06-05 06:19:35'),
(303, 31, 37, 'documents/4502_nikita/2019/f_june/purchase/16.pdf', 'seen', 'purchase', 1, '2019-06-05 06:19:35'),
(304, 31, 42, 'documents/4502_nikita/2019/f_june/purchase/16.pdf', 'unseen', 'purchase', 1, '2019-06-05 06:19:35'),
(305, 31, 32, 'documents/4502_nikita/2019/f_june/purchase/17.pdf', 'unseen', 'purchase', 1, '2019-06-05 06:19:35'),
(306, 31, 38, 'documents/4502_nikita/2019/f_june/purchase/17.pdf', 'seen', 'purchase', 1, '2019-06-05 06:19:35'),
(307, 31, 37, 'documents/4502_nikita/2019/f_june/purchase/17.pdf', 'seen', 'purchase', 1, '2019-06-05 06:19:35'),
(308, 31, 42, 'documents/4502_nikita/2019/f_june/purchase/17.pdf', 'unseen', 'purchase', 1, '2019-06-05 06:19:35'),
(309, 31, 32, 'documents/4502_nikita/2019/f_june/purchase/18.pdf', 'unseen', 'purchase', 1, '2019-06-05 06:19:35'),
(310, 31, 38, 'documents/4502_nikita/2019/f_june/purchase/18.pdf', 'seen', 'purchase', 1, '2019-06-05 06:19:35'),
(311, 31, 37, 'documents/4502_nikita/2019/f_june/purchase/18.pdf', 'seen', 'purchase', 1, '2019-06-05 06:19:35'),
(312, 31, 42, 'documents/4502_nikita/2019/f_june/purchase/18.pdf', 'unseen', 'purchase', 1, '2019-06-05 06:19:35'),
(313, 31, 32, 'documents/4502_nikita/2019/f_june/purchase/19.pdf', 'unseen', 'purchase', 1, '2019-06-05 06:19:35'),
(314, 31, 38, 'documents/4502_nikita/2019/f_june/purchase/19.pdf', 'seen', 'purchase', 1, '2019-06-05 06:19:36'),
(315, 31, 37, 'documents/4502_nikita/2019/f_june/purchase/19.pdf', 'seen', 'purchase', 1, '2019-06-05 06:19:36'),
(316, 31, 42, 'documents/4502_nikita/2019/f_june/purchase/19.pdf', 'unseen', 'purchase', 1, '2019-06-05 06:19:36'),
(317, 31, 32, 'documents/4502_nikita/2019/f_june/purchase/20.pdf', 'unseen', 'purchase', 1, '2019-06-05 06:19:36'),
(318, 31, 38, 'documents/4502_nikita/2019/f_june/purchase/20.pdf', 'seen', 'purchase', 1, '2019-06-05 06:19:36'),
(319, 31, 37, 'documents/4502_nikita/2019/f_june/purchase/20.pdf', 'seen', 'purchase', 1, '2019-06-05 06:19:36'),
(320, 31, 42, 'documents/4502_nikita/2019/f_june/purchase/20.pdf', 'unseen', 'purchase', 1, '2019-06-05 06:19:36'),
(321, 31, 32, 'documents/4502_nikita/2019/f_june/purchase/21.pdf', 'unseen', 'purchase', 1, '2019-06-05 06:19:36'),
(322, 31, 38, 'documents/4502_nikita/2019/f_june/purchase/21.pdf', 'seen', 'purchase', 1, '2019-06-05 06:19:36'),
(323, 31, 37, 'documents/4502_nikita/2019/f_june/purchase/21.pdf', 'seen', 'purchase', 1, '2019-06-05 06:19:36'),
(324, 31, 42, 'documents/4502_nikita/2019/f_june/purchase/21.pdf', 'unseen', 'purchase', 1, '2019-06-05 06:19:36'),
(325, 31, 32, 'documents/4502_nikita/2019/f_june/purchase/26.pdf', 'unseen', 'purchase', 1, '2019-06-05 06:19:36'),
(326, 31, 38, 'documents/4502_nikita/2019/f_june/purchase/26.pdf', 'seen', 'purchase', 1, '2019-06-05 06:19:36'),
(327, 31, 37, 'documents/4502_nikita/2019/f_june/purchase/26.pdf', 'seen', 'purchase', 1, '2019-06-05 06:19:36'),
(328, 31, 42, 'documents/4502_nikita/2019/f_june/purchase/26.pdf', 'unseen', 'purchase', 1, '2019-06-05 06:19:36'),
(329, 31, 32, 'documents/4502_nikita/2019/f_june/purchase/27.pdf', 'unseen', 'purchase', 1, '2019-06-05 06:19:36'),
(330, 31, 38, 'documents/4502_nikita/2019/f_june/purchase/27.pdf', 'seen', 'purchase', 1, '2019-06-05 06:19:36'),
(331, 31, 37, 'documents/4502_nikita/2019/f_june/purchase/27.pdf', 'seen', 'purchase', 1, '2019-06-05 06:19:36'),
(332, 31, 42, 'documents/4502_nikita/2019/f_june/purchase/27.pdf', 'unseen', 'purchase', 1, '2019-06-05 06:19:36'),
(333, 31, 32, 'documents/4502_nikita/2019/f_june/purchase/28.pdf', 'unseen', 'purchase', 1, '2019-06-05 06:19:36'),
(334, 31, 38, 'documents/4502_nikita/2019/f_june/purchase/28.pdf', 'seen', 'purchase', 1, '2019-06-05 06:19:36'),
(335, 31, 37, 'documents/4502_nikita/2019/f_june/purchase/28.pdf', 'seen', 'purchase', 1, '2019-06-05 06:19:36'),
(336, 31, 42, 'documents/4502_nikita/2019/f_june/purchase/28.pdf', 'unseen', 'purchase', 1, '2019-06-05 06:19:36'),
(337, 31, 32, 'documents/4502_nikita/2019/f_june/purchase/3.pdf', 'unseen', 'purchase', 0, '2019-06-05 06:29:00'),
(338, 31, 38, 'documents/4502_nikita/2019/f_june/purchase/3.pdf', 'seen', 'purchase', 0, '2019-06-05 06:29:00'),
(339, 31, 37, 'documents/4502_nikita/2019/f_june/purchase/3.pdf', 'seen', 'purchase', 0, '2019-06-05 06:29:00'),
(340, 31, 42, 'documents/4502_nikita/2019/f_june/purchase/3.pdf', 'unseen', 'purchase', 0, '2019-06-05 06:29:00'),
(341, 31, 32, 'documents/4502_nikita/2019/f_june/purchase/6.pdf', 'unseen', 'purchase', 0, '2019-06-05 06:29:00'),
(342, 31, 38, 'documents/4502_nikita/2019/f_june/purchase/6.pdf', 'seen', 'purchase', 0, '2019-06-05 06:29:00'),
(343, 31, 37, 'documents/4502_nikita/2019/f_june/purchase/6.pdf', 'seen', 'purchase', 0, '2019-06-05 06:29:00'),
(344, 31, 42, 'documents/4502_nikita/2019/f_june/purchase/6.pdf', 'unseen', 'purchase', 0, '2019-06-05 06:29:00'),
(345, 31, 32, 'documents/4502_nikita/2019/f_june/purchase/7.pdf', 'unseen', 'purchase', 0, '2019-06-05 06:29:00'),
(346, 31, 38, 'documents/4502_nikita/2019/f_june/purchase/7.pdf', 'seen', 'purchase', 0, '2019-06-05 06:29:00'),
(347, 31, 37, 'documents/4502_nikita/2019/f_june/purchase/7.pdf', 'seen', 'purchase', 0, '2019-06-05 06:29:00'),
(348, 31, 42, 'documents/4502_nikita/2019/f_june/purchase/7.pdf', 'unseen', 'purchase', 0, '2019-06-05 06:29:00'),
(349, 31, 32, 'documents/4502_nikita/2019/f_june/purchase/8.pdf', 'unseen', 'purchase', 0, '2019-06-05 06:29:00'),
(350, 31, 38, 'documents/4502_nikita/2019/f_june/purchase/8.pdf', 'seen', 'purchase', 0, '2019-06-05 06:29:00'),
(351, 31, 37, 'documents/4502_nikita/2019/f_june/purchase/8.pdf', 'seen', 'purchase', 0, '2019-06-05 06:29:00'),
(352, 31, 42, 'documents/4502_nikita/2019/f_june/purchase/8.pdf', 'unseen', 'purchase', 0, '2019-06-05 06:29:00'),
(353, 31, 32, 'documents/4502_nikita/2019/f_june/purchase/9.pdf', 'unseen', 'purchase', 0, '2019-06-05 06:29:00'),
(354, 31, 38, 'documents/4502_nikita/2019/f_june/purchase/9.pdf', 'seen', 'purchase', 0, '2019-06-05 06:29:00'),
(355, 31, 37, 'documents/4502_nikita/2019/f_june/purchase/9.pdf', 'seen', 'purchase', 0, '2019-06-05 06:29:00'),
(356, 31, 42, 'documents/4502_nikita/2019/f_june/purchase/9.pdf', 'unseen', 'purchase', 0, '2019-06-05 06:29:00'),
(357, 31, 32, 'documents/4502_nikita/2019/f_june/purchase/10.pdf', 'unseen', 'purchase', 0, '2019-06-05 06:29:00'),
(358, 31, 38, 'documents/4502_nikita/2019/f_june/purchase/10.pdf', 'seen', 'purchase', 0, '2019-06-05 06:29:00'),
(359, 31, 37, 'documents/4502_nikita/2019/f_june/purchase/10.pdf', 'seen', 'purchase', 0, '2019-06-05 06:29:00'),
(360, 31, 42, 'documents/4502_nikita/2019/f_june/purchase/10.pdf', 'unseen', 'purchase', 0, '2019-06-05 06:29:00'),
(361, 31, 32, 'documents/4502_nikita/2019/f_june/purchase/11.pdf', 'unseen', 'purchase', 0, '2019-06-05 06:29:00'),
(362, 31, 38, 'documents/4502_nikita/2019/f_june/purchase/11.pdf', 'seen', 'purchase', 0, '2019-06-05 06:29:00'),
(363, 31, 37, 'documents/4502_nikita/2019/f_june/purchase/11.pdf', 'seen', 'purchase', 0, '2019-06-05 06:29:00'),
(364, 31, 42, 'documents/4502_nikita/2019/f_june/purchase/11.pdf', 'unseen', 'purchase', 0, '2019-06-05 06:29:00'),
(365, 31, 32, 'documents/4502_nikita/2019/f_june/purchase/12.pdf', 'unseen', 'purchase', 0, '2019-06-05 06:29:00'),
(366, 31, 38, 'documents/4502_nikita/2019/f_june/purchase/12.pdf', 'seen', 'purchase', 0, '2019-06-05 06:29:00'),
(367, 31, 37, 'documents/4502_nikita/2019/f_june/purchase/12.pdf', 'seen', 'purchase', 0, '2019-06-05 06:29:00'),
(368, 31, 42, 'documents/4502_nikita/2019/f_june/purchase/12.pdf', 'unseen', 'purchase', 0, '2019-06-05 06:29:00'),
(369, 31, 32, 'documents/4502_nikita/2019/f_june/purchase/13.pdf', 'unseen', 'purchase', 0, '2019-06-05 06:29:00'),
(370, 31, 38, 'documents/4502_nikita/2019/f_june/purchase/13.pdf', 'seen', 'purchase', 0, '2019-06-05 06:29:00'),
(371, 31, 37, 'documents/4502_nikita/2019/f_june/purchase/13.pdf', 'seen', 'purchase', 0, '2019-06-05 06:29:00'),
(372, 31, 42, 'documents/4502_nikita/2019/f_june/purchase/13.pdf', 'unseen', 'purchase', 0, '2019-06-05 06:29:00'),
(373, 31, 32, 'documents/4502_nikita/2019/f_june/purchase/14.pdf', 'unseen', 'purchase', 0, '2019-06-05 06:29:00'),
(374, 31, 38, 'documents/4502_nikita/2019/f_june/purchase/14.pdf', 'seen', 'purchase', 0, '2019-06-05 06:29:00'),
(375, 31, 37, 'documents/4502_nikita/2019/f_june/purchase/14.pdf', 'seen', 'purchase', 0, '2019-06-05 06:29:00'),
(376, 31, 42, 'documents/4502_nikita/2019/f_june/purchase/14.pdf', 'unseen', 'purchase', 0, '2019-06-05 06:29:00'),
(377, 31, 32, 'documents/4502_nikita/2019/f_june/purchase/15.pdf', 'unseen', 'purchase', 0, '2019-06-05 06:29:00'),
(378, 31, 38, 'documents/4502_nikita/2019/f_june/purchase/15.pdf', 'seen', 'purchase', 0, '2019-06-05 06:29:00'),
(379, 31, 37, 'documents/4502_nikita/2019/f_june/purchase/15.pdf', 'seen', 'purchase', 0, '2019-06-05 06:29:00'),
(380, 31, 42, 'documents/4502_nikita/2019/f_june/purchase/15.pdf', 'unseen', 'purchase', 0, '2019-06-05 06:29:00'),
(381, 31, 38, 'documents/4502_nikita/2019/f_june/receipt/16.pdf', 'seen', 'receipt', 1, '2019-06-05 06:29:45'),
(382, 31, 42, 'documents/4502_nikita/2019/f_june/receipt/16.pdf', 'unseen', 'receipt', 1, '2019-06-05 06:29:45'),
(383, 31, 38, 'documents/4502_nikita/2019/f_june/receipt/17.pdf', 'seen', 'receipt', 1, '2019-06-05 06:29:46'),
(384, 31, 42, 'documents/4502_nikita/2019/f_june/receipt/17.pdf', 'unseen', 'receipt', 1, '2019-06-05 06:29:46'),
(385, 31, 38, 'documents/4502_nikita/2019/f_june/receipt/18.pdf', 'seen', 'receipt', 1, '2019-06-05 06:29:46'),
(386, 31, 42, 'documents/4502_nikita/2019/f_june/receipt/18.pdf', 'unseen', 'receipt', 1, '2019-06-05 06:29:46'),
(387, 31, 38, 'documents/4502_nikita/2019/f_june/receipt/19.pdf', 'seen', 'receipt', 1, '2019-06-05 06:29:46'),
(388, 31, 42, 'documents/4502_nikita/2019/f_june/receipt/19.pdf', 'unseen', 'receipt', 1, '2019-06-05 06:29:46'),
(389, 31, 38, 'documents/4502_nikita/2019/f_june/receipt/20.pdf', 'seen', 'receipt', 1, '2019-06-05 06:29:46'),
(390, 31, 42, 'documents/4502_nikita/2019/f_june/receipt/20.pdf', 'unseen', 'receipt', 1, '2019-06-05 06:29:46'),
(391, 31, 38, 'documents/4502_nikita/2019/f_june/receipt/21.pdf', 'seen', 'receipt', 1, '2019-06-05 06:29:46'),
(392, 31, 42, 'documents/4502_nikita/2019/f_june/receipt/21.pdf', 'unseen', 'receipt', 1, '2019-06-05 06:29:46'),
(393, 31, 38, 'documents/4502_nikita/2019/f_june/receipt/26.pdf', 'seen', 'receipt', 1, '2019-06-05 06:29:46'),
(394, 31, 42, 'documents/4502_nikita/2019/f_june/receipt/26.pdf', 'unseen', 'receipt', 1, '2019-06-05 06:29:46'),
(395, 31, 38, 'documents/4502_nikita/2019/f_june/receipt/27.pdf', 'seen', 'receipt', 1, '2019-06-05 06:29:46'),
(396, 31, 42, 'documents/4502_nikita/2019/f_june/receipt/27.pdf', 'unseen', 'receipt', 1, '2019-06-05 06:29:46'),
(397, 31, 38, 'documents/4502_nikita/2019/f_june/receipt/28.pdf', 'seen', 'receipt', 1, '2019-06-05 06:29:46'),
(398, 31, 42, 'documents/4502_nikita/2019/f_june/receipt/28.pdf', 'unseen', 'receipt', 1, '2019-06-05 06:29:46'),
(399, 31, 38, 'documents/4502_nikita/2019/f_june/receipt/29.pdf', 'seen', 'receipt', 1, '2019-06-05 06:29:46'),
(400, 31, 42, 'documents/4502_nikita/2019/f_june/receipt/29.pdf', 'unseen', 'receipt', 1, '2019-06-05 06:29:46'),
(401, 31, 38, 'documents/4502_nikita/2019/f_june/receipt/30.pdf', 'seen', 'receipt', 1, '2019-06-05 06:29:46'),
(402, 31, 42, 'documents/4502_nikita/2019/f_june/receipt/30.pdf', 'unseen', 'receipt', 1, '2019-06-05 06:29:46'),
(403, 31, 32, 'documents/4502_nikita/2019/f_june/purchase/16.pdf', 'unseen', 'purchase', 0, '2019-06-05 06:34:57'),
(404, 31, 38, 'documents/4502_nikita/2019/f_june/purchase/16.pdf', 'seen', 'purchase', 0, '2019-06-05 06:34:57'),
(405, 31, 37, 'documents/4502_nikita/2019/f_june/purchase/16.pdf', 'seen', 'purchase', 0, '2019-06-05 06:34:57'),
(406, 31, 42, 'documents/4502_nikita/2019/f_june/purchase/16.pdf', 'unseen', 'purchase', 0, '2019-06-05 06:34:57'),
(407, 31, 32, 'documents/4502_nikita/2019/f_june/purchase/17.pdf', 'unseen', 'purchase', 0, '2019-06-05 06:34:57'),
(408, 31, 38, 'documents/4502_nikita/2019/f_june/purchase/17.pdf', 'seen', 'purchase', 0, '2019-06-05 06:34:57'),
(409, 31, 37, 'documents/4502_nikita/2019/f_june/purchase/17.pdf', 'seen', 'purchase', 0, '2019-06-05 06:34:57'),
(410, 31, 42, 'documents/4502_nikita/2019/f_june/purchase/17.pdf', 'unseen', 'purchase', 0, '2019-06-05 06:34:57'),
(411, 31, 32, 'documents/4502_nikita/2019/f_june/purchase/18.pdf', 'unseen', 'purchase', 0, '2019-06-05 06:34:57'),
(412, 31, 38, 'documents/4502_nikita/2019/f_june/purchase/18.pdf', 'seen', 'purchase', 0, '2019-06-05 06:34:57'),
(413, 31, 37, 'documents/4502_nikita/2019/f_june/purchase/18.pdf', 'seen', 'purchase', 0, '2019-06-05 06:34:57'),
(414, 31, 42, 'documents/4502_nikita/2019/f_june/purchase/18.pdf', 'unseen', 'purchase', 0, '2019-06-05 06:34:57'),
(415, 31, 32, 'documents/4502_nikita/2019/f_june/purchase/19.pdf', 'unseen', 'purchase', 0, '2019-06-05 06:34:57'),
(416, 31, 38, 'documents/4502_nikita/2019/f_june/purchase/19.pdf', 'seen', 'purchase', 0, '2019-06-05 06:34:57'),
(417, 31, 37, 'documents/4502_nikita/2019/f_june/purchase/19.pdf', 'seen', 'purchase', 0, '2019-06-05 06:34:57'),
(418, 31, 42, 'documents/4502_nikita/2019/f_june/purchase/19.pdf', 'unseen', 'purchase', 0, '2019-06-05 06:34:57'),
(419, 31, 32, 'documents/4502_nikita/2019/f_june/purchase/20.pdf', 'unseen', 'purchase', 0, '2019-06-05 06:34:57'),
(420, 31, 38, 'documents/4502_nikita/2019/f_june/purchase/20.pdf', 'seen', 'purchase', 0, '2019-06-05 06:34:57'),
(421, 31, 37, 'documents/4502_nikita/2019/f_june/purchase/20.pdf', 'seen', 'purchase', 0, '2019-06-05 06:34:57'),
(422, 31, 42, 'documents/4502_nikita/2019/f_june/purchase/20.pdf', 'unseen', 'purchase', 0, '2019-06-05 06:34:57'),
(423, 31, 32, 'documents/4502_nikita/2019/f_june/purchase/21.pdf', 'unseen', 'purchase', 0, '2019-06-05 06:34:57'),
(424, 31, 38, 'documents/4502_nikita/2019/f_june/purchase/21.pdf', 'seen', 'purchase', 0, '2019-06-05 06:34:57'),
(425, 31, 37, 'documents/4502_nikita/2019/f_june/purchase/21.pdf', 'seen', 'purchase', 0, '2019-06-05 06:34:57'),
(426, 31, 42, 'documents/4502_nikita/2019/f_june/purchase/21.pdf', 'unseen', 'purchase', 0, '2019-06-05 06:34:57'),
(427, 31, 32, 'documents/4502_nikita/2019/f_june/purchase/26.pdf', 'unseen', 'purchase', 0, '2019-06-05 06:34:57'),
(428, 31, 38, 'documents/4502_nikita/2019/f_june/purchase/26.pdf', 'seen', 'purchase', 0, '2019-06-05 06:34:57'),
(429, 31, 37, 'documents/4502_nikita/2019/f_june/purchase/26.pdf', 'seen', 'purchase', 0, '2019-06-05 06:34:57'),
(430, 31, 42, 'documents/4502_nikita/2019/f_june/purchase/26.pdf', 'unseen', 'purchase', 0, '2019-06-05 06:34:57'),
(431, 31, 32, 'documents/4502_nikita/2019/f_june/purchase/27.pdf', 'unseen', 'purchase', 0, '2019-06-05 06:34:57'),
(432, 31, 38, 'documents/4502_nikita/2019/f_june/purchase/27.pdf', 'seen', 'purchase', 0, '2019-06-05 06:34:57'),
(433, 31, 37, 'documents/4502_nikita/2019/f_june/purchase/27.pdf', 'seen', 'purchase', 0, '2019-06-05 06:34:57'),
(434, 31, 42, 'documents/4502_nikita/2019/f_june/purchase/27.pdf', 'unseen', 'purchase', 0, '2019-06-05 06:34:57'),
(435, 31, 32, 'documents/4502_nikita/2019/f_june/purchase/28.pdf', 'unseen', 'purchase', 0, '2019-06-05 06:34:57'),
(436, 31, 38, 'documents/4502_nikita/2019/f_june/purchase/28.pdf', 'seen', 'purchase', 0, '2019-06-05 06:34:57'),
(437, 31, 37, 'documents/4502_nikita/2019/f_june/purchase/28.pdf', 'seen', 'purchase', 0, '2019-06-05 06:34:57'),
(438, 31, 42, 'documents/4502_nikita/2019/f_june/purchase/28.pdf', 'unseen', 'purchase', 0, '2019-06-05 06:34:57'),
(439, 31, 32, 'documents/4502_nikita/2019/f_june/purchase/29.pdf', 'unseen', 'purchase', 0, '2019-06-05 06:34:57'),
(440, 31, 38, 'documents/4502_nikita/2019/f_june/purchase/29.pdf', 'seen', 'purchase', 0, '2019-06-05 06:34:57'),
(441, 31, 37, 'documents/4502_nikita/2019/f_june/purchase/29.pdf', 'seen', 'purchase', 0, '2019-06-05 06:34:57'),
(442, 31, 42, 'documents/4502_nikita/2019/f_june/purchase/29.pdf', 'unseen', 'purchase', 0, '2019-06-05 06:34:57'),
(443, 31, 32, 'documents/4502_nikita/2019/f_june/purchase/30.pdf', 'unseen', 'purchase', 0, '2019-06-05 06:34:57'),
(444, 31, 38, 'documents/4502_nikita/2019/f_june/purchase/30.pdf', 'seen', 'purchase', 0, '2019-06-05 06:34:57'),
(445, 31, 37, 'documents/4502_nikita/2019/f_june/purchase/30.pdf', 'seen', 'purchase', 0, '2019-06-05 06:34:57'),
(446, 31, 42, 'documents/4502_nikita/2019/f_june/purchase/30.pdf', 'unseen', 'purchase', 0, '2019-06-05 06:34:57'),
(447, 31, 32, 'documents/4502_nikita/2019/f_june/purchase/31.pdf', 'unseen', 'purchase', 0, '2019-06-05 06:35:54'),
(448, 31, 38, 'documents/4502_nikita/2019/f_june/purchase/31.pdf', 'seen', 'purchase', 0, '2019-06-05 06:35:54'),
(449, 31, 37, 'documents/4502_nikita/2019/f_june/purchase/31.pdf', 'seen', 'purchase', 0, '2019-06-05 06:35:54'),
(450, 31, 42, 'documents/4502_nikita/2019/f_june/purchase/31.pdf', 'unseen', 'purchase', 0, '2019-06-05 06:35:54'),
(451, 31, 32, 'documents/4502_nikita/2019/f_june/purchase/33.pdf', 'unseen', 'purchase', 0, '2019-06-05 06:35:54'),
(452, 31, 38, 'documents/4502_nikita/2019/f_june/purchase/33.pdf', 'seen', 'purchase', 0, '2019-06-05 06:35:54');
INSERT INTO `tbl_cust_uploads` (`uid`, `ufrom`, `uto`, `path`, `status`, `folder`, `recycle`, `date`) VALUES
(453, 31, 37, 'documents/4502_nikita/2019/f_june/purchase/33.pdf', 'seen', 'purchase', 0, '2019-06-05 06:35:54'),
(454, 31, 42, 'documents/4502_nikita/2019/f_june/purchase/33.pdf', 'unseen', 'purchase', 0, '2019-06-05 06:35:54'),
(455, 31, 32, 'documents/4502_nikita/2019/f_june/purchase/34.pdf', 'unseen', 'purchase', 0, '2019-06-05 06:35:54'),
(456, 31, 38, 'documents/4502_nikita/2019/f_june/purchase/34.pdf', 'seen', 'purchase', 0, '2019-06-05 06:35:54'),
(457, 31, 37, 'documents/4502_nikita/2019/f_june/purchase/34.pdf', 'seen', 'purchase', 0, '2019-06-05 06:35:54'),
(458, 31, 42, 'documents/4502_nikita/2019/f_june/purchase/34.pdf', 'unseen', 'purchase', 0, '2019-06-05 06:35:54'),
(459, 31, 32, 'documents/4502_nikita/2019/f_june/purchase/35.pdf', 'unseen', 'purchase', 0, '2019-06-05 06:35:54'),
(460, 31, 38, 'documents/4502_nikita/2019/f_june/purchase/35.pdf', 'seen', 'purchase', 0, '2019-06-05 06:35:54'),
(461, 31, 37, 'documents/4502_nikita/2019/f_june/purchase/35.pdf', 'seen', 'purchase', 0, '2019-06-05 06:35:54'),
(462, 31, 42, 'documents/4502_nikita/2019/f_june/purchase/35.pdf', 'unseen', 'purchase', 0, '2019-06-05 06:35:54'),
(463, 31, 32, 'documents/4502_nikita/2019/f_june/purchase/37.pdf', 'unseen', 'purchase', 0, '2019-06-05 06:35:54'),
(464, 31, 38, 'documents/4502_nikita/2019/f_june/purchase/37.pdf', 'seen', 'purchase', 0, '2019-06-05 06:35:54'),
(465, 31, 37, 'documents/4502_nikita/2019/f_june/purchase/37.pdf', 'seen', 'purchase', 0, '2019-06-05 06:35:54'),
(466, 31, 42, 'documents/4502_nikita/2019/f_june/purchase/37.pdf', 'unseen', 'purchase', 0, '2019-06-05 06:35:54'),
(467, 31, 32, 'documents/4502_nikita/2019/f_june/purchase/39.pdf', 'unseen', 'purchase', 0, '2019-06-05 06:35:54'),
(468, 31, 38, 'documents/4502_nikita/2019/f_june/purchase/39.pdf', 'seen', 'purchase', 0, '2019-06-05 06:35:54'),
(469, 31, 37, 'documents/4502_nikita/2019/f_june/purchase/39.pdf', 'seen', 'purchase', 0, '2019-06-05 06:35:54'),
(470, 31, 42, 'documents/4502_nikita/2019/f_june/purchase/39.pdf', 'unseen', 'purchase', 0, '2019-06-05 06:35:54'),
(471, 31, 32, 'documents/4502_nikita/2019/f_june/purchase/40.pdf', 'unseen', 'purchase', 0, '2019-06-05 06:35:54'),
(472, 31, 38, 'documents/4502_nikita/2019/f_june/purchase/40.pdf', 'seen', 'purchase', 0, '2019-06-05 06:35:54'),
(473, 31, 37, 'documents/4502_nikita/2019/f_june/purchase/40.pdf', 'seen', 'purchase', 0, '2019-06-05 06:35:54'),
(474, 31, 42, 'documents/4502_nikita/2019/f_june/purchase/40.pdf', 'unseen', 'purchase', 0, '2019-06-05 06:35:54'),
(475, 31, 32, 'documents/4502_nikita/2019/f_june/purchase/43.pdf', 'unseen', 'purchase', 0, '2019-06-05 06:35:54'),
(476, 31, 38, 'documents/4502_nikita/2019/f_june/purchase/43.pdf', 'seen', 'purchase', 0, '2019-06-05 06:35:54'),
(477, 31, 37, 'documents/4502_nikita/2019/f_june/purchase/43.pdf', 'seen', 'purchase', 0, '2019-06-05 06:35:54'),
(478, 31, 42, 'documents/4502_nikita/2019/f_june/purchase/43.pdf', 'unseen', 'purchase', 0, '2019-06-05 06:35:54'),
(479, 31, 32, 'documents/4502_nikita/2019/f_june/purchase/44.pdf', 'unseen', 'purchase', 0, '2019-06-05 06:35:54'),
(480, 31, 38, 'documents/4502_nikita/2019/f_june/purchase/44.pdf', 'seen', 'purchase', 0, '2019-06-05 06:35:54'),
(481, 31, 37, 'documents/4502_nikita/2019/f_june/purchase/44.pdf', 'seen', 'purchase', 0, '2019-06-05 06:35:54'),
(482, 31, 42, 'documents/4502_nikita/2019/f_june/purchase/44.pdf', 'unseen', 'purchase', 0, '2019-06-05 06:35:54'),
(483, 31, 32, 'documents/4502_nikita/2019/f_june/purchase/45.pdf', 'unseen', 'purchase', 0, '2019-06-05 06:35:54'),
(484, 31, 38, 'documents/4502_nikita/2019/f_june/purchase/45.pdf', 'seen', 'purchase', 0, '2019-06-05 06:35:54'),
(485, 31, 37, 'documents/4502_nikita/2019/f_june/purchase/45.pdf', 'seen', 'purchase', 0, '2019-06-05 06:35:54'),
(486, 31, 42, 'documents/4502_nikita/2019/f_june/purchase/45.pdf', 'unseen', 'purchase', 0, '2019-06-05 06:35:54'),
(487, 31, 32, 'documents/4502_nikita/2019/f_june/purchase/48.pdf', 'unseen', 'purchase', 0, '2019-06-05 06:36:34'),
(488, 31, 38, 'documents/4502_nikita/2019/f_june/purchase/48.pdf', 'seen', 'purchase', 0, '2019-06-05 06:36:34'),
(489, 31, 37, 'documents/4502_nikita/2019/f_june/purchase/48.pdf', 'seen', 'purchase', 0, '2019-06-05 06:36:34'),
(490, 31, 42, 'documents/4502_nikita/2019/f_june/purchase/48.pdf', 'unseen', 'purchase', 0, '2019-06-05 06:36:34'),
(491, 31, 32, 'documents/4502_nikita/2019/f_june/purchase/50.pdf', 'unseen', 'purchase', 0, '2019-06-05 06:36:34'),
(492, 31, 38, 'documents/4502_nikita/2019/f_june/purchase/50.pdf', 'seen', 'purchase', 0, '2019-06-05 06:36:34'),
(493, 31, 37, 'documents/4502_nikita/2019/f_june/purchase/50.pdf', 'seen', 'purchase', 0, '2019-06-05 06:36:34'),
(494, 31, 42, 'documents/4502_nikita/2019/f_june/purchase/50.pdf', 'unseen', 'purchase', 0, '2019-06-05 06:36:34'),
(495, 31, 32, 'documents/4502_nikita/2019/f_june/purchase/52.pdf', 'unseen', 'purchase', 0, '2019-06-05 06:36:34'),
(496, 31, 38, 'documents/4502_nikita/2019/f_june/purchase/52.pdf', 'seen', 'purchase', 0, '2019-06-05 06:36:34'),
(497, 31, 37, 'documents/4502_nikita/2019/f_june/purchase/52.pdf', 'seen', 'purchase', 0, '2019-06-05 06:36:34'),
(498, 31, 42, 'documents/4502_nikita/2019/f_june/purchase/52.pdf', 'unseen', 'purchase', 0, '2019-06-05 06:36:34'),
(499, 31, 32, 'documents/4502_nikita/2019/f_june/purchase/53.pdf', 'unseen', 'purchase', 0, '2019-06-05 06:36:34'),
(500, 31, 38, 'documents/4502_nikita/2019/f_june/purchase/53.pdf', 'seen', 'purchase', 0, '2019-06-05 06:36:34'),
(501, 31, 37, 'documents/4502_nikita/2019/f_june/purchase/53.pdf', 'seen', 'purchase', 0, '2019-06-05 06:36:34'),
(502, 31, 42, 'documents/4502_nikita/2019/f_june/purchase/53.pdf', 'unseen', 'purchase', 0, '2019-06-05 06:36:34'),
(503, 31, 32, 'documents/4502_nikita/2019/f_june/purchase/56.pdf', 'unseen', 'purchase', 0, '2019-06-05 06:36:34'),
(504, 31, 38, 'documents/4502_nikita/2019/f_june/purchase/56.pdf', 'seen', 'purchase', 0, '2019-06-05 06:36:34'),
(505, 31, 37, 'documents/4502_nikita/2019/f_june/purchase/56.pdf', 'seen', 'purchase', 0, '2019-06-05 06:36:34'),
(506, 31, 42, 'documents/4502_nikita/2019/f_june/purchase/56.pdf', 'unseen', 'purchase', 0, '2019-06-05 06:36:34'),
(507, 31, 32, 'documents/4502_nikita/2019/f_june/purchase/59.pdf', 'unseen', 'purchase', 0, '2019-06-05 06:36:34'),
(508, 31, 38, 'documents/4502_nikita/2019/f_june/purchase/59.pdf', 'seen', 'purchase', 0, '2019-06-05 06:36:34'),
(509, 31, 37, 'documents/4502_nikita/2019/f_june/purchase/59.pdf', 'seen', 'purchase', 0, '2019-06-05 06:36:34'),
(510, 31, 42, 'documents/4502_nikita/2019/f_june/purchase/59.pdf', 'unseen', 'purchase', 0, '2019-06-05 06:36:34'),
(511, 31, 32, 'documents/4502_nikita/2019/f_june/purchase/62.pdf', 'unseen', 'purchase', 0, '2019-06-05 06:36:34'),
(512, 31, 38, 'documents/4502_nikita/2019/f_june/purchase/62.pdf', 'seen', 'purchase', 0, '2019-06-05 06:36:34'),
(513, 31, 37, 'documents/4502_nikita/2019/f_june/purchase/62.pdf', 'seen', 'purchase', 0, '2019-06-05 06:36:34'),
(514, 31, 42, 'documents/4502_nikita/2019/f_june/purchase/62.pdf', 'unseen', 'purchase', 0, '2019-06-05 06:36:34'),
(515, 31, 32, 'documents/4502_nikita/2019/f_june/purchase/64.pdf', 'unseen', 'purchase', 0, '2019-06-05 06:36:34'),
(516, 31, 38, 'documents/4502_nikita/2019/f_june/purchase/64.pdf', 'seen', 'purchase', 0, '2019-06-05 06:36:34'),
(517, 31, 37, 'documents/4502_nikita/2019/f_june/purchase/64.pdf', 'seen', 'purchase', 0, '2019-06-05 06:36:34'),
(518, 31, 42, 'documents/4502_nikita/2019/f_june/purchase/64.pdf', 'unseen', 'purchase', 0, '2019-06-05 06:36:34'),
(519, 31, 32, 'documents/4502_nikita/2019/f_june/purchase/65.pdf', 'unseen', 'purchase', 0, '2019-06-05 06:36:34'),
(520, 31, 38, 'documents/4502_nikita/2019/f_june/purchase/65.pdf', 'seen', 'purchase', 0, '2019-06-05 06:36:34'),
(521, 31, 37, 'documents/4502_nikita/2019/f_june/purchase/65.pdf', 'seen', 'purchase', 0, '2019-06-05 06:36:34'),
(522, 31, 42, 'documents/4502_nikita/2019/f_june/purchase/65.pdf', 'unseen', 'purchase', 0, '2019-06-05 06:36:34'),
(523, 31, 32, 'documents/4502_nikita/2019/f_june/purchase/66.pdf', 'unseen', 'purchase', 0, '2019-06-05 06:36:34'),
(524, 31, 38, 'documents/4502_nikita/2019/f_june/purchase/66.pdf', 'seen', 'purchase', 0, '2019-06-05 06:36:34'),
(525, 31, 37, 'documents/4502_nikita/2019/f_june/purchase/66.pdf', 'seen', 'purchase', 0, '2019-06-05 06:36:34'),
(526, 31, 42, 'documents/4502_nikita/2019/f_june/purchase/66.pdf', 'unseen', 'purchase', 0, '2019-06-05 06:36:34'),
(527, 31, 32, 'documents/4502_nikita/2019/f_june/purchase/67.pdf', 'unseen', 'purchase', 0, '2019-06-05 06:36:34'),
(528, 31, 38, 'documents/4502_nikita/2019/f_june/purchase/67.pdf', 'seen', 'purchase', 0, '2019-06-05 06:36:34'),
(529, 31, 37, 'documents/4502_nikita/2019/f_june/purchase/67.pdf', 'seen', 'purchase', 0, '2019-06-05 06:36:34'),
(530, 31, 42, 'documents/4502_nikita/2019/f_june/purchase/67.pdf', 'unseen', 'purchase', 0, '2019-06-05 06:36:34'),
(531, 31, 32, 'documents/4502_nikita/2019/f_june/purchase/69.pdf', 'unseen', 'purchase', 0, '2019-06-05 06:36:34'),
(532, 31, 38, 'documents/4502_nikita/2019/f_june/purchase/69.pdf', 'seen', 'purchase', 0, '2019-06-05 06:36:34'),
(533, 31, 37, 'documents/4502_nikita/2019/f_june/purchase/69.pdf', 'seen', 'purchase', 0, '2019-06-05 06:36:34'),
(534, 31, 42, 'documents/4502_nikita/2019/f_june/purchase/69.pdf', 'unseen', 'purchase', 0, '2019-06-05 06:36:34'),
(535, 31, 32, 'documents/4502_nikita/2019/f_june/purchase/72.pdf', 'unseen', 'purchase', 0, '2019-06-05 06:36:34'),
(536, 31, 38, 'documents/4502_nikita/2019/f_june/purchase/72.pdf', 'seen', 'purchase', 0, '2019-06-05 06:36:34'),
(537, 31, 37, 'documents/4502_nikita/2019/f_june/purchase/72.pdf', 'seen', 'purchase', 0, '2019-06-05 06:36:34'),
(538, 31, 42, 'documents/4502_nikita/2019/f_june/purchase/72.pdf', 'unseen', 'purchase', 0, '2019-06-05 06:36:34'),
(539, 31, 32, 'documents/4502_nikita/2019/f_june/purchase/73.pdf', 'unseen', 'purchase', 0, '2019-06-05 06:36:34'),
(540, 31, 38, 'documents/4502_nikita/2019/f_june/purchase/73.pdf', 'seen', 'purchase', 0, '2019-06-05 06:36:34'),
(541, 31, 37, 'documents/4502_nikita/2019/f_june/purchase/73.pdf', 'seen', 'purchase', 0, '2019-06-05 06:36:34'),
(542, 31, 42, 'documents/4502_nikita/2019/f_june/purchase/73.pdf', 'unseen', 'purchase', 0, '2019-06-05 06:36:34'),
(543, 31, 32, 'documents/4502_nikita/2019/f_june/purchase/74.pdf', 'unseen', 'purchase', 0, '2019-06-05 06:36:34'),
(544, 31, 38, 'documents/4502_nikita/2019/f_june/purchase/74.pdf', 'seen', 'purchase', 0, '2019-06-05 06:36:34'),
(545, 31, 37, 'documents/4502_nikita/2019/f_june/purchase/74.pdf', 'seen', 'purchase', 0, '2019-06-05 06:36:34'),
(546, 31, 42, 'documents/4502_nikita/2019/f_june/purchase/74.pdf', 'unseen', 'purchase', 0, '2019-06-05 06:36:34');

-- --------------------------------------------------------

--
-- Table structure for table `tbl_expense`
--

CREATE TABLE `tbl_expense` (
  `eid` int(11) NOT NULL,
  `ename` varchar(255) NOT NULL
) ENGINE=InnoDB DEFAULT CHARSET=latin1;

--
-- Dumping data for table `tbl_expense`
--

INSERT INTO `tbl_expense` (`eid`, `ename`) VALUES
(1, 'Freight'),
(2, 'Packaging Exp'),
(4, 'delivery'),
(5, 'penalty');

-- --------------------------------------------------------

--
-- Table structure for table `tbl_form`
--

CREATE TABLE `tbl_form` (
  `fid` int(11) NOT NULL,
  `cid` int(11) NOT NULL,
  `oid` int(11) NOT NULL,
  `stage` varchar(255) NOT NULL,
  `year` int(20) NOT NULL,
  `month` varchar(20) NOT NULL,
  `d` int(2) NOT NULL,
  `m` int(2) NOT NULL,
  `path` text NOT NULL,
  `m_date` date NOT NULL,
  `voucher_no` int(11) NOT NULL,
  `ref_no` varchar(50) NOT NULL,
  `m_ledger_name` int(50) NOT NULL,
  `m_effect` varchar(10) DEFAULT NULL,
  `ms_effect` varchar(10) DEFAULT NULL,
  `trans_type` varchar(50) NOT NULL,
  `voucher_type` varchar(50) DEFAULT NULL,
  `amt_gross` float(10,2) NOT NULL,
  `narration` text NOT NULL,
  `ms_ledger` varchar(250) NOT NULL,
  `ms_ledger_two` varchar(250) NOT NULL,
  `check_no` int(11) NOT NULL,
  `check_date` date NOT NULL,
  `release_status` varchar(20) NOT NULL,
  `approve_status` varchar(20) NOT NULL,
  `note` text NOT NULL,
  `note_two` varchar(50) DEFAULT NULL,
  `o_noti` varchar(10) NOT NULL,
  `l_noti` varchar(10) NOT NULL,
  `xml` int(2) NOT NULL,
  `date_time` timestamp NOT NULL DEFAULT CURRENT_TIMESTAMP
) ENGINE=InnoDB DEFAULT CHARSET=latin1;

--
-- Dumping data for table `tbl_form`
--

INSERT INTO `tbl_form` (`fid`, `cid`, `oid`, `stage`, `year`, `month`, `d`, `m`, `path`, `m_date`, `voucher_no`, `ref_no`, `m_ledger_name`, `m_effect`, `ms_effect`, `trans_type`, `voucher_type`, `amt_gross`, `narration`, `ms_ledger`, `ms_ledger_two`, `check_no`, `check_date`, `release_status`, `approve_status`, `note`, `note_two`, `o_noti`, `l_noti`, `xml`, `date_time`) VALUES
(46, 31, 32, 'sales', 2019, 'may', 1, 5, 'documents/4502_nikita/2019/e_may/sales/l98.pdf', '2019-05-01', 908631, '123', 42, NULL, NULL, '', NULL, 56628.20, 'Narration goes here', '', '', 0, '0000-00-00', 'released', 'approved', '', NULL, '', 'seen', 0, '2019-05-10 10:59:26'),
(47, 36, 37, 'receipt', 2019, 'may', 5, 12, 'documents/5759_dinesh/2019/e_may/receipt/7_December-17.pdf', '2017-12-05', 196576, '', 82, NULL, NULL, 'bank', NULL, 18369.00, 'NEFT-ICMS171205001DLX-VADILAL ENTERPRISES-VADILAL9-0142011035300-IBKL0000009', '84', '82', 123456, '2017-12-05', 'released', 'panding', '', NULL, '', 'seen', 0, '2019-05-10 13:47:17'),
(48, 31, 39, 'receipt', 2019, 'may', 2, 6, 'documents/4502_nikita/2019/e_may/receipt/1_Jun-17.pdf', '2017-06-02', 146399, '', 82, NULL, NULL, 'bank', NULL, 28308.00, 'NEFT-ICMS170602000ZP6-VADILAL ENTERPRISES-VADILAL9-0142011035300-IBKL0000009', '84', '82', 123456, '2017-06-02', 'error', 'panding', '', NULL, 'unseen', 'seen', 0, '2019-05-11 06:29:48'),
(49, 31, 37, 'receipt', 2019, 'may', 2, 6, 'documents/4502_nikita/2019/e_may/receipt/1_Jun-171.pdf', '2017-06-02', 223578, '', 82, NULL, NULL, 'bank', NULL, 28308.00, 'NEFT-ICMS170602000ZP6-VADILAL ENTERPRISES-VADILAL9-0142011035300-IBKL0000009', '84', '82', 123456, '2017-06-02', 'released', 'panding', '', NULL, 'unseen', 'seen', 0, '2019-05-11 06:34:12'),
(50, 31, 37, 'receipt', 2019, 'may', 9, 6, 'documents/4502_nikita/2019/e_may/receipt/1_Jun-172.pdf', '2017-06-09', 498737, '', 82, NULL, NULL, 'bank', NULL, 36308.25, 'NEFT-ICMS170609000GKE-VADILAL ENTERPRISES-VADILAL9-0142011035300-IBKL0000009', '84', '82', 123457, '2017-06-09', 'released', 'approved', '', NULL, '', 'seen', 0, '2019-05-11 06:42:35'),
(51, 31, 38, 'purchase', 2019, 'may', 14, 2, 'documents/4502_nikita/2019/e_may/purchase/32.pdf', '2018-02-14', 353250, 'TG059', 87, NULL, NULL, '', NULL, 34029.00, 'mehul', '', '', 0, '0000-00-00', 'released', 'approved', '', NULL, '', 'seen', 0, '2019-05-11 07:01:38'),
(52, 31, 37, 'receipt', 2019, 'may', 13, 6, 'documents/4502_nikita/2019/e_may/receipt/1_Jun-173.pdf', '2017-06-13', 239516, '', 82, NULL, NULL, 'bank', NULL, 167540.75, 'NEFT-ICMS170613000POM-VADILAL ENTERPRISES-VADILAL9-0142011035300-IBKL0000009', '84', '82', 123458, '2017-06-13', 'released', 'approved', '', NULL, '', 'seen', 0, '2019-05-11 07:02:24'),
(53, 31, 37, 'receipt', 2019, 'may', 14, 6, 'documents/4502_nikita/2019/e_may/receipt/1_Jun-174.pdf', '2017-06-14', 920669, '', 82, NULL, NULL, 'bank', NULL, 637072.00, 'NEFT-CITIN17791201101-ITC LIMITED-031002491617ITD 0001003306-CITI0000001', '84', '82', 123459, '2017-06-14', 'released', 'approved', '', NULL, '', 'seen', 0, '2019-05-11 07:10:22'),
(54, 31, 37, 'receipt', 2019, 'may', 16, 6, 'documents/4502_nikita/2019/e_may/receipt/1_Jun-175.pdf', '2017-06-16', 654122, '', 82, NULL, NULL, 'bank', NULL, 85710.01, 'NEFT-ICMS170616000OBS-VADILAL ENTERPRISES-VADILAL ', '84', '82', 123410, '2017-06-16', 'released', 'panding', 'incorect\r\n', NULL, 'unseen', 'seen', 0, '2019-05-11 07:29:00'),
(55, 31, 38, 'purchase', 2019, 'may', 19, 2, 'documents/4502_nikita/2019/e_may/purchase/25.pdf', '2018-02-19', 953972, '151256', 87, NULL, NULL, '', NULL, 8693.00, 'mehul', '', '', 0, '0000-00-00', 'released', 'panding', 'hlhl', NULL, 'unseen', 'seen', 0, '2019-05-11 11:14:26'),
(56, 31, 38, 'purchase', 2019, 'may', 19, 2, 'documents/4502_nikita/2019/e_may/purchase/25.pdf', '2018-02-19', 953972, '151256', 87, NULL, NULL, '', NULL, 8693.00, 'mehul', '', '', 0, '0000-00-00', 'released', 'approved', '', NULL, '', 'seen', 0, '2019-05-11 11:14:29'),
(57, 31, 38, 'sales', 2019, 'may', 31, 3, 'documents/4502_nikita/2019/e_may/sales/15_.pdf', '2019-03-31', 990006, 'T-392', 43, NULL, NULL, '', NULL, 138696.94, 'mehul', '', '', 0, '0000-00-00', 'released', 'approved', '', NULL, '', 'seen', 0, '2019-05-11 11:25:01'),
(58, 31, 38, 'bank', 2019, 'may', 17, 6, 'documents/5759_dinesh/2019/e_may/bank/1_Jun-17.pdf', '2012-06-17', 619380, '', 82, NULL, NULL, 'withdrawal', 'contra', 75000.00, 'cash paid by self', '5', '', 63185, '2012-06-17', 'released', 'panding', '', NULL, '', 'seen', 0, '2019-05-14 13:24:11'),
(59, 31, 38, 'sales', 2019, 'may', 31, 3, 'documents/4502_nikita/2019/e_may/sales/8_.pdf', '2019-03-31', 892596, 't-385', 90, NULL, NULL, '', NULL, 14505.00, 'PAPER PUSH', '', '', 0, '0000-00-00', 'released', 'panding', '', NULL, '', 'seen', 0, '2019-05-14 13:45:32'),
(60, 36, 38, 'purchase', 2019, 'may', 31, 1, 'documents/5759_dinesh/2019/e_may/purchase/1.pdf', '2018-01-31', 374153, 't-2684', 87, NULL, NULL, '', NULL, 1400.00, 'vvffds', '', '', 0, '0000-00-00', 'released', 'panding', '', NULL, '', 'seen', 0, '2019-05-14 13:51:57'),
(61, 31, 38, 'cheque_reg', 2019, 'may', 6, 6, 'documents/4502_nikita/2019/e_may/cheque_reg/3_August-17.pdf', '2017-06-06', 819295, '', 86, NULL, NULL, 'bank', 'payment', 278219.00, 'bghjigiuyftf', '82', '85', 63385, '2018-01-01', 'released', 'panding', '', NULL, '', 'seen', 0, '2019-05-14 13:56:57'),
(62, 31, 38, 'cheque_reg', 2019, 'may', 1, 1, 'documents/4502_nikita/2019/e_may/cheque_reg/3_August-17.pdf', '2017-01-01', 480842, '', 86, NULL, NULL, 'bank', 'receipt', 25242.75, 'bvdtgd', '84', '82', 63385, '2019-05-12', 'released', 'approved', '', NULL, '', 'seen', 0, '2019-05-14 14:00:10'),
(63, 36, 38, 'cheque_reg', 2019, 'may', 17, 7, 'documents/5759_dinesh/2019/e_may/cheque_reg/2_July-17.pdf', '2017-07-17', 396493, '', 86, NULL, NULL, 'bank', 'payment', 75000.00, 'payment paid by cheque', '82', '89', 63233, '2017-07-17', 'released', 'panding', '', NULL, '', 'seen', 0, '2019-05-16 10:13:07'),
(64, 36, 38, 'cheque_reg', 2019, 'may', 11, 7, 'documents/5759_dinesh/2019/e_may/cheque_reg/2_July-17.pdf', '2017-07-11', 170499, '', 86, NULL, NULL, 'bank', 'receipt', 230620.98, 'payment recevied ', '84', '82', 304618, '2017-07-11', 'released', 'panding', '', NULL, '', 'seen', 0, '2019-05-16 10:18:05'),
(65, 31, 38, 'bank', 2019, 'may', 10, 7, 'documents/4502_nikita/2019/e_may/bank/5_October-17.pdf|-|documents/4502_nikita/2019/e_may/bank/6_November-17.pdf', '2017-07-10', 608888, '', 86, NULL, NULL, 'bank', 'payment', 100000.00, 'payment paid by cheque', '82', '83', 63317, '2017-10-10', 'released', 'panding', '', NULL, '', 'seen', 0, '2019-05-16 10:26:43'),
(66, 31, 38, 'bank', 2019, 'may', 4, 10, 'documents/4502_nikita/2019/e_may/bank/5_October-17.pdf', '2017-10-04', 794430, '', 82, NULL, NULL, 'fund_transfer', NULL, 43811.00, 'transfer by self', '86', '', 63385, '2012-06-17', 'released', 'panding', '', NULL, '', 'seen', 0, '2019-05-16 10:48:10'),
(67, 31, 38, 'bank', 2019, 'may', 3, 10, 'documents/4502_nikita/2019/e_may/bank/5_October-17.pdf', '2017-10-03', 638987, '', 86, NULL, NULL, 'bank', 'receipt', 3370.00, 'neft by vadilal enterprise', '84', '82', 0, '2019-05-16', 'released', 'panding', '', NULL, '', 'seen', 0, '2019-05-16 10:53:27'),
(68, 31, 38, 'receipt', 2019, 'may', 4, 7, 'documents/4502_nikita/2019/e_may/receipt/2_July-17.pdf', '2017-07-04', 467708, '', 86, NULL, NULL, 'bank', NULL, 17898.00, 'payment recevied by vadilal enterprise', '84', '82', 0, '2017-07-04', 'released', 'panding', '', NULL, '', 'seen', 0, '2019-05-16 11:24:36'),
(69, 31, 38, 'journal', 2019, 'may', 1, 8, 'documents/4502_nikita/2019/e_may/journal/1_Jun-17.pdf', '2017-08-01', 845149, '', 86, 'dr', 'cr', '', NULL, 150000.00, 'payment paid by cheque -  63174', '83', '82', 0, '0000-00-00', 'released', 'panding', '', NULL, '', 'seen', 0, '2019-05-16 11:34:21'),
(70, 31, 38, 'sales', 2019, 'may', 31, 3, 'documents/4502_nikita/2019/e_may/sales/8_1.pdf', '2019-03-31', 261213, 'T-385', 43, NULL, NULL, '', NULL, 14505.00, 'sales to hardeep contruction', '', '', 0, '0000-00-00', 'released', 'approved', '', NULL, '', 'seen', 0, '2019-05-16 12:15:04'),
(71, 31, 38, 'sales', 2019, 'may', 31, 3, 'documents/4502_nikita/2019/e_may/sales/7_1.pdf|-|documents/4502_nikita/2019/e_may/sales/8_2.pdf|-|documents/4502_nikita/2019/e_may/sales/8_3.pdf', '2019-03-31', 910463, 'T-384', 43, NULL, NULL, '', NULL, 42458.00, 'mehul', '', '', 0, '0000-00-00', 'released', 'panding', '', NULL, '', 'seen', 0, '2019-05-20 13:22:39'),
(72, 31, 37, 'sales', 2019, 'may', 31, 3, 'documents/4502_nikita/2019/e_may/sales/11_.pdf|-|documents/4502_nikita/2019/e_may/sales/12_.pdf|-|documents/4502_nikita/2019/e_may/sales/13_.pdf|-|documents/4502_nikita/2019/e_may/sales/14_.pdf', '2019-03-31', 580935, 'T-388', 43, NULL, NULL, '', NULL, 45118.00, 'Kalpesh', '', '', 0, '0000-00-00', 'released', 'panding', '', NULL, '', 'seen', 0, '2019-05-21 05:33:59'),
(73, 31, 37, 'sales', 2019, 'may', 31, 3, 'documents/4502_nikita/2019/e_may/sales/15_1.pdf', '2019-03-31', 666756, 'T-392', 43, NULL, NULL, '', NULL, 138697.00, 'Kalpesh', '', '', 0, '0000-00-00', 'released', 'panding', '', NULL, '', 'seen', 0, '2019-05-21 05:56:36'),
(74, 31, 38, 'sales', 2019, 'may', 28, 2, 'documents/4502_nikita/2019/e_may/sales/67.pdf', '2019-02-28', 155136, 'T-379', 43, NULL, NULL, '', NULL, 56938.00, 'mehul', '', '', 0, '0000-00-00', 'released', 'panding', '', NULL, '', 'seen', 0, '2019-05-21 06:22:23'),
(75, 31, 38, 'sales', 2019, 'may', 28, 2, 'documents/4502_nikita/2019/e_may/sales/66.pdf', '2019-02-28', 868537, 'T-378', 43, NULL, NULL, '', NULL, 222832.00, 'mehul', '', '', 0, '0000-00-00', 'released', 'panding', '', NULL, '', 'seen', 0, '2019-05-21 06:49:36'),
(76, 31, 37, 'sales', 2019, 'may', 28, 2, 'documents/4502_nikita/2019/e_may/sales/62.pdf', '2019-02-28', 788435, 'T-374', 43, NULL, NULL, '', NULL, 15283.00, 'Kalpesh', '', '', 0, '0000-00-00', 'released', 'panding', '', NULL, '', 'seen', 0, '2019-05-21 07:37:36'),
(77, 31, 37, 'sales', 2019, 'may', 28, 2, 'documents/4502_nikita/2019/e_may/sales/63.pdf', '2019-02-28', 573869, 'T-375', 43, NULL, NULL, '', NULL, 380800.00, 'Kalpesh', '', '', 0, '0000-00-00', 'released', 'panding', '', NULL, '', 'seen', 0, '2019-05-21 07:44:54'),
(78, 31, 38, 'sales', 2019, 'may', 28, 2, 'documents/4502_nikita/2019/e_may/sales/64.pdf', '2019-02-28', 880972, 'T-376', 43, NULL, NULL, '', NULL, 381510.00, 'mehul', '', '', 0, '0000-00-00', 'released', 'panding', '', NULL, '', 'seen', 0, '2019-05-21 08:47:11'),
(79, 31, 37, 'sales', 2019, 'may', 28, 2, 'documents/4502_nikita/2019/e_may/sales/96.pdf', '2019-02-28', 737937, '1', 43, NULL, NULL, '', NULL, 409362.00, 'Kalpesh', '', '', 0, '0000-00-00', 'released', 'panding', '', NULL, '', 'seen', 0, '2019-05-22 07:36:02'),
(80, 31, 38, 'purchase', 2019, 'may', 7, 1, 'documents/4502_nikita/2019/e_may/purchase/156.pdf', '2019-01-07', 443699, '2392', 87, NULL, NULL, '', NULL, 64517.00, 'mehul', '', '', 0, '0000-00-00', 'released', 'panding', '', NULL, '', 'seen', 0, '2019-05-22 08:32:37'),
(81, 31, 38, 'purchase', 2019, 'may', 2, 3, 'documents/4502_nikita/2019/e_may/purchase/30.pdf', '2019-03-02', 131687, 'PCR2792180001853', 87, NULL, NULL, '', NULL, 22132.99, 'mehul', '', '', 0, '0000-00-00', 'released', 'panding', '', NULL, '', 'seen', 0, '2019-05-22 08:54:42'),
(82, 31, 38, 'purchase', 2019, 'may', 2, 3, 'documents/4502_nikita/2019/e_may/purchase/311.pdf', '2019-03-02', 496151, 'LCR2792180001650', 87, NULL, NULL, '', NULL, 2832.00, 'mehul', '', '', 0, '0000-00-00', 'released', 'panding', '', NULL, '', 'seen', 0, '2019-05-22 09:17:07'),
(83, 31, 38, 'purchase', 2019, 'may', 2, 3, 'documents/4502_nikita/2019/e_may/purchase/321.pdf', '2019-03-02', 261878, 'PCR2792180001852', 87, NULL, NULL, '', NULL, 24648.03, 'mehul', '', '', 0, '0000-00-00', 'released', 'panding', '', NULL, '', 'seen', 0, '2019-05-22 10:29:13'),
(84, 31, 37, 'sales', 2019, 'may', 31, 3, 'documents/4502_nikita/2019/e_may/sales/41.pdf', '2019-03-31', 735924, '2', 43, NULL, NULL, '', NULL, 746172.00, 'Kalpesh', '', '', 0, '0000-00-00', 'released', 'panding', '', NULL, '', 'seen', 0, '2019-05-23 06:34:16'),
(85, 31, 37, 'sales', 2019, 'may', 18, 3, 'documents/4502_nikita/2019/e_may/sales/36.pdf', '2019-03-18', 420170, 'GT/6', 43, NULL, NULL, '', NULL, 14632.00, 'Kalpesh', '', '', 0, '0000-00-00', 'released', 'panding', '', NULL, '', 'seen', 0, '2019-05-23 07:20:36'),
(86, 31, 38, 'purchase', 2019, 'may', 2, 3, 'documents/4502_nikita/2019/e_may/purchase/53.pdf', '2019-03-02', 669985, 'PCR2792180001853', 87, NULL, NULL, '', NULL, 2999.99, 'mehul', '', '', 0, '0000-00-00', 'released', 'panding', '', NULL, '', 'unseen', 0, '2019-05-23 09:28:50'),
(87, 31, 38, 'purchase', 2019, 'may', 19, 2, 'documents/4502_nikita/2019/e_may/purchase/83.pdf', '2028-02-19', 634898, '74', 87, NULL, NULL, '', NULL, 48949.00, 'mehul', '', '', 0, '0000-00-00', 'released', 'panding', '', NULL, '', 'unseen', 0, '2019-05-24 05:28:46'),
(88, 31, 38, 'purchase', 2019, 'may', 1, 2, 'documents/4502_nikita/2019/e_may/purchase/85.pdf', '2019-02-01', 463580, '2604', 87, NULL, NULL, '', NULL, 13617.00, 'mehul', '', '', 0, '0000-00-00', 'released', 'panding', '', NULL, '', 'unseen', 0, '2019-05-24 05:43:36'),
(89, 31, 37, 'sales', 2019, 'may', 7, 2, 'documents/4502_nikita/2019/e_may/sales/29.pdf', '2019-02-07', 614052, 'GT/1729', 43, NULL, NULL, '', NULL, 15250.00, 'Kalpesh', '', '', 0, '0000-00-00', 'released', 'panding', '', NULL, '', 'seen', 0, '2019-05-24 06:52:53'),
(90, 31, 37, 'sales', 2019, 'may', 31, 3, 'documents/4502_nikita/2019/e_may/sales/2.pdf', '2019-03-31', 918321, '2', 43, NULL, NULL, '', NULL, 746172.00, 'Kalpesh', '', '', 0, '0000-00-00', 'released', 'panding', '', NULL, '', 'seen', 0, '2019-05-24 07:06:40'),
(91, 31, 37, 'sales', 2019, 'may', 31, 1, 'documents/4502_nikita/2019/e_may/sales/118.pdf', '2019-01-31', 615486, 'T-361', 43, NULL, NULL, '', NULL, 259151.00, 'Kalpesh', '', '', 0, '0000-00-00', 'released', 'panding', '', NULL, '', 'seen', 0, '2019-05-24 07:16:30'),
(92, 31, 37, 'sales', 2019, 'may', 31, 1, 'documents/4502_nikita/2019/e_may/sales/117.pdf', '2019-01-31', 510016, 'T-360', 43, NULL, NULL, '', NULL, 155992.00, 'Kalpesh', '', '', 0, '0000-00-00', 'released', 'panding', '', NULL, '', 'unseen', 0, '2019-05-24 10:59:29'),
(93, 31, 37, 'sales', 2019, 'may', 31, 1, 'documents/4502_nikita/2019/e_may/sales/116.pdf', '2019-01-31', 767218, 'T-359', 43, NULL, NULL, '', NULL, 151629.00, 'Kalpesh', '', '', 0, '0000-00-00', 'released', 'panding', '', NULL, '', 'seen', 0, '2019-05-25 06:03:37'),
(94, 31, 38, 'purchase', 2019, 'may', 8, 2, 'documents/4502_nikita/2019/e_may/purchase/90.pdf', '2019-02-08', 477519, '106', 87, NULL, NULL, '', NULL, 25259.00, 'mehul', '', '', 0, '0000-00-00', 'released', 'panding', '', NULL, '', 'seen', 0, '2019-05-28 05:35:37'),
(95, 31, 38, 'purchase', 2019, 'may', 10, 2, 'documents/4502_nikita/2019/e_may/purchase/91.pdf', '2019-02-10', 779275, '107', 87, NULL, NULL, '', NULL, 14741.00, 'mehul', '', '', 0, '0000-00-00', 'released', 'panding', '', NULL, '', 'seen', 0, '2019-05-29 08:30:15'),
(96, 31, 38, 'purchase', 2019, 'may', 30, 3, 'documents/4502_nikita/2019/e_may/purchase/5.pdf', '2019-03-30', 913996, '941', 87, NULL, NULL, '', NULL, 9000.00, 'mehul', '', '', 0, '0000-00-00', 'released', 'panding', '', NULL, '', 'seen', 0, '2019-05-30 10:29:57'),
(97, 31, 38, 'purchase', 2019, 'may', 20, 8, 'documents/4502_nikita/2019/f_june/purchase/10.pdf', '2017-08-20', 675513, 'T-No.0066/2017-18', 87, NULL, NULL, '', NULL, 29248.00, 'mehul', '', '', 0, '0000-00-00', 'released', 'panding', '', NULL, '', 'seen', 0, '2019-06-05 06:59:17'),
(98, 31, 37, 'purchase', 2019, 'june', 20, 8, 'documents/4502_nikita/2019/f_june/purchase/9.pdf', '2017-08-20', 159498, '0067/2017-18', 87, NULL, NULL, '', NULL, 24576.00, 'Kalpesh', '', '', 0, '0000-00-00', 'released', 'panding', '', NULL, '', 'seen', 0, '2019-06-05 07:04:27'),
(99, 31, 37, 'purchase', 2019, 'june', 20, 8, 'documents/4502_nikita/2019/f_june/purchase/8.pdf', '2017-08-20', 295594, '0068/2017-18', 87, NULL, NULL, '', NULL, 26444.00, 'Kalpesh', '', '', 0, '0000-00-00', 'released', 'panding', '', NULL, '', 'unseen', 0, '2019-06-05 07:11:21'),
(100, 31, 38, 'purchase', 2019, 'may', 20, 8, 'documents/4502_nikita/2019/f_june/purchase/11.pdf', '2017-08-20', 337226, 'T.No.0065/2017-18', 87, NULL, NULL, '', NULL, 26864.00, 'mehul', '', '', 0, '0000-00-00', 'released', 'panding', '', NULL, '', 'seen', 0, '2019-06-05 07:13:21'),
(101, 31, 38, 'purchase', 2019, 'may', 16, 8, 'documents/4502_nikita/2019/f_june/purchase/74.pdf', '2017-08-16', 773711, 'T.No.0004/2017-18', 87, NULL, NULL, '', NULL, 4324.38, 'mehul', '', '', 0, '0000-00-00', 'released', 'panding', '', NULL, '', 'seen', 0, '2019-06-05 07:20:04'),
(102, 31, 37, 'purchase', 2019, 'june', 16, 8, 'documents/4502_nikita/2019/f_june/purchase/74.pdf', '2017-08-16', 437623, '0004/2017-18', 87, NULL, NULL, '', NULL, 4324.38, 'Kalpesh', '', '', 0, '0000-00-00', 'released', 'panding', '', NULL, '', 'unseen', 0, '2019-06-05 08:33:25'),
(103, 31, 37, 'purchase', 2019, 'june', 16, 8, 'documents/4502_nikita/2019/f_june/purchase/73.pdf', '2017-08-16', 301052, '0005/2017-18', 87, NULL, NULL, '', NULL, 2910.50, 'Kalpesh', '', '', 0, '0000-00-00', 'released', 'panding', '', NULL, '', 'seen', 0, '2019-06-05 08:39:58'),
(104, 31, 37, 'purchase', 2019, 'june', 16, 8, 'documents/4502_nikita/2019/f_june/purchase/72.pdf', '2017-08-16', 745546, '0006/2017-18', 87, NULL, NULL, '', NULL, 8187.63, 'Kalpesh', '', '', 0, '0000-00-00', 'released', 'panding', '', NULL, '', 'seen', 0, '2019-06-05 08:51:50'),
(105, 31, 38, 'purchase', 2019, 'may', 20, 8, 'documents/4502_nikita/2019/f_june/purchase/12.pdf', '2017-08-20', 622438, 'T.No.0064/2017-18', 87, NULL, NULL, '', NULL, 33920.00, 'mehul', '', '', 0, '0000-00-00', 'released', 'panding', '', NULL, '', 'seen', 0, '2019-06-05 08:55:48'),
(106, 31, 37, 'purchase', 2019, 'june', 16, 8, 'documents/4502_nikita/2019/f_june/purchase/69.pdf', '2017-08-16', 821494, '0009/2017-18', 87, NULL, NULL, '', NULL, 2458.00, 'Kalpesh', '', '', 0, '0000-00-00', 'released', 'panding', '', NULL, '', 'seen', 0, '2019-06-05 09:06:06'),
(107, 31, 37, 'purchase', 2019, 'june', 16, 8, 'documents/4502_nikita/2019/f_june/purchase/67.pdf', '2017-08-16', 499327, '0011/2017-18', 87, NULL, NULL, '', NULL, 2895.00, 'Kalpesh', '', '', 0, '0000-00-00', 'released', 'panding', '', NULL, '', 'unseen', 0, '2019-06-05 10:22:55'),
(108, 31, 37, 'purchase', 2019, 'june', 16, 8, 'documents/4502_nikita/2019/f_june/purchase/66.pdf', '2017-08-16', 851702, '0012/2017-18', 87, NULL, NULL, '', NULL, 8654.00, 'Kalpesh', '', '', 0, '0000-00-00', 'released', 'panding', '', NULL, '', 'unseen', 0, '2019-06-05 10:50:13'),
(109, 31, 37, 'purchase', 2019, 'june', 16, 8, 'documents/4502_nikita/2019/f_june/purchase/65.pdf', '2017-08-16', 906566, '0013/2017-18', 87, NULL, NULL, '', NULL, 5919.25, 'Kalpesh', '', '', 0, '0000-00-00', 'released', 'panding', '', NULL, '', 'unseen', 0, '2019-06-05 10:55:19'),
(110, 31, 37, 'purchase', 2019, 'june', 16, 8, 'documents/4502_nikita/2019/f_june/purchase/64.pdf', '2017-08-16', 112073, '0014/2017-18', 87, NULL, NULL, '', NULL, 6962.00, 'Kalpesh', '', '', 0, '0000-00-00', 'released', 'panding', '', NULL, '', 'seen', 0, '2019-06-05 10:58:17'),
(111, 31, 38, 'purchase', 2019, 'may', 20, 8, 'documents/4502_nikita/2019/f_june/purchase/13.pdf', '2017-08-20', 136924, 'T.No.0063/2017-18', 87, NULL, NULL, '', NULL, 31817.00, 'mehul', '', '', 0, '0000-00-00', 'released', 'panding', '', NULL, '', 'seen', 0, '2019-06-05 10:58:20'),
(112, 31, 37, 'purchase', 2019, 'june', 16, 8, 'documents/4502_nikita/2019/f_june/purchase/62.pdf', '2017-08-16', 413319, '0016/2017-18', 87, NULL, NULL, '', NULL, 3548.00, 'Kalpesh', '', '', 0, '0000-00-00', 'released', 'panding', '', NULL, '', 'unseen', 0, '2019-06-05 11:00:13'),
(113, 31, 37, 'purchase', 2019, 'june', 20, 8, 'documents/4502_nikita/2019/f_june/purchase/6.pdf', '2017-08-20', 830688, '0070/2017-18', 87, NULL, NULL, '', NULL, 32052.00, 'Kalpesh', '', '', 0, '0000-00-00', 'released', 'panding', '', NULL, '', 'unseen', 0, '2019-06-05 11:04:33'),
(114, 31, 37, 'purchase', 2019, 'june', 16, 8, 'documents/4502_nikita/2019/f_june/purchase/59.pdf', '2017-08-16', 365512, '0019/2017-18', 87, NULL, NULL, '', NULL, 3105.50, 'Kalpesh', '', '', 0, '0000-00-00', 'released', 'panding', '', NULL, '', 'unseen', 0, '2019-06-05 11:06:38'),
(115, 31, 37, 'purchase', 2019, 'june', 16, 8, 'documents/4502_nikita/2019/f_june/purchase/56.pdf', '2017-08-16', 346514, '0022/2017-18', 87, NULL, NULL, '', NULL, 2458.00, 'Kalpesh', '', '', 0, '0000-00-00', 'released', 'panding', '', NULL, '', 'unseen', 0, '2019-06-05 11:09:34'),
(116, 31, 37, 'purchase', 2019, 'june', 16, 8, 'documents/4502_nikita/2019/f_june/purchase/53.pdf', '2017-08-16', 111983, '0025/2017-18', 87, NULL, NULL, '', NULL, 4303.75, 'Kalpesh', '', '', 0, '0000-00-00', 'released', 'panding', '', NULL, '', 'unseen', 0, '2019-06-05 11:16:02'),
(117, 31, 38, 'purchase', 2019, 'may', 20, 8, 'documents/4502_nikita/2019/f_june/purchase/14.pdf', '2017-08-20', 233725, 'T-No.0062/2017-18', 87, NULL, NULL, '', NULL, 33920.00, 'mehul', '', '', 0, '0000-00-00', 'released', 'panding', '', NULL, '', 'seen', 0, '2019-06-05 11:22:41'),
(118, 31, 37, 'purchase', 2019, 'june', 16, 8, 'documents/4502_nikita/2019/f_june/purchase/52.pdf', '2017-08-16', 257711, '0026/2017-18', 87, NULL, NULL, '', NULL, 6379.00, 'Kalpesh', '', '', 0, '0000-00-00', 'released', 'panding', '', NULL, '', 'seen', 0, '2019-06-06 05:15:03'),
(119, 31, 37, 'purchase', 2019, 'june', 16, 8, 'documents/4502_nikita/2019/f_june/purchase/50.pdf', '2017-08-16', 501779, '0028/2017-18', 87, NULL, NULL, '', NULL, 4027.50, 'Kalpesh', '', '', 0, '0000-00-00', 'released', 'panding', '', NULL, '', 'unseen', 0, '2019-06-06 05:21:15'),
(120, 31, 38, 'purchase', 2019, 'may', 20, 8, 'documents/4502_nikita/2019/f_june/purchase/15.pdf', '2017-08-20', 207862, 'T.No.0061/2017-18', 87, NULL, NULL, '', NULL, 24576.00, 'mehul', '', '', 0, '0000-00-00', 'released', 'panding', '', NULL, '', 'seen', 0, '2019-06-06 05:29:03'),
(121, 31, 37, 'purchase', 2019, 'june', 16, 8, 'documents/4502_nikita/2019/f_june/purchase/48.pdf', '2017-08-16', 198587, '0030/2017-18', 87, NULL, NULL, '', NULL, 5174.50, 'Kalpesh', '', '', 0, '0000-00-00', 'released', 'panding', '', NULL, '', 'unseen', 0, '2019-06-06 05:36:36'),
(122, 31, 37, 'purchase', 2019, 'june', 16, 8, 'documents/4502_nikita/2019/f_june/purchase/45.pdf', '2017-08-16', 840467, '0033/2017-18', 87, NULL, NULL, '', NULL, 5174.50, 'Kalpesh', '', '', 0, '0000-00-00', 'released', 'panding', '', NULL, '', 'seen', 0, '2019-06-06 05:48:17'),
(123, 31, 38, 'purchase', 2019, 'may', 20, 8, 'documents/4502_nikita/2019/f_june/purchase/16.pdf', '2017-08-20', 285776, 'T.No.0060/2017-18', 87, NULL, NULL, '', NULL, 31817.00, 'mehul', '', '', 0, '0000-00-00', 'released', 'panding', '', NULL, '', 'seen', 0, '2019-06-06 05:56:11'),
(124, 31, 38, 'purchase', 2019, 'may', 20, 8, 'documents/4502_nikita/2019/f_june/purchase/17.pdf', '2017-08-20', 388140, 'T.No.0059/2017-18', 87, NULL, NULL, '', NULL, 28546.50, 'mehul', '', '', 0, '0000-00-00', 'released', 'panding', '', NULL, '', 'seen', 0, '2019-06-06 06:29:05'),
(125, 31, 37, 'purchase', 2019, 'june', 16, 8, 'documents/4502_nikita/2019/f_june/purchase/44.pdf', '2017-08-16', 356358, '0034/2017-18', 87, NULL, NULL, '', NULL, 5452.00, 'Kalpesh', '', '', 0, '0000-00-00', 'released', 'panding', '', NULL, '', 'seen', 0, '2019-06-06 07:09:06'),
(126, 31, 37, 'purchase', 2019, 'june', 16, 8, 'documents/4502_nikita/2019/f_june/purchase/43.pdf', '2017-08-16', 860778, '0035/2017-18', 87, NULL, NULL, '', NULL, 8019.88, 'Kalpesh', '', '', 0, '0000-00-00', 'released', 'panding', '', NULL, '', 'unseen', 0, '2019-06-06 07:13:54'),
(127, 31, 37, 'purchase', 2019, 'june', 16, 8, 'documents/4502_nikita/2019/f_june/purchase/40.pdf', '2017-08-16', 721316, '0038/2017-18', 87, NULL, NULL, '', NULL, 5190.50, 'Kalpesh', '', '', 0, '0000-00-00', 'released', 'panding', '', NULL, '', 'unseen', 0, '2019-06-06 07:25:56'),
(128, 31, 37, 'purchase', 2019, 'june', 16, 8, 'documents/4502_nikita/2019/f_june/purchase/39.pdf', '2017-08-16', 312877, '0039/2017-18', 87, NULL, NULL, '', NULL, 6727.25, 'Kalpesh', '', '', 0, '0000-00-00', 'released', 'panding', '', NULL, '', 'seen', 0, '2019-06-06 08:22:05'),
(129, 31, 37, 'purchase', 2019, 'june', 16, 8, 'documents/4502_nikita/2019/f_june/purchase/37.pdf', '2017-08-16', 667036, '0041/2017-18', 87, NULL, NULL, '', NULL, 8019.88, 'Kalpesh', '', '', 0, '0000-00-00', 'released', 'panding', '', NULL, '', 'unseen', 0, '2019-06-06 08:26:35'),
(130, 31, 38, 'purchase', 2019, 'may', 11, 7, 'documents/4502_nikita/2019/f_june/purchase/18.pdf', '2017-07-11', 920275, 'T.No.0058/2017-18', 87, NULL, NULL, '', NULL, 23874.00, 'mehul', '', '', 0, '0000-00-00', 'released', 'panding', '', NULL, '', 'seen', 0, '2019-06-06 09:13:36'),
(131, 31, 37, 'purchase', 2019, 'june', 16, 8, 'documents/4502_nikita/2019/f_june/purchase/35.pdf', '2017-08-16', 813591, '0043/2017-18', 87, NULL, NULL, '', NULL, 6039.26, 'Kalpesh', '', '', 0, '0000-00-00', 'released', 'panding', '', NULL, '', 'unseen', 0, '2019-06-06 09:24:11'),
(132, 31, 38, 'purchase', 2019, 'may', 20, 8, 'documents/4502_nikita/2019/f_june/purchase/19.pdf', '2017-08-20', 923034, 'T.No.0057/2017-18', 87, NULL, NULL, '', NULL, 30649.00, 'mehul', '', '', 0, '0000-00-00', 'released', 'panding', '', NULL, '', 'seen', 0, '2019-06-06 09:38:57'),
(133, 31, 38, 'purchase', 2019, 'may', 20, 8, 'documents/4502_nikita/2019/f_june/purchase/20.pdf', '2017-08-20', 415685, 'T.No.0056/2017-18', 87, NULL, NULL, '', NULL, 29248.00, 'mehul', '', '', 0, '0000-00-00', 'released', 'panding', '', NULL, '', 'seen', 0, '2019-06-06 09:56:12'),
(134, 31, 38, 'purchase', 2019, 'may', 20, 8, 'documents/4502_nikita/2019/f_june/purchase/21.pdf', '2017-08-20', 665689, 'T.No.0055/2017-18', 87, NULL, NULL, '', NULL, 32052.00, 'mehul', '', '', 0, '0000-00-00', 'released', 'panding', '', NULL, '', 'seen', 0, '2019-06-06 10:27:04'),
(135, 31, 38, 'purchase', 2019, 'may', 16, 8, 'documents/4502_nikita/2019/f_june/purchase/26.pdf', '2017-08-16', 604686, 'T.No.0051/2017-18', 87, NULL, NULL, '', NULL, 473600.00, 'mehul', '', '', 0, '0000-00-00', 'released', 'panding', '', NULL, '', 'seen', 0, '2019-06-06 10:49:15'),
(136, 31, 38, 'purchase', 2019, 'may', 20, 8, 'documents/4502_nikita/2019/f_june/purchase/3.pdf', '2018-08-20', 715210, 'T.No.0073/2017-18', 87, NULL, NULL, '', NULL, 62856.25, 'mehul', '', '', 0, '0000-00-00', 'released', 'panding', '', NULL, '', 'seen', 0, '2019-06-06 12:24:04'),
(137, 31, 38, 'purchase', 2019, 'may', 16, 8, 'documents/4502_nikita/2019/f_june/purchase/27.pdf', '2017-08-16', 141588, 'T.No.0050/2017-18', 87, NULL, NULL, '', NULL, 100886.25, 'mehul', '', '', 0, '0000-00-00', 'released', 'panding', '', NULL, '', 'seen', 0, '2019-06-07 06:19:15'),
(138, 31, 37, 'purchase', 2019, 'june', 16, 8, 'documents/4502_nikita/2019/f_june/purchase/34.pdf', '2017-08-16', 757069, '0044/2017-18', 87, NULL, NULL, '', NULL, 6004.14, 'Kalpesh', '', '', 0, '0000-00-00', 'released', 'panding', '', NULL, '', 'seen', 0, '2019-06-07 07:04:16'),
(139, 31, 37, 'purchase', 2019, 'june', 16, 8, 'documents/4502_nikita/2019/f_june/purchase/33.pdf', '2017-08-16', 409619, '0045/2017-18', 87, NULL, NULL, '', NULL, 7295.00, 'Kalpesh', '', '', 0, '0000-00-00', 'released', 'panding', '', NULL, '', 'seen', 0, '2019-06-07 07:13:39'),
(140, 31, 38, 'purchase', 2019, 'may', 16, 8, 'documents/4502_nikita/2019/f_june/purchase/29.pdf|-|documents/4502_nikita/2019/f_june/purchase/30.pdf', '2017-08-16', 370910, 'T.No.0049/2017-18', 87, NULL, NULL, '', NULL, 113834.88, 'mehul', '', '', 0, '0000-00-00', 'released', 'panding', '', NULL, '', 'seen', 0, '2019-06-07 08:44:45'),
(141, 31, 38, 'purchase', 2019, 'may', 16, 8, 'documents/4502_nikita/2019/f_june/purchase/31.pdf', '2017-08-16', 965115, 'T.No.0047/2017-18', 87, NULL, NULL, '', NULL, 10859.56, 'mehul', '', '', 0, '0000-00-00', 'released', 'panding', '', NULL, '', 'seen', 0, '2019-06-07 10:20:20'),
(142, 31, 37, 'purchase', 2019, 'june', 16, 8, 'documents/4502_nikita/2019/f_june/purchase/31.pdf', '2017-08-16', 571076, '0047/2017-18', 87, NULL, NULL, '', NULL, 10859.56, 'Kalpesh', '', '', 0, '0000-00-00', 'released', 'panding', '', NULL, '', 'seen', 0, '2019-06-07 10:29:01');

-- --------------------------------------------------------

--
-- Table structure for table `tbl_form_info`
--

CREATE TABLE `tbl_form_info` (
  `fi_id` int(11) NOT NULL,
  `fid` int(11) NOT NULL,
  `s_ledger_name` int(11) NOT NULL,
  `s_effect` varchar(10) DEFAULT NULL,
  `discount_one` int(11) DEFAULT '0',
  `amt_taxable` decimal(11,2) NOT NULL,
  `sgst` decimal(11,2) DEFAULT NULL,
  `s_aot` decimal(11,2) DEFAULT NULL,
  `cgst` decimal(11,2) DEFAULT NULL,
  `c_aot` decimal(11,2) DEFAULT NULL,
  `ugst` decimal(11,2) DEFAULT NULL,
  `u_aot` decimal(11,2) DEFAULT NULL,
  `igst` decimal(11,2) DEFAULT NULL,
  `i_aot` decimal(11,2) DEFAULT NULL,
  `cess_code` varchar(50) NOT NULL,
  `discount_two` int(11) DEFAULT '0',
  `item_name` int(11) NOT NULL,
  `qty` decimal(11,3) NOT NULL,
  `rate` decimal(11,3) NOT NULL,
  `unit` varchar(50) DEFAULT NULL,
  `lot_no` varchar(50) NOT NULL,
  `lot_mfg_date` date NOT NULL,
  `lot_exp_date` date NOT NULL
) ENGINE=InnoDB DEFAULT CHARSET=latin1;

--
-- Dumping data for table `tbl_form_info`
--

INSERT INTO `tbl_form_info` (`fi_id`, `fid`, `s_ledger_name`, `s_effect`, `discount_one`, `amt_taxable`, `sgst`, `s_aot`, `cgst`, `c_aot`, `ugst`, `u_aot`, `igst`, `i_aot`, `cess_code`, `discount_two`, `item_name`, `qty`, `rate`, `unit`, `lot_no`, `lot_mfg_date`, `lot_exp_date`) VALUES
(17, 46, 43, NULL, 0, '36000.00', '9.00', '3240.00', '9.00', '3240.00', '0.00', '0.00', '0.00', '0.00', '123', 10, 6, '20.000', '2000.000', NULL, '123', '2019-05-01', '2019-05-01'),
(18, 46, 43, NULL, 0, '11250.00', '9.00', '1012.50', '9.00', '1012.50', '0.00', '0.00', '0.00', '0.00', '234', 10, 4, '5.000', '2500.000', NULL, '234', '2019-05-01', '2019-05-01'),
(19, 51, 83, NULL, 0, '16021.14', '9.00', '1441.90', '9.00', '1441.90', '0.00', '0.00', '0.00', '0.00', '1', 0, 1, '29.000', '538.200', NULL, '123', '2019-05-03', '2019-05-04'),
(20, 51, 83, NULL, 0, '12816.91', '9.00', '1153.52', '9.00', '1153.52', '0.00', '0.00', '0.00', '0.00', '1', 0, 2, '29.000', '430.560', NULL, '123', '2019-05-03', '2019-05-04'),
(21, 55, 3, NULL, 0, '7551.18', '6.00', '453.07', '6.00', '453.07', '0.00', '0.00', '0.00', '0.00', '0', 0, 1, '1.000', '7551.180', NULL, '123', '2019-03-12', '2019-03-05'),
(22, 56, 3, NULL, 0, '7551.18', '5.00', '0.00', '5.00', '0.00', '0.00', '0.00', '0.00', '0.00', '0', 0, 1, '1.000', '7551.180', NULL, '123', '2019-03-12', '2019-03-05'),
(23, 57, 84, NULL, 0, '132092.31', '5.00', '6604.62', '0.00', '0.00', '0.00', '0.00', '0.00', '0.00', '1', 0, 1, '630.000', '209.520', NULL, '123', '2019-05-03', '2019-05-03'),
(24, 59, 5, NULL, 0, '13813.92', '2.50', '345.35', '2.50', '345.35', '0.00', '0.00', '0.00', '0.00', '0', 0, 1, '65.000', '209.520', NULL, '123', '2019-05-14', '2019-05-14'),
(25, 60, 89, NULL, 0, '1250.00', '6.00', '75.00', '6.00', '75.00', '0.00', '0.00', '0.00', '0.00', '0', 0, 1, '5.000', '250.000', NULL, '0', '2019-05-05', '2019-05-05'),
(26, 70, 90, NULL, 0, '13813.92', '2.50', '345.35', '2.50', '345.35', '0.00', '0.00', '0.00', '0.00', '0', 0, 1, '65.000', '212.500', NULL, '0', '2019-03-31', '2019-03-31'),
(27, 71, 90, NULL, 0, '12209.51', '2.50', '305.24', '2.50', '305.24', '0.00', '0.00', '0.00', '0.00', '1', 0, 1, '51.000', '238.100', NULL, '123', '2019-05-02', '2019-05-06'),
(28, 71, 90, NULL, 0, '28226.52', '2.50', '705.66', '2.50', '705.66', '0.00', '0.00', '0.00', '0.00', '1', 0, 2, '87.000', '323.810', NULL, '123', '2019-05-07', '2019-05-08'),
(29, 72, 94, NULL, 0, '16415.46', '2.50', '410.39', '2.50', '410.39', '0.00', '0.00', '0.00', '0.00', '1', 0, 1, '69.000', '238.100', NULL, '123', '2019-05-01', '2019-05-31'),
(30, 72, 94, NULL, 0, '26554.02', '2.50', '663.85', '2.50', '663.85', '0.00', '0.00', '0.00', '0.00', '1', 0, 2, '85.000', '314.280', NULL, '123', '2019-05-01', '2019-05-31'),
(31, 73, 93, NULL, 0, '132092.31', '2.50', '3302.31', '2.50', '3302.31', '0.00', '0.00', '0.00', '0.00', '1', 0, 1, '630.000', '209.520', NULL, '123', '2019-05-01', '2019-05-31'),
(32, 74, 92, NULL, 0, '23088.42', '2.50', '577.21', '2.50', '577.21', '0.00', '0.00', '0.00', '0.00', '1', 0, 1, '86.000', '268.470', NULL, '123', '2019-05-15', '2019-05-16'),
(33, 74, 92, NULL, 0, '31138.31', '2.50', '778.46', '2.50', '778.46', '0.00', '0.00', '0.00', '0.00', '1', 0, 2, '86.000', '362.080', NULL, '123', '2019-05-07', '2019-05-08'),
(34, 75, 93, NULL, 0, '41415.61', '2.50', '1035.42', '2.50', '1035.42', '0.00', '0.00', '0.00', '0.00', '1', 0, 1, '197.000', '210.230', NULL, '123', '2019-05-07', '2019-05-08'),
(35, 75, 93, NULL, 0, '170804.56', '2.50', '4270.11', '2.50', '4270.11', '0.00', '0.00', '0.00', '0.00', '1', 0, 2, '1379.000', '123.860', NULL, '123', '2019-05-07', '2019-05-08'),
(36, 76, 101, NULL, 0, '14555.46', '2.50', '363.89', '2.50', '363.89', '0.00', '0.00', '0.00', '0.00', '1', 0, 1, '127.000', '114.620', NULL, '123', '2019-05-01', '2019-05-31'),
(37, 77, 101, NULL, 0, '281237.77', '2.50', '7030.94', '2.50', '7030.94', '0.00', '0.00', '0.00', '0.00', '1', 0, 1, '1342.000', '209.570', NULL, '123', '2019-05-01', '2019-05-31'),
(38, 77, 101, NULL, 0, '81429.34', '2.50', '2035.73', '2.50', '2035.73', '0.00', '0.00', '0.00', '0.00', '1', 0, 2, '712.000', '114.370', NULL, '123', '2019-05-01', '2019-05-31'),
(39, 78, 100, NULL, 0, '40320.28', '2.50', '1008.01', '2.50', '1008.01', '0.00', '0.00', '0.00', '0.00', '1', 0, 1, '76.000', '530.530', NULL, '123', '2019-05-06', '2019-05-07'),
(40, 78, 100, NULL, 0, '323022.83', '2.50', '8075.57', '2.50', '8075.57', '0.00', '0.00', '0.00', '0.00', '1', 0, 2, '506.000', '638.380', NULL, '123', '2019-05-09', '2019-05-10'),
(41, 79, 102, NULL, 0, '389868.00', '2.50', '9746.70', '2.50', '9746.70', '0.00', '0.00', '0.00', '0.00', '1', 0, 1, '5848.000', '66.660', NULL, '123', '2019-05-01', '2019-05-31'),
(42, 80, 106, NULL, 0, '54674.40', '9.00', '4920.70', '9.00', '4920.70', '0.00', '0.00', '0.00', '0.00', '1', 0, 1, '44.000', '1242.600', NULL, '123', '2019-05-07', '2019-05-08'),
(43, 81, 88, NULL, 0, '22082.99', '9.00', '1987.47', '9.00', '1987.47', '0.00', '0.00', '0.00', '0.00', '1', 0, 2, '0.000', '0.000', NULL, '123', '2019-05-13', '2019-05-14'),
(44, 81, 88, NULL, 0, '50.00', '2.50', '1.25', '2.50', '1.25', '0.00', '0.00', '0.00', '0.00', '1', 0, 2, '0.000', '0.000', NULL, '123', '2019-05-09', '2019-05-10'),
(45, 82, 88, NULL, 0, '2400.00', '9.00', '216.00', '9.00', '216.00', '0.00', '0.00', '0.00', '0.00', '1', 0, 1, '1.000', '2400.000', NULL, '123', '2019-05-14', '2019-05-15'),
(49, 83, 88, NULL, 0, '24198.01', '9.00', '2177.82', '9.00', '2177.82', '0.00', '0.00', '0.00', '0.00', '1', 0, 1, '0.000', '0.000', NULL, '123', '2019-05-07', '2019-05-08'),
(50, 83, 88, NULL, 0, '150.00', '2.50', '3.75', '2.50', '3.75', '0.00', '0.00', '0.00', '0.00', '1', 0, 2, '0.000', '0.000', NULL, '123', '2019-05-10', '2019-05-11'),
(51, 83, 88, NULL, 0, '300.02', '14.00', '42.00', '14.00', '42.00', '0.00', '0.00', '0.00', '0.00', '1', 0, 3, '0.000', '0.000', NULL, '123', '2019-05-14', '2019-05-15'),
(52, 84, 102, NULL, 0, '710640.00', '2.50', '17766.00', '2.50', '17766.00', '0.00', '0.00', '0.00', '0.00', '1', 0, 1, '10152.000', '70.000', NULL, '123', '2019-05-01', '2019-05-31'),
(53, 85, 107, NULL, 0, '12400.00', '9.00', '1116.00', '9.00', '1116.00', '0.00', '0.00', '0.00', '0.00', '1', 0, 1, '200.000', '62.000', NULL, '123', '2019-05-01', '2019-05-31'),
(54, 86, 113, NULL, 0, '2542.40', '9.00', '228.82', '9.00', '228.82', '0.00', '0.00', '0.00', '0.00', '1', 0, 1, '7.000', '363.200', NULL, '123', '2019-05-10', '2019-05-11'),
(55, 87, 103, NULL, 0, '48948.78', '2.50', '1223.72', '2.50', '1223.72', '0.00', '0.00', '0.00', '0.00', '1', 0, 1, '222.000', '220.490', NULL, '123', '2019-05-13', '2019-05-14'),
(56, 88, 106, NULL, 0, '11540.00', '9.00', '1038.60', '9.00', '1038.60', '0.00', '0.00', '0.00', '0.00', '1', 0, 1, '20.000', '577.000', NULL, '123', '2019-05-06', '2019-05-07'),
(57, 89, 117, NULL, 0, '10507.81', '14.00', '1471.09', '14.00', '1471.09', '0.00', '0.00', '0.00', '0.00', '1', 0, 1, '1.000', '10507.810', NULL, '123', '2019-05-01', '2019-05-31'),
(58, 89, 117, NULL, 0, '351.56', '14.00', '49.22', '14.00', '49.22', '0.00', '0.00', '0.00', '0.00', '1', 0, 2, '1.000', '351.560', NULL, '123', '2019-05-01', '2019-05-31'),
(59, 89, 117, NULL, 0, '1054.69', '14.00', '147.66', '14.00', '147.66', '0.00', '0.00', '0.00', '0.00', '1', 0, 3, '1.000', '1054.690', NULL, '123', '2019-05-01', '2019-05-31'),
(60, 90, 102, NULL, 0, '710640.00', '2.50', '17766.00', '2.50', '17766.00', '0.00', '0.00', '0.00', '0.00', '1', 0, 1, '10152.000', '70.000', NULL, '123', '2019-05-01', '2019-05-31'),
(61, 91, 93, NULL, 0, '192935.98', '2.50', '4823.40', '2.50', '4823.40', '0.00', '0.00', '0.00', '0.00', '1', 0, 1, '920.000', '209.710', NULL, '123', '2019-05-01', '2019-05-31'),
(62, 91, 93, NULL, 0, '53874.42', '2.50', '1346.86', '2.50', '1346.86', '0.00', '0.00', '0.00', '0.00', '1', 0, 2, '114.000', '472.580', NULL, '123', '2019-05-01', '2019-05-31'),
(63, 92, 90, NULL, 0, '134110.03', '2.50', '3352.75', '2.50', '3352.75', '0.00', '0.00', '0.00', '0.00', '1', 0, 1, '640.000', '209.550', NULL, '123', '2019-05-01', '2019-05-31'),
(64, 92, 101, NULL, 0, '14453.75', '2.50', '361.34', '2.50', '361.34', '0.00', '0.00', '0.00', '0.00', '1', 0, 2, '126.000', '114.720', NULL, '123', '2019-05-01', '2019-05-31'),
(65, 93, 90, NULL, 0, '4429.25', '2.50', '110.73', '2.50', '110.73', '0.00', '0.00', '0.00', '0.00', '1', 0, 1, '21.000', '210.950', NULL, '123', '2019-05-01', '2019-05-31'),
(66, 93, 90, NULL, 0, '67138.28', '2.50', '1678.46', '2.50', '1678.46', '0.00', '0.00', '0.00', '0.00', '1', 0, 2, '281.000', '238.930', NULL, '123', '2019-05-01', '2019-05-31'),
(67, 93, 90, NULL, 0, '72841.06', '2.50', '1821.03', '2.50', '1821.03', '0.00', '0.00', '0.00', '0.00', '1', 0, 3, '224.000', '325.200', NULL, '123', '2019-05-01', '2019-05-31'),
(68, 94, 118, NULL, 0, '19733.20', '14.00', '2762.65', '14.00', '2762.65', '0.00', '0.00', '0.00', '0.00', '1', 0, 1, '0.000', '0.000', NULL, '123', '2019-05-14', '2019-05-15'),
(69, 95, 118, NULL, 0, '12492.70', '9.00', '1124.34', '9.00', '1124.34', '0.00', '0.00', '0.00', '0.00', '1', 0, 1, '0.000', '0.000', NULL, '123', '2019-05-14', '2019-05-15'),
(70, 96, 109, NULL, 0, '8035.71', '6.00', '482.14', '6.00', '482.14', '0.00', '0.00', '0.00', '0.00', '1', 0, 1, '1.000', '8035.710', NULL, '123', '2019-05-15', '2019-05-16'),
(71, 97, 86, NULL, 0, '8900.00', '14.00', '1246.00', '14.00', '1246.00', '0.00', '0.00', '0.00', '0.00', '1', 0, 1, '0.000', '0.000', NULL, '123', '2019-06-03', '2019-06-04'),
(72, 97, 86, NULL, 0, '10950.00', '14.00', '1533.00', '14.00', '1533.00', '0.00', '0.00', '0.00', '0.00', '1', 0, 2, '0.000', '0.000', NULL, '123', '2018-06-04', '2019-06-04'),
(73, 97, 0, NULL, 0, '3000.00', '14.00', '420.00', '14.00', '420.00', '0.00', '0.00', '0.00', '0.00', '1', 0, 3, '0.000', '0.000', NULL, '123', '2019-06-03', '2019-06-04'),
(74, 98, 86, NULL, 0, '8900.00', '14.00', '1246.00', '14.00', '1246.00', '0.00', '0.00', '0.00', '0.00', '1', 0, 1, '712.000', '12.500', NULL, '123', '2019-06-01', '2019-06-30'),
(75, 98, 86, NULL, 0, '7300.00', '14.00', '1022.00', '14.00', '1022.00', '0.00', '0.00', '0.00', '0.00', '1', 0, 2, '20.000', '365.000', NULL, '123', '2019-06-01', '2019-06-30'),
(76, 98, 86, NULL, 0, '3000.00', '14.00', '420.00', '14.00', '420.00', '0.00', '0.00', '0.00', '0.00', '1', 0, 3, '1.000', '3000.000', NULL, '123', '2019-06-01', '2019-06-30'),
(77, 99, 86, NULL, 0, '8900.00', '14.00', '1246.00', '14.00', '1246.00', '0.00', '0.00', '0.00', '0.00', '1', 0, 1, '712.000', '12.500', NULL, '123', '2019-06-01', '2019-06-30'),
(78, 99, 86, NULL, 0, '8760.00', '14.00', '1226.40', '14.00', '1226.40', '0.00', '0.00', '0.00', '0.00', '1', 0, 2, '24.000', '365.000', NULL, '123', '2019-06-01', '2019-06-30'),
(79, 99, 86, NULL, 0, '3000.00', '14.00', '420.00', '14.00', '420.00', '0.00', '0.00', '0.00', '0.00', '1', 0, 3, '1.000', '3000.000', NULL, '123', '2019-06-01', '2019-06-30'),
(80, 100, 86, NULL, 0, '8900.00', '14.00', '1246.00', '14.00', '1246.00', '0.00', '0.00', '0.00', '0.00', '1', 0, 1, '712.000', '12.500', NULL, '123', '2019-05-22', '2019-05-23'),
(81, 100, 86, NULL, 0, '9088.50', '14.00', '1272.39', '14.00', '1272.39', '0.00', '0.00', '0.00', '0.00', '1', 0, 2, '365.000', '24.900', NULL, '123', '2019-05-15', '2019-05-16'),
(82, 100, 86, NULL, 0, '3000.00', '14.00', '420.00', '14.00', '420.00', '0.00', '0.00', '0.00', '0.00', '1', 0, 3, '1.000', '3000.000', NULL, '123', '2019-05-20', '2019-05-21'),
(83, 101, 86, NULL, 0, '3378.50', '14.00', '472.99', '14.00', '472.99', '0.00', '0.00', '0.00', '0.00', '1', 0, 1, '29.000', '116.500', NULL, '123', '2019-05-13', '2019-05-14'),
(84, 102, 86, NULL, 0, '3378.38', '14.00', '472.97', '14.00', '472.97', '0.00', '0.00', '0.00', '0.00', '1', 0, 1, '29.000', '116.490', NULL, '123', '2019-06-01', '2019-06-30'),
(85, 103, 84, NULL, 0, '1732.50', '14.00', '242.55', '14.00', '242.55', '0.00', '0.00', '0.00', '0.00', '1', 0, 1, '15.000', '115.500', NULL, '123', '2019-06-01', '2019-06-30'),
(86, 103, 84, NULL, 0, '588.00', '9.00', '52.92', '9.00', '52.92', '0.00', '0.00', '0.00', '0.00', '1', 0, 2, '14.000', '42.000', NULL, '123', '2019-06-01', '2019-06-30'),
(87, 104, 84, NULL, 0, '4475.63', '14.00', '626.59', '14.00', '626.59', '0.00', '0.00', '0.00', '0.00', '1', 0, 1, '38.000', '117.820', NULL, '123', '2019-06-01', '2019-06-30'),
(88, 104, 84, NULL, 0, '1364.00', '14.00', '190.96', '14.00', '190.96', '0.00', '0.00', '0.00', '0.00', '1', 0, 2, '8.000', '170.500', NULL, '123', '2019-06-01', '2019-06-30'),
(89, 104, 84, NULL, 0, '604.00', '9.00', '54.36', '9.00', '54.36', '0.00', '0.00', '0.00', '0.00', '1', 0, 3, '1.000', '604.000', NULL, '123', '2019-06-01', '2019-06-30'),
(90, 105, 86, NULL, 0, '8900.00', '14.00', '1246.00', '14.00', '1246.00', '0.00', '0.00', '0.00', '0.00', '1', 0, 1, '712.000', '12.500', NULL, '123', '2019-05-24', '2019-05-25'),
(91, 105, 86, NULL, 0, '14600.00', '14.00', '2044.00', '14.00', '2044.00', '0.00', '0.00', '0.00', '0.00', '1', 0, 2, '365.000', '40.000', NULL, '123', '2019-05-14', '2019-05-15'),
(92, 105, 86, NULL, 0, '3000.00', '14.00', '420.00', '14.00', '420.00', '0.00', '0.00', '0.00', '0.00', '1', 0, 3, '1.000', '3000.000', NULL, '123', '2019-05-20', '2019-05-21'),
(93, 106, 84, NULL, 0, '1364.00', '14.00', '190.96', '14.00', '190.96', '0.00', '0.00', '0.00', '0.00', '1', 0, 1, '8.000', '170.500', NULL, '123', '2019-06-01', '2019-06-30'),
(94, 106, 84, NULL, 0, '604.00', '9.00', '54.36', '9.00', '54.36', '0.00', '0.00', '0.00', '0.00', '1', 0, 2, '1.000', '604.000', NULL, '123', '2019-06-01', '2019-06-30'),
(95, 107, 84, NULL, 0, '1705.00', '14.00', '238.70', '14.00', '238.70', '0.00', '0.00', '0.00', '0.00', '1', 0, 1, '10.000', '170.500', NULL, '123', '2019-06-01', '2019-06-30'),
(96, 107, 84, NULL, 0, '604.00', '9.00', '54.36', '9.00', '54.36', '0.00', '0.00', '0.00', '0.00', '1', 0, 2, '1.000', '604.000', NULL, '123', '2019-06-01', '2019-06-30'),
(97, 108, 84, NULL, 0, '4158.00', '14.00', '582.12', '14.00', '582.12', '0.00', '0.00', '0.00', '0.00', '1', 0, 1, '36.000', '115.500', NULL, '123', '2019-06-01', '2019-06-30'),
(98, 108, 84, NULL, 0, '2046.00', '14.00', '286.44', '14.00', '286.44', '0.00', '0.00', '0.00', '0.00', '1', 0, 2, '12.000', '170.500', NULL, '123', '2019-06-01', '2019-06-30'),
(99, 108, 84, NULL, 0, '604.00', '9.00', '54.36', '9.00', '54.36', '0.00', '0.00', '0.00', '0.00', '1', 0, 3, '1.000', '604.000', NULL, '123', '2019-06-01', '2019-06-30'),
(100, 109, 84, NULL, 0, '2021.25', '14.00', '282.98', '14.00', '282.98', '0.00', '0.00', '0.00', '0.00', '1', 0, 1, '17.000', '118.890', NULL, '123', '2019-06-01', '2019-06-30'),
(101, 109, 84, NULL, 0, '2046.00', '14.00', '286.44', '14.00', '286.44', '0.00', '0.00', '0.00', '0.00', '1', 0, 2, '12.000', '170.500', NULL, '123', '2019-06-01', '2019-06-30'),
(102, 109, 84, NULL, 0, '604.00', '9.00', '54.36', '9.00', '54.36', '0.00', '0.00', '0.00', '0.00', '1', 0, 3, '1.000', '604.000', NULL, '123', '2019-06-01', '2019-06-30'),
(103, 110, 84, NULL, 0, '3696.00', '14.00', '517.44', '14.00', '517.44', '0.00', '0.00', '0.00', '0.00', '1', 0, 1, '32.000', '115.500', NULL, '123', '2019-06-01', '2019-06-30'),
(104, 110, 84, NULL, 0, '1890.00', '9.00', '170.10', '9.00', '170.10', '0.00', '0.00', '0.00', '0.00', '1', 0, 2, '36.000', '52.500', NULL, '123', '2019-06-01', '2019-06-30'),
(105, 111, 86, NULL, 0, '8900.00', '14.00', '1246.00', '14.00', '1246.00', '0.00', '0.00', '0.00', '0.00', '1', 0, 1, '712.000', '12.500', NULL, '123', '2019-05-27', '2019-05-28'),
(106, 111, 86, NULL, 0, '12957.50', '14.00', '1814.05', '14.00', '1814.05', '0.00', '0.00', '0.00', '0.00', '1', 0, 2, '365.000', '35.500', NULL, '123', '2019-05-29', '2019-05-30'),
(107, 111, 86, NULL, 0, '3000.00', '14.00', '420.00', '14.00', '420.00', '0.00', '0.00', '0.00', '0.00', '1', 0, 3, '1.000', '3000.000', NULL, '123', '2019-05-30', '2019-05-31'),
(108, 112, 84, NULL, 0, '2772.00', '14.00', '388.08', '14.00', '388.08', '0.00', '0.00', '0.00', '0.00', '1', 0, 1, '24.000', '115.500', NULL, '123', '2019-06-01', '2019-06-30'),
(109, 113, 120, NULL, 0, '8900.00', '14.00', '1246.00', '14.00', '1246.00', '0.00', '0.00', '0.00', '0.00', '1', 0, 1, '712.000', '12.500', NULL, '123', '2019-06-01', '2019-06-30'),
(110, 113, 120, NULL, 0, '13140.00', '14.00', '1839.60', '14.00', '1839.60', '0.00', '0.00', '0.00', '0.00', '1', 0, 2, '36.000', '365.000', NULL, '123', '2019-06-01', '2019-06-30'),
(111, 113, 120, NULL, 0, '3000.00', '14.00', '420.00', '14.00', '420.00', '0.00', '0.00', '0.00', '0.00', '1', 0, 3, '1.000', '3000.000', NULL, '123', '2019-06-01', '2019-06-30'),
(112, 114, 84, NULL, 0, '2425.50', '14.00', '339.57', '14.00', '339.57', '0.00', '0.00', '0.00', '0.00', '1', 0, 1, '21.000', '115.500', NULL, '123', '2019-06-01', '2019-06-30'),
(113, 115, 84, NULL, 0, '1364.00', '14.00', '190.96', '14.00', '190.96', '0.00', '0.00', '0.00', '0.00', '1', 0, 1, '8.000', '170.500', NULL, '123', '2019-06-01', '2019-06-30'),
(114, 115, 84, NULL, 0, '604.00', '9.00', '54.36', '9.00', '54.36', '0.00', '0.00', '0.00', '0.00', '1', 0, 2, '1.000', '604.000', NULL, '123', '2019-06-01', '2019-06-30'),
(115, 116, 84, NULL, 0, '1212.75', '14.00', '169.79', '14.00', '169.79', '0.00', '0.00', '0.00', '0.00', '1', 0, 1, '10.000', '121.250', NULL, '123', '2019-06-01', '2019-06-30'),
(116, 116, 84, NULL, 0, '1512.00', '9.00', '136.08', '9.00', '136.08', '0.00', '0.00', '0.00', '0.00', '1', 0, 2, '36.000', '42.000', NULL, '123', '2019-06-01', '2019-06-30'),
(117, 116, 84, NULL, 0, '819.00', '9.00', '73.71', '9.00', '73.71', '0.00', '0.00', '0.00', '0.00', '1', 0, 3, '42.000', '19.500', NULL, '123', '2019-06-01', '2019-06-30'),
(118, 117, 86, NULL, 0, '8900.00', '14.00', '1246.00', '14.00', '1246.00', '0.00', '0.00', '0.00', '0.00', '1', 0, 1, '712.000', '12.500', NULL, '123', '2019-05-15', '2019-05-16'),
(119, 117, 86, NULL, 0, '14600.00', '14.00', '2044.00', '14.00', '2044.00', '0.00', '0.00', '0.00', '0.00', '1', 0, 2, '40.000', '365.000', NULL, '123', '2019-05-08', '2019-05-09'),
(120, 117, 86, NULL, 0, '3000.00', '14.00', '420.00', '14.00', '420.00', '0.00', '0.00', '0.00', '0.00', '1', 0, 3, '1.000', '3000.000', NULL, '123', '2019-05-17', '2019-05-18'),
(121, 118, 84, NULL, 0, '1512.00', '9.00', '136.08', '9.00', '136.08', '0.00', '0.00', '0.00', '0.00', '1', 0, 1, '36.000', '42.000', NULL, '123', '2019-06-01', '2019-06-30'),
(122, 118, 84, NULL, 0, '1134.00', '9.00', '102.06', '9.00', '102.06', '0.00', '0.00', '0.00', '0.00', '1', 0, 2, '27.000', '42.000', NULL, '123', '2019-06-01', '2019-06-30'),
(123, 118, 84, NULL, 0, '504.00', '9.00', '45.36', '9.00', '45.36', '0.00', '0.00', '0.00', '0.00', '1', 0, 3, '12.000', '42.000', NULL, '123', '2019-06-01', '2019-06-30'),
(124, 118, 84, NULL, 0, '2079.00', '14.00', '291.06', '14.00', '291.06', '0.00', '0.00', '0.00', '0.00', '1', 0, 3, '18.000', '115.500', NULL, '123', '2019-06-01', '2019-06-30'),
(125, 119, 84, NULL, 0, '1732.50', '14.00', '242.55', '14.00', '242.55', '0.00', '0.00', '0.00', '0.00', '1', 0, 1, '15.000', '115.500', NULL, '123', '2019-06-01', '2019-06-30'),
(126, 119, 84, NULL, 0, '945.00', '9.00', '85.05', '9.00', '85.05', '0.00', '0.00', '0.00', '0.00', '1', 0, 2, '18.000', '52.500', NULL, '123', '2019-06-01', '2019-06-30'),
(127, 119, 84, NULL, 0, '588.00', '9.00', '52.92', '9.00', '52.92', '0.00', '0.00', '0.00', '0.00', '1', 0, 3, '14.000', '42.000', NULL, '123', '2019-06-01', '2019-06-30'),
(128, 120, 86, NULL, 0, '8900.00', '14.00', '1246.00', '14.00', '1246.00', '0.00', '0.00', '0.00', '0.00', '1', 0, 1, '712.000', '12.500', NULL, '123', '2019-05-07', '2019-05-08'),
(129, 120, 86, NULL, 0, '7300.00', '14.00', '1022.00', '14.00', '1022.00', '0.00', '0.00', '0.00', '0.00', '1', 0, 2, '20.000', '365.000', NULL, '123', '2019-05-15', '2019-05-16'),
(130, 120, 86, NULL, 0, '3000.00', '14.00', '420.00', '14.00', '420.00', '0.00', '0.00', '0.00', '0.00', '1', 0, 3, '1.000', '3000.000', NULL, '123', '2019-05-20', '2019-05-21'),
(131, 121, 84, NULL, 0, '4042.52', '14.00', '565.95', '14.00', '565.95', '0.00', '0.00', '0.00', '0.00', '1', 0, 1, '35.000', '115.500', NULL, '123', '2019-06-01', '2019-06-30'),
(132, 122, 84, NULL, 0, '4042.50', '14.00', '565.95', '14.00', '565.95', '0.00', '0.00', '0.00', '0.00', '1', 0, 1, '35.000', '115.500', NULL, '123', '2019-06-01', '2019-06-30'),
(133, 123, 86, NULL, 0, '8900.00', '14.00', '1246.00', '14.00', '1246.00', '0.00', '0.00', '0.00', '0.00', '1', 0, 1, '712.000', '12.500', NULL, '123', '2019-05-23', '2019-05-24'),
(134, 123, 86, NULL, 0, '12957.50', '14.00', '1814.05', '14.00', '1814.05', '0.00', '0.00', '0.00', '0.00', '1', 0, 2, '365.000', '35.500', NULL, '123', '2019-05-13', '2019-05-14'),
(135, 123, 86, NULL, 0, '3000.00', '14.00', '420.00', '14.00', '420.00', '0.00', '0.00', '0.00', '0.00', '1', 0, 3, '1.000', '3000.000', NULL, '123', '2019-05-27', '2019-05-28'),
(136, 124, 86, NULL, 0, '8900.00', '14.00', '1246.00', '14.00', '1246.00', '0.00', '0.00', '0.00', '0.00', '1', 0, 1, '712.000', '12.500', NULL, '123', '2019-05-07', '2019-05-08'),
(137, 124, 86, NULL, 0, '10402.50', '14.00', '1456.35', '14.00', '1456.35', '0.00', '0.00', '0.00', '0.00', '1', 0, 2, '365.000', '28.500', NULL, '123', '2019-05-21', '2019-05-22'),
(138, 124, 86, NULL, 0, '3000.00', '14.00', '420.00', '14.00', '420.00', '0.00', '0.00', '0.00', '0.00', '1', 0, 3, '1.000', '3000.000', NULL, '123', '2019-05-03', '2019-05-04'),
(139, 125, 84, NULL, 0, '3465.00', '14.00', '485.10', '14.00', '485.10', '0.00', '0.00', '0.00', '0.00', '1', 0, 1, '30.000', '115.500', NULL, '123', '2019-06-01', '2019-06-30'),
(140, 125, 84, NULL, 0, '336.00', '9.00', '30.24', '9.00', '30.24', '0.00', '0.00', '0.00', '0.00', '1', 0, 2, '8.000', '42.000', NULL, '123', '2019-06-01', '2019-06-30'),
(141, 125, 84, NULL, 0, '168.00', '9.00', '15.12', '9.00', '15.12', '0.00', '0.00', '0.00', '0.00', '1', 0, 3, '4.000', '42.000', NULL, '123', '2019-06-01', '2019-06-30'),
(142, 125, 84, NULL, 0, '252.00', '9.00', '22.68', '9.00', '22.68', '0.00', '0.00', '0.00', '0.00', '1', 0, 3, '6.000', '42.000', NULL, '123', '2019-06-01', '2019-06-30'),
(143, 125, 84, NULL, 0, '105.00', '9.00', '9.45', '9.00', '9.45', '0.00', '0.00', '0.00', '0.00', '1', 0, 3, '42.000', '2.500', NULL, '123', '2019-06-01', '2019-06-30'),
(144, 126, 84, NULL, 0, '6265.88', '14.00', '877.22', '14.00', '877.22', '0.00', '0.00', '0.00', '0.00', '1', 0, 1, '54.000', '116.020', NULL, '123', '2019-06-01', '2019-06-30'),
(145, 127, 84, NULL, 0, '1732.50', '14.00', '242.55', '14.00', '242.55', '0.00', '0.00', '0.00', '0.00', '1', 0, 1, '15.000', '115.500', NULL, '123', '2019-06-01', '2019-06-30'),
(146, 127, 84, NULL, 0, '2520.00', '9.00', '226.80', '9.00', '226.80', '0.00', '0.00', '0.00', '0.00', '1', 0, 2, '80.000', '31.500', NULL, '123', '2019-06-01', '2019-06-30'),
(147, 128, 84, NULL, 0, '5255.25', '14.00', '735.74', '14.00', '735.74', '0.00', '0.00', '0.00', '0.00', '1', 0, 1, '45.000', '116.790', NULL, '123', '2019-06-01', '2019-06-30'),
(148, 129, 84, NULL, 0, '6265.88', '14.00', '877.22', '14.00', '877.22', '0.00', '0.00', '0.00', '0.00', '1', 0, 1, '54.000', '116.020', NULL, '123', '2019-06-01', '2019-06-30'),
(149, 130, 86, NULL, 0, '8900.00', '14.00', '1246.00', '14.00', '1246.00', '0.00', '0.00', '0.00', '0.00', '1', 0, 1, '712.000', '12.500', NULL, '123', '2019-05-16', '2019-05-17'),
(150, 130, 86, NULL, 0, '6752.50', '14.00', '945.35', '14.00', '945.35', '0.00', '0.00', '0.00', '0.00', '1', 0, 2, '365.000', '18.500', NULL, '123', '2019-05-22', '2019-05-23'),
(151, 130, 86, NULL, 0, '3000.00', '14.00', '420.00', '14.00', '420.00', '0.00', '0.00', '0.00', '0.00', '1', 0, 3, '1.000', '3000.000', NULL, '123', '2019-05-06', '2019-05-07'),
(152, 131, 84, NULL, 0, '3840.38', '14.00', '537.65', '14.00', '537.65', '0.00', '0.00', '0.00', '0.00', '1', 0, 1, '33.000', '116.400', NULL, '123', '2019-06-01', '2019-06-30'),
(153, 131, 84, NULL, 0, '441.00', '9.00', '39.69', '9.00', '39.69', '0.00', '0.00', '0.00', '0.00', '1', 0, 2, '14.000', '31.500', NULL, '123', '2019-06-01', '2019-06-30'),
(154, 131, 84, NULL, 0, '236.25', '9.00', '21.26', '9.00', '21.26', '0.00', '0.00', '0.00', '0.00', '1', 0, 3, '7.000', '33.870', NULL, '123', '2019-06-01', '2019-06-30'),
(155, 131, 84, NULL, 0, '275.63', '9.00', '24.81', '9.00', '24.81', '0.00', '0.00', '0.00', '0.00', '1', 0, 3, '8.000', '34.400', NULL, '123', '2019-06-01', '2019-06-30'),
(156, 132, 86, NULL, 0, '8900.00', '14.00', '1246.00', '14.00', '1246.00', '0.00', '0.00', '0.00', '0.00', '1', 0, 1, '712.000', '12.500', NULL, '123', '2019-05-21', '2019-05-22'),
(157, 132, 86, NULL, 0, '12045.00', '14.00', '1686.30', '14.00', '1686.30', '0.00', '0.00', '0.00', '0.00', '1', 0, 2, '33.000', '365.000', NULL, '123', '2019-05-14', '2019-05-15'),
(158, 132, 86, NULL, 0, '3000.00', '14.00', '420.00', '14.00', '420.00', '0.00', '0.00', '0.00', '0.00', '1', 0, 3, '1.000', '3000.000', NULL, '123', '2019-06-03', '2019-06-04'),
(159, 133, 86, NULL, 0, '8900.00', '14.00', '1246.00', '14.00', '1246.00', '0.00', '0.00', '0.00', '0.00', '1', 0, 1, '712.000', '12.500', NULL, '123', '2019-05-07', '2019-05-08'),
(160, 133, 86, NULL, 0, '10950.00', '14.00', '1533.00', '14.00', '1533.00', '0.00', '0.00', '0.00', '0.00', '1', 0, 2, '30.000', '365.000', NULL, '123', '2019-05-13', '2019-05-14'),
(161, 133, 86, NULL, 0, '3000.00', '14.00', '420.00', '14.00', '420.00', '0.00', '0.00', '0.00', '0.00', '1', 0, 3, '1.000', '3000.000', NULL, '123', '2019-05-29', '2019-05-30'),
(162, 134, 86, NULL, 0, '8900.00', '14.00', '1246.00', '14.00', '1246.00', '0.00', '0.00', '0.00', '0.00', '1', 0, 1, '712.000', '12.500', NULL, '123', '2019-05-21', '2019-05-22'),
(163, 134, 86, NULL, 0, '13140.00', '14.00', '1839.60', '14.00', '1839.60', '0.00', '0.00', '0.00', '0.00', '1', 0, 2, '36.000', '365.000', NULL, '123', '2019-05-14', '2019-05-15'),
(164, 134, 86, NULL, 0, '3000.00', '14.00', '420.00', '14.00', '420.00', '0.00', '0.00', '0.00', '0.00', '1', 0, 3, '1.000', '3000.000', NULL, '123', '2019-05-13', '2019-05-14'),
(165, 135, 86, NULL, 0, '370000.00', '14.00', '51800.00', '14.00', '51800.00', '0.00', '0.00', '0.00', '0.00', '1', 0, 1, '1.000', '370000.000', NULL, '123', '2019-05-09', '2019-05-10'),
(166, 136, 86, NULL, 0, '22916.25', '14.00', '3208.28', '14.00', '3208.28', '0.00', '0.00', '0.00', '0.00', '1', 0, 1, '485.000', '47.250', NULL, '123', '2019-05-13', '2019-05-14'),
(167, 136, 86, NULL, 0, '26190.00', '14.00', '3666.60', '14.00', '3666.60', '0.00', '0.00', '0.00', '0.00', '1', 0, 2, '54.000', '485.000', NULL, '123', '2019-05-10', '2019-05-11'),
(168, 137, 86, NULL, 0, '10093.75', '14.00', '1413.13', '14.00', '1413.13', '0.00', '0.00', '0.00', '0.00', '1', 0, 1, '425.000', '23.750', NULL, '123', '2019-05-15', '2019-05-16'),
(169, 137, 86, NULL, 0, '16200.00', '14.00', '2268.00', '14.00', '2268.00', '0.00', '0.00', '0.00', '0.00', '1', 0, 2, '1.000', '16200.000', NULL, '123', '2019-05-08', '2019-05-10'),
(170, 137, 86, NULL, 0, '378.00', '9.00', '34.02', '9.00', '34.02', '0.00', '0.00', '0.00', '0.00', '1', 0, 3, '30.000', '12.600', NULL, '123', '2019-05-27', '2019-05-28'),
(171, 137, 86, NULL, 0, '23437.00', '14.00', '3281.18', '14.00', '3281.18', '0.00', '0.00', '0.00', '0.00', '1', 0, 3, '1.000', '23437.000', NULL, '123', '2019-06-03', '2019-06-04'),
(172, 137, 86, NULL, 0, '2310.00', '9.00', '207.90', '9.00', '207.90', '0.00', '0.00', '0.00', '0.00', '1', 0, 3, '44.000', '52.500', NULL, '123', '2019-05-21', '2019-05-22'),
(173, 137, 86, NULL, 0, '4275.00', '9.00', '384.75', '9.00', '384.75', '0.00', '0.00', '0.00', '0.00', '1', 0, 3, '950.000', '4.500', NULL, '123', '2019-05-21', '2019-05-22'),
(174, 137, 86, NULL, 0, '4557.00', '9.00', '410.13', '9.00', '410.13', '0.00', '0.00', '0.00', '0.00', '1', 0, 3, '300.000', '15.190', NULL, '123', '2019-05-01', '2019-05-02'),
(175, 137, 86, NULL, 0, '4777.50', '9.00', '429.98', '9.00', '429.98', '0.00', '0.00', '0.00', '0.00', '1', 0, 3, '70.000', '68.250', NULL, '123', '2019-05-03', '2019-05-04'),
(176, 137, 86, NULL, 0, '12000.00', '9.00', '1080.00', '9.00', '1080.00', '0.00', '0.00', '0.00', '0.00', '1', 0, 3, '75.000', '160.000', NULL, '123', '2019-06-05', '2019-06-06'),
(177, 137, 86, NULL, 0, '3000.00', '14.00', '420.00', '14.00', '420.00', '0.00', '0.00', '0.00', '0.00', '1', 0, 3, '1.000', '3000.000', NULL, '123', '2019-05-21', '2019-05-22'),
(178, 138, 84, NULL, 0, '3638.25', '14.00', '509.36', '14.00', '509.36', '0.00', '0.00', '0.00', '0.00', '1', 0, 1, '31.000', '117.360', NULL, '123', '2019-06-01', '2019-06-30'),
(179, 138, 84, NULL, 0, '441.00', '9.00', '39.69', '9.00', '39.69', '0.00', '0.00', '0.00', '0.00', '1', 0, 2, '14.000', '31.500', NULL, '123', '2019-06-01', '2019-06-30'),
(180, 138, 84, NULL, 0, '118.00', '9.00', '10.62', '9.00', '10.62', '0.00', '0.00', '0.00', '0.00', '1', 0, 3, '4.000', '31.000', NULL, '123', '2019-06-01', '2019-06-30'),
(181, 138, 84, NULL, 0, '275.63', '9.00', '24.81', '9.00', '24.81', '0.00', '0.00', '0.00', '0.00', '1', 0, 3, '9.000', '31.500', NULL, '123', '2019-06-01', '2019-06-30'),
(182, 138, 84, NULL, 0, '307.13', '9.00', '27.64', '9.00', '27.64', '0.00', '0.00', '0.00', '0.00', '1', 0, 3, '10.000', '31.500', NULL, '123', '2019-06-01', '2019-06-30'),
(183, 139, 84, NULL, 0, '2047.50', '9.00', '184.28', '9.00', '184.28', '0.00', '0.00', '0.00', '0.00', '1', 0, 1, '42.000', '48.750', NULL, '123', '2019-06-01', '2019-06-30'),
(184, 139, 84, NULL, 0, '3811.50', '14.00', '533.61', '14.00', '533.61', '0.00', '0.00', '0.00', '0.00', '1', 0, 2, '33.000', '115.500', NULL, '123', '2019-06-01', '2019-06-30'),
(194, 140, 86, NULL, 0, '20400.00', '14.00', '2856.00', '14.00', '2856.00', '0.00', '0.00', '0.00', '0.00', '1', 0, 1, '48.000', '425.000', NULL, '123', '2019-05-07', '2019-05-08'),
(195, 140, 86, NULL, 0, '16500.00', '14.00', '2310.00', '14.00', '2310.00', '0.00', '0.00', '0.00', '0.00', '1', 0, 2, '1.000', '16500.000', NULL, '123', '2019-06-03', '2019-06-04'),
(196, 140, 86, NULL, 0, '7969.50', '14.00', '1115.73', '14.00', '1115.73', '0.00', '0.00', '0.00', '0.00', '1', 0, 3, '231.000', '34.500', NULL, '123', '2019-05-14', '2019-05-15'),
(197, 140, 86, NULL, 0, '23437.00', '14.00', '3281.18', '14.00', '3281.18', '0.00', '0.00', '0.00', '0.00', '1', 0, 3, '1.000', '23437.000', NULL, '123', '2019-06-03', '2019-06-04'),
(198, 140, 86, NULL, 0, '1488.00', '9.00', '133.92', '9.00', '133.92', '0.00', '0.00', '0.00', '0.00', '1', 0, 3, '15.000', '99.200', NULL, '123', '2019-05-07', '2019-05-08'),
(199, 140, 86, NULL, 0, '5400.00', '9.00', '486.00', '9.00', '486.00', '0.00', '0.00', '0.00', '0.00', '1', 0, 3, '18.000', '300.000', NULL, '123', '2019-04-17', '2019-04-18'),
(200, 140, 86, NULL, 0, '5586.00', '9.00', '502.74', '9.00', '502.74', '0.00', '0.00', '0.00', '0.00', '1', 0, 3, '133.000', '42.000', NULL, '123', '2019-05-21', '2019-05-22'),
(201, 140, 86, NULL, 0, '2850.00', '9.00', '256.50', '9.00', '256.50', '0.00', '0.00', '0.00', '0.00', '1', 0, 3, '3.000', '950.000', NULL, '123', '2019-06-04', '2019-06-05'),
(202, 140, 86, NULL, 0, '6500.00', '14.00', '910.00', '14.00', '910.00', '0.00', '0.00', '0.00', '0.00', '1', 0, 3, '1.000', '6500.000', NULL, '123', '2019-05-14', '2019-05-15'),
(203, 141, 86, NULL, 0, '767.81', '9.00', '69.10', '9.00', '69.10', '0.00', '0.00', '0.00', '0.00', '1', 0, 1, '11.000', '69.800', NULL, '123', '2019-05-08', '2019-05-09'),
(204, 141, 86, NULL, 0, '750.75', '9.00', '67.57', '9.00', '67.57', '0.00', '0.00', '0.00', '0.00', '1', 0, 2, '11.000', '68.250', NULL, '123', '2019-05-08', '2019-05-09'),
(205, 141, 86, NULL, 0, '1470.00', '9.00', '132.30', '9.00', '132.30', '0.00', '0.00', '0.00', '0.00', '1', 0, 3, '28.000', '52.500', NULL, '123', '2019-05-07', '2019-05-08'),
(206, 141, 86, NULL, 0, '1260.00', '9.00', '113.40', '9.00', '113.40', '0.00', '0.00', '0.00', '0.00', '1', 0, 3, '24.000', '52.500', NULL, '123', '2019-05-14', '2019-05-15'),
(207, 141, 86, NULL, 0, '1701.00', '9.00', '153.09', '9.00', '153.09', '0.00', '0.00', '0.00', '0.00', '1', 0, 3, '18.000', '94.500', NULL, '123', '2019-05-21', '2019-05-22'),
(208, 141, 86, NULL, 0, '3000.00', '14.00', '420.00', '14.00', '420.00', '0.00', '0.00', '0.00', '0.00', '1', 0, 3, '1.000', '3000.000', NULL, '123', '2019-05-16', '2019-05-17'),
(209, 142, 84, NULL, 0, '767.81', '9.00', '69.10', '9.00', '69.10', '0.00', '0.00', '0.00', '0.00', '1', 0, 1, '11.000', '69.750', NULL, '123', '2019-06-01', '2019-06-30'),
(210, 142, 84, NULL, 0, '750.75', '9.00', '67.57', '9.00', '67.57', '0.00', '0.00', '0.00', '0.00', '1', 0, 2, '11.000', '68.250', NULL, '123', '2019-06-01', '2019-06-30'),
(211, 142, 84, NULL, 0, '1470.00', '9.00', '132.30', '9.00', '132.30', '0.00', '0.00', '0.00', '0.00', '1', 0, 3, '28.000', '52.500', NULL, '123', '2019-06-01', '2019-06-30'),
(212, 142, 84, NULL, 0, '1260.00', '9.00', '113.40', '9.00', '113.40', '0.00', '0.00', '0.00', '0.00', '1', 0, 3, '24.000', '52.500', NULL, '123', '2019-06-01', '2019-06-30'),
(213, 142, 84, NULL, 0, '1701.00', '9.00', '153.09', '9.00', '153.09', '0.00', '0.00', '0.00', '0.00', '1', 0, 3, '18.000', '94.500', NULL, '123', '2019-06-01', '2019-06-30'),
(214, 142, 84, NULL, 0, '3000.00', '14.00', '420.00', '14.00', '420.00', '0.00', '0.00', '0.00', '0.00', '1', 0, 3, '1.000', '3000.000', NULL, '123', '2019-06-01', '2019-06-30');

-- --------------------------------------------------------

--
-- Table structure for table `tbl_form_status`
--

CREATE TABLE `tbl_form_status` (
  `fsid` int(11) NOT NULL,
  `cid` int(11) NOT NULL,
  `oid` int(11) NOT NULL,
  `stage` varchar(255) NOT NULL,
  `voucher_type` varchar(50) DEFAULT NULL,
  `year` int(20) NOT NULL,
  `month` varchar(20) NOT NULL,
  `path` text NOT NULL,
  `l_noti` varchar(10) NOT NULL
) ENGINE=InnoDB DEFAULT CHARSET=latin1;

--
-- Dumping data for table `tbl_form_status`
--

INSERT INTO `tbl_form_status` (`fsid`, `cid`, `oid`, `stage`, `voucher_type`, `year`, `month`, `path`, `l_noti`) VALUES
(1, 31, 32, 'sales', NULL, 2019, 'may', 'documents/4502_nikita/2019/e_may/sales/l98.pdf', ''),
(2, 36, 38, 'bank', 'payment', 2019, 'may', 'documents/5759_dinesh/2019/e_may/bank/1_Jun-17.pdf', ''),
(3, 36, 38, 'bank', 'receipt', 2019, 'may', 'documents/5759_dinesh/2019/e_may/bank/1_Jun-17.pdf', ''),
(4, 36, 38, 'payment', NULL, 2019, 'may', 'documents/5759_dinesh/2019/e_may/payment/9_Febryary-18.pdf', ''),
(5, 36, 37, 'receipt', NULL, 2019, 'may', 'documents/5759_dinesh/2019/e_may/receipt/7_December-17.pdf', ''),
(6, 31, 38, 'sales', NULL, 2019, 'may', 'documents/4502_nikita/2019/e_may/sales/54.pdf', ''),
(7, 31, 38, 'purchase', NULL, 2019, 'may', 'documents/4502_nikita/2019/e_may/purchase/31.pdf', ''),
(8, 31, 39, 'receipt', NULL, 2019, 'may', 'documents/4502_nikita/2019/e_may/receipt/1_Jun-17.pdf', ''),
(9, 31, 37, 'receipt', NULL, 2019, 'may', 'documents/4502_nikita/2019/e_may/receipt/1_Jun-171.pdf', ''),
(10, 31, 37, 'receipt', NULL, 2019, 'may', 'documents/4502_nikita/2019/e_may/receipt/1_Jun-172.pdf', ''),
(11, 31, 38, 'purchase', NULL, 2019, 'may', 'documents/4502_nikita/2019/e_may/purchase/32.pdf', ''),
(12, 31, 37, 'receipt', NULL, 2019, 'may', 'documents/4502_nikita/2019/e_may/receipt/1_Jun-173.pdf', ''),
(13, 31, 37, 'receipt', NULL, 2019, 'may', 'documents/4502_nikita/2019/e_may/receipt/1_Jun-174.pdf', ''),
(14, 31, 38, 'purchase', NULL, 2019, 'may', 'documents/4502_nikita/2019/e_may/purchase/43.pdf', ''),
(15, 31, 37, 'receipt', NULL, 2019, 'may', 'documents/4502_nikita/2019/e_may/receipt/1_Jun-175.pdf', ''),
(16, 31, 38, 'purchase', NULL, 2019, 'may', 'documents/4502_nikita/2019/e_may/purchase/25.pdf', ''),
(17, 31, 38, 'purchase', NULL, 2019, 'may', 'documents/4502_nikita/2019/e_may/purchase/25.pdf', ''),
(18, 31, 38, 'sales', NULL, 2019, 'may', 'documents/4502_nikita/2019/e_may/sales/15_.pdf', ''),
(19, 31, 38, 'sales', NULL, 2019, 'may', 'documents/4502_nikita/2019/e_may/sales/7_.pdf', ''),
(20, 31, 38, 'bank', NULL, 2019, 'may', 'documents/5759_dinesh/2019/e_may/bank/1_Jun-17.pdf', 'unseen'),
(21, 31, 38, 'sales', NULL, 2019, 'may', 'documents/4502_nikita/2019/e_may/sales/8_.pdf', ''),
(22, 36, 38, 'purchase', NULL, 2019, 'may', 'documents/5759_dinesh/2019/e_may/purchase/1.pdf', ''),
(23, 31, 38, 'cheque_reg', 'payment', 2019, 'may', 'documents/4502_nikita/2019/e_may/cheque_reg/3_August-17.pdf', ''),
(24, 31, 38, 'cheque_reg', 'receipt', 2019, 'may', 'documents/4502_nikita/2019/e_may/cheque_reg/3_August-17.pdf', ''),
(25, 36, 38, 'cheque_reg', 'payment', 2019, 'may', 'documents/5759_dinesh/2019/e_may/cheque_reg/2_July-17.pdf', ''),
(26, 36, 38, 'cheque_reg', 'receipt', 2019, 'may', 'documents/5759_dinesh/2019/e_may/cheque_reg/2_July-17.pdf', ''),
(27, 31, 38, 'bank', 'payment', 2019, 'may', 'documents/4502_nikita/2019/e_may/bank/5_October-17.pdf', ''),
(28, 31, 38, 'bank', 'payment', 2019, 'may', 'documents/4502_nikita/2019/e_may/bank/6_November-17.pdf', ''),
(29, 31, 38, 'bank', NULL, 2019, 'may', 'documents/4502_nikita/2019/e_may/bank/5_October-17.pdf', 'unseen'),
(30, 31, 38, 'bank', 'receipt', 2019, 'may', 'documents/4502_nikita/2019/e_may/bank/5_October-17.pdf', ''),
(31, 31, 38, 'receipt', NULL, 2019, 'may', 'documents/4502_nikita/2019/e_may/receipt/2_July-17.pdf', ''),
(32, 31, 38, 'journal', NULL, 2019, 'may', 'documents/4502_nikita/2019/e_may/journal/1_Jun-17.pdf', ''),
(33, 31, 38, 'sales', NULL, 2019, 'may', 'documents/4502_nikita/2019/e_may/sales/8_1.pdf', ''),
(34, 31, 38, 'sales', NULL, 2019, 'may', 'documents/4502_nikita/2019/e_may/sales/9_.pdf', ''),
(35, 31, 38, 'sales', NULL, 2019, 'may', 'documents/4502_nikita/2019/e_may/sales/7_1.pdf', ''),
(36, 31, 38, 'sales', NULL, 2019, 'may', 'documents/4502_nikita/2019/e_may/sales/8_2.pdf', ''),
(37, 31, 38, 'sales', NULL, 2019, 'may', 'documents/4502_nikita/2019/e_may/sales/8_3.pdf', ''),
(38, 31, 37, 'sales', NULL, 2019, 'may', 'documents/4502_nikita/2019/e_may/sales/10_.pdf', ''),
(39, 31, 37, 'sales', NULL, 2019, 'may', 'documents/4502_nikita/2019/e_may/sales/11_.pdf', ''),
(40, 31, 37, 'sales', NULL, 2019, 'may', 'documents/4502_nikita/2019/e_may/sales/12_.pdf', ''),
(41, 31, 37, 'sales', NULL, 2019, 'may', 'documents/4502_nikita/2019/e_may/sales/13_.pdf', ''),
(42, 31, 37, 'sales', NULL, 2019, 'may', 'documents/4502_nikita/2019/e_may/sales/14_.pdf', ''),
(43, 31, 38, 'sales', NULL, 2019, 'may', 'documents/4502_nikita/2019/e_may/sales/69.pdf', ''),
(44, 31, 37, 'sales', NULL, 2019, 'may', 'documents/4502_nikita/2019/e_may/sales/15_1.pdf', ''),
(45, 31, 38, 'sales', NULL, 2019, 'may', 'documents/4502_nikita/2019/e_may/sales/68.pdf', ''),
(46, 31, 37, 'sales', NULL, 2019, 'may', 'documents/4502_nikita/2019/e_may/sales/59.pdf', ''),
(47, 31, 38, 'sales', NULL, 2019, 'may', 'documents/4502_nikita/2019/e_may/sales/67.pdf', ''),
(48, 31, 37, 'sales', NULL, 2019, 'may', 'documents/4502_nikita/2019/e_may/sales/60.pdf', ''),
(49, 31, 38, 'sales', NULL, 2019, 'may', 'documents/4502_nikita/2019/e_may/sales/66.pdf', ''),
(50, 31, 37, 'sales', NULL, 2019, 'may', 'documents/4502_nikita/2019/e_may/sales/61.pdf', ''),
(51, 31, 38, 'sales', NULL, 2019, 'may', 'documents/4502_nikita/2019/e_may/sales/65.pdf', ''),
(52, 31, 37, 'sales', NULL, 2019, 'may', 'documents/4502_nikita/2019/e_may/sales/62.pdf', ''),
(53, 31, 37, 'sales', NULL, 2019, 'may', 'documents/4502_nikita/2019/e_may/sales/63.pdf', ''),
(54, 31, 38, 'sales', NULL, 2019, 'may', 'documents/4502_nikita/2019/e_may/sales/64.pdf', ''),
(55, 31, 38, 'purchase', NULL, 2019, 'may', 'documents/4502_nikita/2019/e_may/purchase/153.pdf', ''),
(56, 31, 38, 'purchase', NULL, 2019, 'may', 'documents/4502_nikita/2019/e_may/purchase/154.pdf', ''),
(57, 31, 37, 'sales', NULL, 2019, 'may', 'documents/4502_nikita/2019/e_may/sales/96.pdf', ''),
(58, 31, 38, 'purchase', NULL, 2019, 'may', 'documents/4502_nikita/2019/e_may/purchase/156.pdf', ''),
(59, 31, 38, 'purchase', NULL, 2019, 'may', 'documents/4502_nikita/2019/e_may/purchase/30.pdf', ''),
(60, 31, 38, 'purchase', NULL, 2019, 'may', 'documents/4502_nikita/2019/e_may/purchase/311.pdf', ''),
(61, 31, 38, 'purchase', NULL, 2019, 'may', 'documents/4502_nikita/2019/e_may/purchase/321.pdf', ''),
(62, 31, 37, 'sales', NULL, 2019, 'may', 'documents/4502_nikita/2019/e_may/sales/94.pdf', ''),
(63, 31, 37, 'sales', NULL, 2019, 'may', 'documents/4502_nikita/2019/e_may/sales/93.pdf', ''),
(64, 31, 38, 'purchase', NULL, 2019, 'may', 'documents/4502_nikita/2019/e_may/purchase/37.pdf', ''),
(65, 31, 38, 'purchase', NULL, 2019, 'may', 'documents/4502_nikita/2019/e_may/purchase/38.pdf', ''),
(66, 31, 37, 'sales', NULL, 2019, 'may', 'documents/4502_nikita/2019/e_may/sales/41.pdf', ''),
(67, 31, 38, 'purchase', NULL, 2019, 'may', 'documents/4502_nikita/2019/e_may/purchase/4.pdf', ''),
(68, 31, 37, 'sales', NULL, 2019, 'may', 'documents/4502_nikita/2019/e_may/sales/36.pdf', ''),
(69, 31, 38, 'purchase', NULL, 2019, 'may', 'documents/4502_nikita/2019/e_may/purchase/52.pdf', ''),
(70, 31, 38, 'purchase', NULL, 2019, 'may', 'documents/4502_nikita/2019/e_may/purchase/53.pdf', ''),
(71, 31, 37, 'sales', NULL, 2019, 'may', 'documents/4502_nikita/2019/e_may/sales/35.pdf', ''),
(72, 31, 37, 'sales', NULL, 2019, 'may', 'documents/4502_nikita/2019/e_may/sales/3.pdf', ''),
(73, 31, 38, 'purchase', NULL, 2019, 'may', 'documents/4502_nikita/2019/e_may/purchase/83.pdf', ''),
(74, 31, 38, 'purchase', NULL, 2019, 'may', 'documents/4502_nikita/2019/e_may/purchase/85.pdf', ''),
(75, 31, 37, 'sales', NULL, 2019, 'may', 'documents/4502_nikita/2019/e_may/sales/29.pdf', ''),
(76, 31, 37, 'sales', NULL, 2019, 'may', 'documents/4502_nikita/2019/e_may/sales/2.pdf', ''),
(77, 31, 37, 'sales', NULL, 2019, 'may', 'documents/4502_nikita/2019/e_may/sales/118.pdf', ''),
(78, 31, 37, 'sales', NULL, 2019, 'may', 'documents/4502_nikita/2019/e_may/sales/117.pdf', ''),
(79, 31, 37, 'sales', NULL, 2019, 'may', 'documents/4502_nikita/2019/e_may/sales/116.pdf', ''),
(80, 31, 37, 'sales', NULL, 2019, 'may', 'documents/4502_nikita/2019/e_may/sales/114.pdf', ''),
(81, 31, 38, 'purchase', NULL, 2019, 'may', 'documents/4502_nikita/2019/e_may/purchase/90.pdf', ''),
(82, 31, 38, 'purchase', NULL, 2019, 'may', 'documents/4502_nikita/2019/e_may/purchase/91.pdf', ''),
(83, 31, 38, 'purchase', NULL, 2019, 'may', 'documents/4502_nikita/2019/e_may/purchase/5.pdf', ''),
(84, 31, 38, 'purchase', NULL, 2019, 'may', 'documents/4502_nikita/2019/f_june/purchase/10.pdf', ''),
(85, 31, 37, 'purchase', NULL, 2019, 'june', 'documents/4502_nikita/2019/f_june/purchase/9.pdf', ''),
(86, 31, 37, 'purchase', NULL, 2019, 'june', 'documents/4502_nikita/2019/f_june/purchase/8.pdf', ''),
(87, 31, 38, 'purchase', NULL, 2019, 'may', 'documents/4502_nikita/2019/f_june/purchase/11.pdf', ''),
(88, 31, 38, 'purchase', NULL, 2019, 'may', 'documents/4502_nikita/2019/f_june/purchase/74.pdf', ''),
(89, 31, 37, 'purchase', NULL, 2019, 'june', 'documents/4502_nikita/2019/f_june/purchase/74.pdf', ''),
(90, 31, 37, 'purchase', NULL, 2019, 'june', 'documents/4502_nikita/2019/f_june/purchase/73.pdf', ''),
(91, 31, 37, 'purchase', NULL, 2019, 'june', 'documents/4502_nikita/2019/f_june/purchase/72.pdf', ''),
(92, 31, 38, 'purchase', NULL, 2019, 'may', 'documents/4502_nikita/2019/f_june/purchase/12.pdf', ''),
(93, 31, 37, 'purchase', NULL, 2019, 'june', 'documents/4502_nikita/2019/f_june/purchase/7.pdf', ''),
(94, 31, 37, 'purchase', NULL, 2019, 'june', 'documents/4502_nikita/2019/f_june/purchase/69.pdf', ''),
(95, 31, 37, 'purchase', NULL, 2019, 'june', 'documents/4502_nikita/2019/f_june/purchase/67.pdf', ''),
(96, 31, 37, 'purchase', NULL, 2019, 'june', 'documents/4502_nikita/2019/f_june/purchase/66.pdf', ''),
(97, 31, 37, 'purchase', NULL, 2019, 'june', 'documents/4502_nikita/2019/f_june/purchase/65.pdf', ''),
(98, 31, 37, 'purchase', NULL, 2019, 'june', 'documents/4502_nikita/2019/f_june/purchase/64.pdf', ''),
(99, 31, 38, 'purchase', NULL, 2019, 'may', 'documents/4502_nikita/2019/f_june/purchase/13.pdf', ''),
(100, 31, 37, 'purchase', NULL, 2019, 'june', 'documents/4502_nikita/2019/f_june/purchase/62.pdf', ''),
(101, 31, 37, 'purchase', NULL, 2019, 'june', 'documents/4502_nikita/2019/f_june/purchase/6.pdf', ''),
(102, 31, 37, 'purchase', NULL, 2019, 'june', 'documents/4502_nikita/2019/f_june/purchase/59.pdf', ''),
(103, 31, 37, 'purchase', NULL, 2019, 'june', 'documents/4502_nikita/2019/f_june/purchase/56.pdf', ''),
(104, 31, 37, 'purchase', NULL, 2019, 'june', 'documents/4502_nikita/2019/f_june/purchase/53.pdf', ''),
(105, 31, 38, 'purchase', NULL, 2019, 'may', 'documents/4502_nikita/2019/f_june/purchase/14.pdf', ''),
(106, 31, 37, 'purchase', NULL, 2019, 'june', 'documents/4502_nikita/2019/f_june/purchase/52.pdf', ''),
(107, 31, 37, 'purchase', NULL, 2019, 'june', 'documents/4502_nikita/2019/f_june/purchase/50.pdf', ''),
(108, 31, 38, 'purchase', NULL, 2019, 'may', 'documents/4502_nikita/2019/f_june/purchase/15.pdf', ''),
(109, 31, 37, 'purchase', NULL, 2019, 'june', 'documents/4502_nikita/2019/f_june/purchase/48.pdf', ''),
(110, 31, 37, 'purchase', NULL, 2019, 'june', 'documents/4502_nikita/2019/f_june/purchase/45.pdf', ''),
(111, 31, 38, 'purchase', NULL, 2019, 'may', 'documents/4502_nikita/2019/f_june/purchase/16.pdf', ''),
(112, 31, 38, 'purchase', NULL, 2019, 'may', 'documents/4502_nikita/2019/f_june/purchase/17.pdf', ''),
(113, 31, 37, 'purchase', NULL, 2019, 'june', 'documents/4502_nikita/2019/f_june/purchase/44.pdf', ''),
(114, 31, 37, 'purchase', NULL, 2019, 'june', 'documents/4502_nikita/2019/f_june/purchase/43.pdf', ''),
(115, 31, 37, 'purchase', NULL, 2019, 'june', 'documents/4502_nikita/2019/f_june/purchase/40.pdf', ''),
(116, 31, 37, 'purchase', NULL, 2019, 'june', 'documents/4502_nikita/2019/f_june/purchase/39.pdf', ''),
(117, 31, 37, 'purchase', NULL, 2019, 'june', 'documents/4502_nikita/2019/f_june/purchase/37.pdf', ''),
(118, 31, 38, 'purchase', NULL, 2019, 'may', 'documents/4502_nikita/2019/f_june/purchase/18.pdf', ''),
(119, 31, 37, 'purchase', NULL, 2019, 'june', 'documents/4502_nikita/2019/f_june/purchase/35.pdf', ''),
(120, 31, 38, 'purchase', NULL, 2019, 'may', 'documents/4502_nikita/2019/f_june/purchase/19.pdf', ''),
(121, 31, 38, 'purchase', NULL, 2019, 'may', 'documents/4502_nikita/2019/f_june/purchase/20.pdf', ''),
(122, 31, 38, 'purchase', NULL, 2019, 'may', 'documents/4502_nikita/2019/f_june/purchase/21.pdf', ''),
(123, 31, 38, 'purchase', NULL, 2019, 'may', 'documents/4502_nikita/2019/f_june/purchase/26.pdf', ''),
(124, 31, 38, 'purchase', NULL, 2019, 'may', 'documents/4502_nikita/2019/f_june/purchase/3.pdf', ''),
(125, 31, 38, 'purchase', NULL, 2019, 'may', 'documents/4502_nikita/2019/f_june/purchase/27.pdf', ''),
(126, 31, 37, 'purchase', NULL, 2019, 'june', 'documents/4502_nikita/2019/f_june/purchase/34.pdf', ''),
(127, 31, 37, 'purchase', NULL, 2019, 'june', 'documents/4502_nikita/2019/f_june/purchase/33.pdf', ''),
(128, 31, 38, 'purchase', NULL, 2019, 'may', 'documents/4502_nikita/2019/f_june/purchase/29.pdf', ''),
(129, 31, 38, 'purchase', NULL, 2019, 'may', 'documents/4502_nikita/2019/f_june/purchase/30.pdf', ''),
(130, 31, 38, 'purchase', NULL, 2019, 'may', 'documents/4502_nikita/2019/f_june/purchase/31.pdf', ''),
(131, 31, 37, 'purchase', NULL, 2019, 'june', 'documents/4502_nikita/2019/f_june/purchase/31.pdf', '');

-- --------------------------------------------------------

--
-- Table structure for table `tbl_group`
--

CREATE TABLE `tbl_group` (
  `gid` int(11) NOT NULL,
  `gname` varchar(255) NOT NULL,
  `gdesc` varchar(255) NOT NULL
) ENGINE=InnoDB DEFAULT CHARSET=latin1;

--
-- Dumping data for table `tbl_group`
--

INSERT INTO `tbl_group` (`gid`, `gname`, `gdesc`) VALUES
(5, 'Bank Accounts', ''),
(6, 'Bank OCC A/c', ''),
(7, 'Bank OD A/c', ''),
(8, 'Branch / Divisions', ''),
(9, 'Capital Account', ''),
(10, 'Cash-in-Hand', ''),
(11, 'Current Assets', ''),
(12, 'Current Liabilities', ''),
(13, 'Deposits (Asset)', ''),
(14, 'Direct Expenses', ''),
(15, 'Direct Incomes', ''),
(16, 'Duties & Taxes', ''),
(17, 'Expenses (Direct)', ''),
(18, 'Expenses (Indirect)', ''),
(19, 'Fixed Assets', ''),
(20, 'Income (Direct)', ''),
(21, 'Income (Indirect)', ''),
(22, 'Indirect Expenses', ''),
(23, 'Indirect Incomes', ''),
(24, 'Investments', ''),
(25, 'Loans & Advances (Asset)', ''),
(26, 'Loans (Liability)', ''),
(27, 'Misc. Expenses (ASSET)', ''),
(28, 'Provisions', ''),
(29, 'Purchase Accounts', ''),
(30, 'Reserves & Surplus', ''),
(31, 'Retained Earnings', ''),
(32, 'Sales Accounts', ''),
(33, 'Secured Loans', ''),
(34, 'Stock-in-Hand', ''),
(35, 'Sundry Creditors', ''),
(36, 'Sundry Debtors', ''),
(37, 'Suspense A/c', ''),
(38, 'Unsecured Loans', '');

-- --------------------------------------------------------

--
-- Table structure for table `tbl_item`
--

CREATE TABLE `tbl_item` (
  `id` int(11) NOT NULL,
  `cid` int(11) NOT NULL,
  `gid` int(11) NOT NULL,
  `item_name` varchar(255) NOT NULL,
  `hsn` varchar(50) NOT NULL
) ENGINE=InnoDB DEFAULT CHARSET=latin1;

--
-- Dumping data for table `tbl_item`
--

INSERT INTO `tbl_item` (`id`, `cid`, `gid`, `item_name`, `hsn`) VALUES
(1, 1, 1, 'item one', 'h1'),
(2, 3, 2, 'item two', 'h2'),
(3, 4, 3, 'item three', 'h3'),
(4, 5, 34, 'Toner Powder JJ', 'tpj'),
(6, 5, 34, 'Toner Powder DM', 'tp');

-- --------------------------------------------------------

--
-- Table structure for table `tbl_item_cat`
--

CREATE TABLE `tbl_item_cat` (
  `cid` int(11) NOT NULL,
  `cname` varchar(255) NOT NULL
) ENGINE=InnoDB DEFAULT CHARSET=latin1;

--
-- Dumping data for table `tbl_item_cat`
--

INSERT INTO `tbl_item_cat` (`cid`, `cname`) VALUES
(5, 'cat 1'),
(6, 'cat 2'),
(10, 'cat 3');

-- --------------------------------------------------------

--
-- Table structure for table `tbl_ledger`
--

CREATE TABLE `tbl_ledger` (
  `lid` int(11) NOT NULL,
  `l_name` varchar(512) NOT NULL
) ENGINE=InnoDB DEFAULT CHARSET=latin1;

--
-- Dumping data for table `tbl_ledger`
--

INSERT INTO `tbl_ledger` (`lid`, `l_name`) VALUES
(2, 'Packaging Exp'),
(3, 'Sai Stationery'),
(4, 'Stationery Account'),
(5, 'cash'),
(6, 'BOI'),
(7, 'SBI'),
(42, 'RMS Pvt Ltd'),
(43, 'GST Sales'),
(44, 'Sales Return Account'),
(45, 'Purchase Return'),
(46, 'Rudra Infotech'),
(82, 'ICICI BANK'),
(83, 'Shree parswanath plywood centre'),
(84, 'VADILAL ENTERPRISES'),
(85, 'Aayush Shreyas Parikh'),
(86, 'Shreenath Corporation'),
(87, 'GST Purchase'),
(88, 'Ashok leyland'),
(89, 'PERFECT SIGN'),
(90, 'HARDEEP CONSTRUCTION'),
(92, 'MANIBHADRA PAVERS'),
(93, 'L G. CHAUDHARY'),
(94, 'MANAV ENTERPRISE'),
(95, 'SOLANKI CONSTRUCTIONS'),
(96, 'SHREE RAM TREDING & CO'),
(97, 'Sagathia Govindbhai K'),
(98, 'GAMADIVALA CONSTRUCTION CO '),
(99, 'BHART MAVJI SORATHIYA'),
(100, 'Innovative Infra Structure p.LTD'),
(101, 'HARDEEP CONSTRUCTION '),
(102, 'RADHE STONE CRUSHER'),
(103, 'SHREE BHAVANI TRANSPORT'),
(104, 'SHREEJI ENGINEERS'),
(105, 'SHREEJI ENGINEERS'),
(106, 'GOHEL BROTHERS'),
(107, 'MODERN LUBRICANT '),
(108, 'V K ENTERPRISE '),
(109, 'THE CYCLE SHOP'),
(110, 'AEROSOL IO'),
(111, 'Ways and means advisory pvt ltd'),
(112, 'Ways and means advisory pvt ltd'),
(113, 'LANDMARK'),
(114, 'MOMAI ENTERPRISE '),
(115, 'MOMAI ENTERPRISE '),
(116, 'RAJPARA ASSOCIATES CHARTED ACCOUNTANTS'),
(117, 'NILKANTH AUTO TYRES'),
(118, 'shree lai auto parts'),
(119, 'H P ZALA'),
(120, 'RELIANCE RETAIL LIMITED');

-- --------------------------------------------------------

--
-- Table structure for table `tbl_other_expens`
--

CREATE TABLE `tbl_other_expens` (
  `eid` int(11) NOT NULL,
  `fi_id` int(11) NOT NULL,
  `ex_name` int(11) NOT NULL,
  `ex_amount` decimal(11,2) NOT NULL
) ENGINE=InnoDB DEFAULT CHARSET=latin1;

--
-- Dumping data for table `tbl_other_expens`
--

INSERT INTO `tbl_other_expens` (`eid`, `fi_id`, `ex_name`, `ex_amount`) VALUES
(1, 17, 1, '540.00'),
(2, 17, 2, '200.00'),
(3, 21, 4, '200.00');

-- --------------------------------------------------------

--
-- Table structure for table `tbl_tax`
--

CREATE TABLE `tbl_tax` (
  `id` int(11) NOT NULL,
  `sgst` text NOT NULL,
  `cgst` text NOT NULL,
  `ugst` text NOT NULL,
  `igst` text NOT NULL
) ENGINE=InnoDB DEFAULT CHARSET=latin1;

--
-- Dumping data for table `tbl_tax`
--

INSERT INTO `tbl_tax` (`id`, `sgst`, `cgst`, `ugst`, `igst`) VALUES
(1, '1|1.5|2|2.5|3|3.5|4|4.5|5|5.5|6|6.5|7|7.5|8|8.5|9|9.5|10|10.5|11|11.5|12|12.5|13|13.5|14|14.5|15|15.5|16|16.5|17|17.5|18|18.5', '1|1.5|2|2.5|3|3.5|4|4.5|5|5.5|6|6.5|7|7.5|8|8.5|9|9.5|10|10.5|11|11.5|12|12.5|13|13.5|14|14.5|15|15.5|16|16.5|17|17.5|18|18.5', '1|1.5|2|2.5|3|3.5|4|4.5|5|5.5|6|6.5|7|7.5|8|8.5|9|9.5|10|10.5|11|11.5|12|12.5|13|13.5|14|14.5|15|15.5|16|16.5|17|17.5|18|18.5', '1|1.5|2|2.5|3|3.5|4|4.5|5|5.5|6|6.5|7|7.5|8|8.5|9|9.5|10|10.5|11|11.5|12|12.5|13|13.5|14|14.5|15|15.5|16|16.5|17|17.5|18|18.5');

-- --------------------------------------------------------

--
-- Table structure for table `tbl_xml`
--

CREATE TABLE `tbl_xml` (
  `x_id` int(11) NOT NULL,
  `x_by` int(11) NOT NULL,
  `x_year` int(5) NOT NULL,
  `x_month` varchar(255) NOT NULL,
  `x_path` text NOT NULL,
  `datetime` timestamp NOT NULL DEFAULT CURRENT_TIMESTAMP
) ENGINE=InnoDB DEFAULT CHARSET=latin1;

--
-- Dumping data for table `tbl_xml`
--

INSERT INTO `tbl_xml` (`x_id`, `x_by`, `x_year`, `x_month`, `x_path`, `datetime`) VALUES
(1, 39, 2019, 'May', 'all_xml/2019/May/16_xml_787.xml', '2019-05-16 12:16:47'),
(2, 39, 2019, 'May', 'all_xml/2019/May/16_xml_166.xml', '2019-05-16 12:38:39');

-- --------------------------------------------------------

--
-- Table structure for table `tbl_years`
--

CREATE TABLE `tbl_years` (
  `id` int(11) NOT NULL,
  `year` int(5) NOT NULL,
  `modified_time` timestamp NOT NULL DEFAULT CURRENT_TIMESTAMP
) ENGINE=InnoDB DEFAULT CHARSET=latin1;

--
-- Dumping data for table `tbl_years`
--

INSERT INTO `tbl_years` (`id`, `year`, `modified_time`) VALUES
(1, 2019, '2019-01-08 09:11:55'),
(2, 2018, '2019-01-23 04:07:57');

--
-- Indexes for dumped tables
--

--
-- Indexes for table `tbl_access`
--
ALTER TABLE `tbl_access`
  ADD PRIMARY KEY (`aid`);

--
-- Indexes for table `tbl_access_notification`
--
ALTER TABLE `tbl_access_notification`
  ADD PRIMARY KEY (`id`);

--
-- Indexes for table `tbl_cust_log`
--
ALTER TABLE `tbl_cust_log`
  ADD PRIMARY KEY (`id`);

--
-- Indexes for table `tbl_cust_uploads`
--
ALTER TABLE `tbl_cust_uploads`
  ADD PRIMARY KEY (`uid`);

--
-- Indexes for table `tbl_expense`
--
ALTER TABLE `tbl_expense`
  ADD PRIMARY KEY (`eid`);

--
-- Indexes for table `tbl_form`
--
ALTER TABLE `tbl_form`
  ADD PRIMARY KEY (`fid`),
  ADD KEY `fid` (`fid`);

--
-- Indexes for table `tbl_form_info`
--
ALTER TABLE `tbl_form_info`
  ADD PRIMARY KEY (`fi_id`),
  ADD KEY `fid` (`fid`);

--
-- Indexes for table `tbl_form_status`
--
ALTER TABLE `tbl_form_status`
  ADD PRIMARY KEY (`fsid`);

--
-- Indexes for table `tbl_group`
--
ALTER TABLE `tbl_group`
  ADD PRIMARY KEY (`gid`);

--
-- Indexes for table `tbl_item`
--
ALTER TABLE `tbl_item`
  ADD PRIMARY KEY (`id`);

--
-- Indexes for table `tbl_item_cat`
--
ALTER TABLE `tbl_item_cat`
  ADD PRIMARY KEY (`cid`);

--
-- Indexes for table `tbl_ledger`
--
ALTER TABLE `tbl_ledger`
  ADD PRIMARY KEY (`lid`);

--
-- Indexes for table `tbl_other_expens`
--
ALTER TABLE `tbl_other_expens`
  ADD PRIMARY KEY (`eid`),
  ADD KEY `fi_id` (`fi_id`);

--
-- Indexes for table `tbl_tax`
--
ALTER TABLE `tbl_tax`
  ADD PRIMARY KEY (`id`);

--
-- Indexes for table `tbl_xml`
--
ALTER TABLE `tbl_xml`
  ADD PRIMARY KEY (`x_id`);

--
-- Indexes for table `tbl_years`
--
ALTER TABLE `tbl_years`
  ADD PRIMARY KEY (`id`);

--
-- AUTO_INCREMENT for dumped tables
--

--
-- AUTO_INCREMENT for table `tbl_access`
--
ALTER TABLE `tbl_access`
  MODIFY `aid` int(11) NOT NULL AUTO_INCREMENT, AUTO_INCREMENT=9;

--
-- AUTO_INCREMENT for table `tbl_access_notification`
--
ALTER TABLE `tbl_access_notification`
  MODIFY `id` int(11) NOT NULL AUTO_INCREMENT, AUTO_INCREMENT=14;

--
-- AUTO_INCREMENT for table `tbl_cust_log`
--
ALTER TABLE `tbl_cust_log`
  MODIFY `id` int(11) NOT NULL AUTO_INCREMENT, AUTO_INCREMENT=162;

--
-- AUTO_INCREMENT for table `tbl_cust_uploads`
--
ALTER TABLE `tbl_cust_uploads`
  MODIFY `uid` int(11) NOT NULL AUTO_INCREMENT, AUTO_INCREMENT=547;

--
-- AUTO_INCREMENT for table `tbl_expense`
--
ALTER TABLE `tbl_expense`
  MODIFY `eid` int(11) NOT NULL AUTO_INCREMENT, AUTO_INCREMENT=6;

--
-- AUTO_INCREMENT for table `tbl_form`
--
ALTER TABLE `tbl_form`
  MODIFY `fid` int(11) NOT NULL AUTO_INCREMENT, AUTO_INCREMENT=143;

--
-- AUTO_INCREMENT for table `tbl_form_info`
--
ALTER TABLE `tbl_form_info`
  MODIFY `fi_id` int(11) NOT NULL AUTO_INCREMENT, AUTO_INCREMENT=215;

--
-- AUTO_INCREMENT for table `tbl_form_status`
--
ALTER TABLE `tbl_form_status`
  MODIFY `fsid` int(11) NOT NULL AUTO_INCREMENT, AUTO_INCREMENT=132;

--
-- AUTO_INCREMENT for table `tbl_group`
--
ALTER TABLE `tbl_group`
  MODIFY `gid` int(11) NOT NULL AUTO_INCREMENT, AUTO_INCREMENT=39;

--
-- AUTO_INCREMENT for table `tbl_item`
--
ALTER TABLE `tbl_item`
  MODIFY `id` int(11) NOT NULL AUTO_INCREMENT, AUTO_INCREMENT=7;

--
-- AUTO_INCREMENT for table `tbl_item_cat`
--
ALTER TABLE `tbl_item_cat`
  MODIFY `cid` int(11) NOT NULL AUTO_INCREMENT, AUTO_INCREMENT=11;

--
-- AUTO_INCREMENT for table `tbl_ledger`
--
ALTER TABLE `tbl_ledger`
  MODIFY `lid` int(11) NOT NULL AUTO_INCREMENT, AUTO_INCREMENT=121;

--
-- AUTO_INCREMENT for table `tbl_other_expens`
--
ALTER TABLE `tbl_other_expens`
  MODIFY `eid` int(11) NOT NULL AUTO_INCREMENT, AUTO_INCREMENT=4;

--
-- AUTO_INCREMENT for table `tbl_tax`
--
ALTER TABLE `tbl_tax`
  MODIFY `id` int(11) NOT NULL AUTO_INCREMENT, AUTO_INCREMENT=2;

--
-- AUTO_INCREMENT for table `tbl_xml`
--
ALTER TABLE `tbl_xml`
  MODIFY `x_id` int(11) NOT NULL AUTO_INCREMENT, AUTO_INCREMENT=3;

--
-- AUTO_INCREMENT for table `tbl_years`
--
ALTER TABLE `tbl_years`
  MODIFY `id` int(11) NOT NULL AUTO_INCREMENT, AUTO_INCREMENT=3;

--
-- Constraints for dumped tables
--

--
-- Constraints for table `tbl_form_info`
--
ALTER TABLE `tbl_form_info`
  ADD CONSTRAINT `tbl_form_info_ibfk_1` FOREIGN KEY (`fid`) REFERENCES `tbl_form` (`fid`) ON DELETE CASCADE ON UPDATE CASCADE;

--
-- Constraints for table `tbl_other_expens`
--
ALTER TABLE `tbl_other_expens`
  ADD CONSTRAINT `tbl_other_expens_ibfk_1` FOREIGN KEY (`fi_id`) REFERENCES `tbl_form_info` (`fi_id`) ON DELETE CASCADE;
COMMIT;

