-- http://www.phpmyadmin.net
--




--
-- Database: `db_paperpush`
--

-- --------------------------------------------------------

--
-- Table structure for table `lastmodifytime`
--

CREATE TABLE IF NOT EXISTS `lastmodifytime` (
  `lasttime` datetime NOT NULL,
  `last_id` int(10) unsigned NOT NULL
) ENGINE=MyISAM AUTO_INCREMENT=3 DEFAULT CHARSET=latin1;

--
-- Dumping data for table `lastmodifytime`
--

INSERT INTO `lastmodifytime` (`lasttime`, `last_id`) VALUES
('2019-01-10 16:40:55', 1);

-- --------------------------------------------------------

--
-- Table structure for table `tblbanners`
--

CREATE TABLE IF NOT EXISTS `tblbanners` (
  `banner_id` int(10) unsigned NOT NULL,
  `banner_title` varchar(100) CHARACTER SET utf8 NOT NULL,
  `banner_type` varchar(150) CHARACTER SET utf8 NOT NULL,
  `banner_images` text CHARACTER SET utf8 NOT NULL,
  `modified_time` timestamp NOT NULL DEFAULT CURRENT_TIMESTAMP ON UPDATE CURRENT_TIMESTAMP,
  `b_user_id` int(10) unsigned NOT NULL
) ENGINE=InnoDB AUTO_INCREMENT=19 DEFAULT CHARSET=latin1;

--
-- Dumping data for table `tblbanners`
--

INSERT INTO `tblbanners` (`banner_id`, `banner_title`, `banner_type`, `banner_images`, `modified_time`, `b_user_id`) VALUES
(1, 'home', '', '1|3|4', '2018-11-29 04:41:39', 1),
(2, 'inner', '', '3', '2018-04-04 23:34:58', 1),
(3, 'client', '', '28', '2018-12-11 23:42:14', 1),
(6, 'faq', '', '29', '2018-12-11 23:42:26', 1),
(8, 'contact', '', '13', '2018-04-13 12:15:34', 1),
(9, 'plans', '', '13', '2018-12-03 04:42:53', 1),
(10, 'team', '', '8|9', '2018-11-30 04:41:33', 1),
(11, 'profile', '', '8|9', '2018-11-30 05:42:42', 1),
(12, 'our journey', '', '22', '2018-12-12 06:42:15', 1),
(13, 'paperpush', '', '23', '2018-12-11 20:42:59', 1),
(14, 'about', '', '21', '2018-12-12 05:42:28', 1),
(15, 'tax and comp ser', '', '24', '2018-12-12 11:17:03', 1),
(16, 'data and record mgnt', '', '25', '2018-12-12 11:43:08', 1),
(17, 'rec and pay mgnt', '', '26', '2018-12-12 11:47:26', 1),
(18, 'plan and pricing', '', '27', '2018-12-12 11:51:43', 1);

-- --------------------------------------------------------

--
-- Table structure for table `tblcontent`
--

CREATE TABLE IF NOT EXISTS `tblcontent` (
  `content_id` int(10) unsigned NOT NULL,
  `banner_id` int(11) NOT NULL,
  `page_category` varchar(255) CHARACTER SET utf8 NOT NULL,
  `content_title` text CHARACTER SET utf8 NOT NULL,
  `content_head` text NOT NULL,
  `content_text` longtext CHARACTER SET utf8 NOT NULL,
  `map` varchar(500) NOT NULL,
  `publish` varchar(10) NOT NULL,
  `modified_time` timestamp NOT NULL DEFAULT CURRENT_TIMESTAMP ON UPDATE CURRENT_TIMESTAMP,
  `user_id` int(10) unsigned NOT NULL,
  `page_code` text CHARACTER SET utf8 NOT NULL,
  `slug` text CHARACTER SET utf8 NOT NULL,
  `meta_tital` text CHARACTER SET utf8 NOT NULL,
  `meta_keyword` text CHARACTER SET utf8 NOT NULL,
  `meta_description` text CHARACTER SET utf8 NOT NULL
) ENGINE=InnoDB AUTO_INCREMENT=33 DEFAULT CHARSET=latin1;

--
-- Dumping data for table `tblcontent`
--

INSERT INTO `tblcontent` (`content_id`, `banner_id`, `page_category`, `content_title`, `content_head`, `content_text`, `map`, `publish`, `modified_time`, `user_id`, `page_code`, `slug`, `meta_tital`, `meta_keyword`, `meta_description`) VALUES
(2, 1, 'index', 'Home', 'Home', '<p><span style="color:#fff">The idea behind Paper push</span> is one that emerged from the vast experience of our team in the finance industry. The world around us is evolving and technology has touched all sectors. Small businesses, start-ups, and young entrepreneurs are coming up with path-breaking ideas every day. They often face losses with opportunities or because of little awareness about taxation, often have to pay up more interest rates or penalties. It is a pressing issue and Paper push is the solution, making businesses sustainable and financially stable, further helping the government in better revenue collection at the same time, truly optimizing the financial order of the nation.</p>\r\n', '', 'on', '2018-12-12 05:18:51', 1, 'Home6013', 'home', 'Home', 'Home', 'Home'),
(6, 8, 'contact', 'Contact', 'Contact', '<p><strong>02/B,Shivalik &ndash; 10,<br />\r\nOpp. SBI Zonal Office,</strong></p>\r\n\r\n<p><strong>Nr. SnehKunj, S.M.Road,<br />\r\nAmbawadi, Ahmedabad - 380 006</strong></p>\r\n', '', 'on', '2018-11-29 12:04:38', 1, 'Contact9025', 'contact', 'Contact', 'Contact', 'Contact'),
(8, 3, 'inner', 'who we are', 'who we are', '<h3>Who we are</h3>\r\n\r\n<p>At Paper push, we&rsquo;re a diverse team of finance ninjas, ready to help you for all your economic needs. Our team is a strategic built of professionals, including,<br />\r\n<br />\r\n<br />\r\n<strong>Chartered Accountants with expertise in accounting practice and they will</strong> help to keep businesses and individuals in check and updated with their books of accounts and finances. Will help to keep books of accounts updated on a real-time basis.<br />\r\n<br />\r\n<strong>Chartered Accountants with expertise in Taxation (GST and Income tax) and its planning</strong> that keep your returns in order, whether you&rsquo;re a business, a not - for - profit organization or a freelancer - taxes can be messy if not handled properly and they&rsquo;re here to help you get them uncluttered.<br />\r\n<br />\r\n<strong>Qualified Financial Planners</strong> to help businesses and individuals understand whether their business strategies would be able to meet their financial goals and estimate if they&rsquo;d be able to reach those.<br />\r\n<br />\r\n<strong>Business Managers</strong> which help to keep overall finances for an entire business in check. They help you with various services from managing bank accounts, bill payments, financial strategy, and budgeting.<br />\r\n<br />\r\n<strong>Chartered Accountants with</strong> expertise in audits of financial statements, business practices and moreover helping with business and financial advisory.<br />\r\n<br />\r\n<strong>Master of Business Administration individuals</strong> to help you build complete business strategies in a holistic approach. From finances to product strategy, business administration helps to keep things right in place.<br />\r\n<br />\r\n<strong>Legal Practitioners</strong> who help to keep legal obligations in check - from long-term legal battles to small issues, they can help in understanding the terms and conditions when collaborating with other businesses and individuals.<br />\r\nWith our robust team with a combined experience of 50 years, we help you reach your financial and business goals quickly and efficiently.</p>\r\n\r\n<ol>\r\n	<li>\r\n	<p>Amazing team: Our qualified, expert and experienced team are ready to help you succeed.</p>\r\n	</li>\r\n	<li>\r\n	<p>Latest technology with a human touch: Our brilliant innovative team is always there to make your bookkeeping easy.</p>\r\n	</li>\r\n	<li>\r\n	<p>Delightful service: a team of CA&rsquo;s and accounting technicians are working hard to make you successful.</p>\r\n	</li>\r\n	<li>\r\n	<p>Reasonable pricing: We assure you on providing transparent and reasonable pricing</p>\r\n	</li>\r\n</ol>\r\n\r\n<p>&nbsp;</p>\r\n\r\n<h3>Our Journey</h3>\r\n\r\n<p>The idea behind Paper push is one that emerged from the vast experience of our team in the finance industry. The world around us is evolving and technology has touched all sectors, and we help you bring in new age accounting with some old wisdom. Small businesses, start-ups, and young entrepreneurs are coming up with path-breaking ideas every day. They often face losses with opportunities or because of little awareness about taxation, often have to pay up more interest rates or penalties. Plus it is spending more time from the already busy business schedule. It is a pressing issue and Paper push is the solution, making businesses sustainable, financially stable, further helping the government in better revenue collection at the same time, truly optimizing the financial order of the nation by providing real-time accounting for the 21st century.<br />\r\n&nbsp;</p>\r\n\r\n<h3>We never deviated from our aim</h3>\r\n\r\n<p>And we never stop working on it. We&rsquo;re here to enable small businesses and young entrepreneurs in becoming sustainable, providing them with optimized financial services for their diverse needs. In our goals to make the financial services easily accessible to people across diverse areas, we&rsquo;re building India towards a nation that has an incredible &lsquo;ease of doing business&rsquo;.<br />\r\n&nbsp;</p>\r\n\r\n<h3>Paper Push for society</h3>\r\n\r\n<p>Our leadership of experienced Chartered Accountants trains young physically disabled men and women to write the book of accounts for you. Differently-abled individuals (<em>divyang</em>) enthusiastically work towards collaborating and contributing to the society, while being able to gain skills to earn a livelihood without discrimination.<br />\r\n&nbsp;</p>\r\n\r\n<h3>Paper Push.</h3>\r\n\r\n<p>A team of diligent professionals, we understand the finance domain in a complete way. We are here to provide all professional financial services under one roof, helping small to midsize businesses, helping decision makers and individuals in making better financial decisions to sustain and prosper. Our team has members of professional bodies including the prestigious ICAI. An India based team, we don&rsquo;t outsource for any tasks.</p>\r\n', '', 'on', '2018-11-30 04:44:29', 1, 'about-us8669', 'who-we-are', 'who we are', 'who we are', 'who we are'),
(9, 3, 'inner', 'services', 'services', '', '', 'on', '2018-12-06 04:56:45', 1, 'our-services7447', 'services', 'our services', 'our services', 'our services'),
(19, 6, 'inner', 'FAQ', 'FAQ', '<h4><strong>Can I use PAPERPUSHservice/facility on my tablet or mobile phone?</strong></h4>\r\nYou can &nbsp;avail our real time accounting and taxation compliance services on a range of tablets, including iPad and Android devices. We also offer iPhone and Android apps to help you record expenses and prepare Invoice on the move and track your business mileage.\r\n\r\n<h4><br />\r\n<br />\r\n<strong>Can PAPERPUSH help with GST registration?</strong></h4>\r\nYes; If your businessvolume &nbsp;exceeds the GST threshold, you are mandatorily / legally required to register for GST. Irrespective of such threshold limit, it is &nbsp;beneficial to register for GST before your turnover reaches the threshold.<br />\r\nWe can advise you as to when you should register and&nbsp; handle the registration on your behalf for no extra charge.<br />\r\n&nbsp;\r\n<h4><br />\r\n<strong>What are my responsibilities?</strong></h4>\r\nTo enable us to generate and file your GST , Tax Deduction&nbsp; and&nbsp; Income tax returns within the prescribed time limit,, you need to keep your&nbsp; records updated. We recommend that you send your Invoices, bank statement and other accounts related documents on PAPERPUSHon weekly / monthly basis as a discipline.. You can verify your entries using our application system before every tax filing.<br />\r\nDepending on your company&rsquo;s business profile / funactions, updating your PAPERPUSH account is just a matter of few minutes every week..\r\n<h4><br />\r\n<br />\r\n<strong>Can I sign up online?</strong></h4>\r\nYou can register your interest online, but to ensure best and full proof service to you, our advisors will need to contact you to start the process and perform the necessary security checks, which can&#39;t be done online.\r\n\r\n<h4><br />\r\n<br />\r\n<strong>Does PAPERPUSH has a minimum term or contract?</strong></h4>\r\nOur mutual association can be &nbsp;eitherthrough monthly subscriptions with a rolling 30-day contract, or annual subscriptions with a 12-month contract. If you have paid up to the end of a particular financial year, we will complete&nbsp; filing for that period, even if the deadline occurs after you leave PAPERPUSH.<br />\r\n&nbsp;\r\n<h4><br />\r\n<strong>What level of accounting expertise does PAPERPUSH have?</strong></h4>\r\nAs with all &nbsp;accounting firms, the experience and qualifications of our accountants &nbsp;encompass a broad range. Our accounting team comprises of &ldquo;Pin to Piano&rdquo; brains i.e.&nbsp; they comprise all from Apprentices to Chartered Accountants.. As an integral part of our Firm&rsquo;s policy, relentless imbibing of professional training at all levels is a permanent discipline, which keeps the team comprising of Chartered Accountants, Masters of Business Administration with specialization in Finance etc.,well versed with latest accounting methods viz. a viz. legislative amendments of all applicable statutes including various Taxation laws. rules, regulations, guidelines etc..\r\n\r\n<h4><br />\r\n<br />\r\n<strong>How much service /advice &nbsp;in quid pro quo of &nbsp;my monthly fee?</strong></h4>\r\nYou get unlimited advice from your client managers and our accountants at any time during office hours, through &nbsp;both email and phone. You don&#39;t need to book an appointment or find time in your busy day to visit us, we&#39;re available as and when you need. Our office hours are Monday to Saturday, 10:30am to 7.30pm.<br />\r\n&nbsp;\r\n<h4><br />\r\n<strong>How easy is it to switch to PAPERPUSH?</strong></h4>\r\nSwitching to PAPERPUSH from another accountant is quicker and simpler. If you&#39;ve just completed a previous financial period, it may be as simple as inputting your opening balances, which can be done in seconds.<br />\r\nYour dedicated client manager will help you with the switching process, including contacting your previous accountant and arranging for the transfer of records.<br />\r\nA setup fee may apply depending on the time of the year that you switch. Please contact us for &nbsp;specific details.<br />\r\n&nbsp;\r\n<h4><br />\r\n<strong>Do you outsource any of the bookkeeping or tax work?</strong></h4>\r\nNo, we do not outsource any of our accounting services or support.<br />\r\n&nbsp;\r\n<h4><br />\r\n<strong>Are my Periodic Tax compliances included?</strong></h4>\r\nYes;GST, TDS and Income tax filing are included with our service, including e-file fees. Best of all, you can be confident you are getting all the allowances and deductions you deserve. By adding monthly bookkeeping to our tax service, we are aware of every business expense available as deduction. We also provide tax advice throughout the year to help you maximize your return and minimize your taxes.\r\n\r\n<h4><br />\r\n<br />\r\n<strong>Do you do previous years&rsquo; tax preparation?</strong></h4>\r\nYes, we offer catch up accounting and various tax return preparation and filing services for previous years.\r\n\r\n<h4><br />\r\n<br />\r\n<strong>What happens if I sign up with you during the year?</strong></h4>\r\nYou can start PAPERPUSH Bookkeeping anytime. In order to prepare your taxes, we need a full year of accurate bookkeeping to make sure we can account for all your income, expenses, and deductions. You can opt out of having your taxes completed by PAPERPUSHfor the first year,even if you start later in the year.\r\n\r\n<h4><br />\r\n<br />\r\n<strong>What documents do I send for the bookkeeping service?</strong></h4>\r\nYou &nbsp;need to send us your monthly business account statements (bank statements), receipts, invoices of purchase and sales, credit card statements, and any other documents related to your business income and expenses..\r\n\r\n<h4><br />\r\n<br />\r\n<strong>Do I have to send my documents every month?</strong></h4>\r\nYou may send your information to us weekly, monthly, bi-monthly, quarterly, or any other schedule that works for you. as long as you give us at least 5 to 7 working days before any tax returns or other filings are due. Most of our clients find the monthly service&nbsp; easier compared to our doing it less frequently, and it will help you keep a close eye on your expenses and cash flow.\r\n\r\n<h4><br />\r\n<br />\r\n<strong>How long will it take to get my reports back?</strong></h4>\r\nPAPERPUSH will prepare and send your compiled financial statements to you within 5 business days of receiving each month&rsquo;s documentation.\r\n\r\n<h4><br />\r\n<br />\r\n<strong>How do I transfer my documents to you electronically?</strong></h4>\r\nMost of our clients prefer uploading their documents through our secure online portal.\r\n\r\n<h4><br />\r\n<br />\r\n<strong>Is it safe to transfer my documents to you electronically?</strong></h4>\r\nYes; Our client portal and document storage facilities utilize encryption to keep your information safe. This is a third-party service from--------, an industry leader in secure document transfers and storage.\r\n\r\n<h4><br />\r\n<br />\r\n<strong>Will I be able to speak to my Accountant whenever I want?</strong></h4>\r\nOur accountants are available Monday toSaturday10:30am to 7:30pm. Questions or requests can also be sent with our &ldquo;<a href="http://mazumausa.com/contact-us/?gclid=undefined" title="Ask an Accountant"><strong>Ask an Accountant</strong></a>&rdquo; form on our website, and you can request a call-<a name="_GoBack"></a>back if you would like to speak directly to your accountant. Please allow up to 1 business hours for a call back or response, but in most cases, we are able to get back to you right away. There is never a charge for advice or the time you spend with your accountant.\r\n\r\n<h4><br />\r\n<br />\r\n<strong>Does it matter if I am not located near one of your offices?</strong></h4>\r\nYour accounting team is available via email and telephone to help you with any questions you may have. When you sign up with PAPERPUSH, a telephone consultation can be arranged with your dedicated Chartered Accountant to answer any questions. We offer a national service from our PAPERPUSH offices in Ahmedabad and have clients all over the Globe.\r\n\r\n<h4><br />\r\n<br />\r\n<strong>Will I deal with the same staff members?</strong></h4>\r\nOf course! You will be assigned to your own team, who will always deal with your paperwork. You will have your own experienced Bookkeeper and fully qualified Chartered Accountant.\r\n\r\n<h4><br />\r\n<br />\r\n<strong>Do I have to pay the postage?</strong></h4>\r\nNo, PAPERPUSH will provide you with pre-printed Business Reply envelopes. Send your envelope in the mail and we cover the postage.<br />\r\n<br />\r\n&nbsp;', '', 'on', '2019-01-10 11:10:55', 1, 'FAQs8142', 'faq', 'FAQ', 'FAQ', 'FAQ'),
(20, 18, 'service', 'plans and pricing', 'plans and pricing', '<h4>Monthly Bookkeeping<strong> </strong></h4>\r\n\r\n<p>We&rsquo;ll help you keep your transactions recorded and you&rsquo;ll have quick access to the cash flow, purchase, sales, and bank balance.<br />\r\n&nbsp;</p>\r\n\r\n<h4>Monthly Financial reports</h4>\r\n\r\n<p>Sustain better with profit-loss statements and balance sheets, detailed account ledgers reported to you every month.<br />\r\n&nbsp;</p>\r\n\r\n<h4>Accounting</h4>\r\n\r\n<p>Adept accounting experts in our team shall take care of entries and transactions while backing the applicable acts, rules, and regulations.</p>\r\n&nbsp;\r\n\r\n<h4>Periodic tax/GST/TDS returns</h4>\r\n\r\n<p>The chartered accountants on our team are highly skilled in areas of taxation and are great consultants for the GST and TDS credit payments.<br />\r\n&nbsp;</p>\r\n\r\n<h4>Filing Income tax returns<strong> </strong></h4>\r\n\r\n<p>Our chartered accountants prepare and file your annual income tax returns, and further help you realize various allowances and deductions depending on the kind of work and nature of income.<br />\r\n&nbsp;</p>\r\n\r\n<h4>Unlimited Tax &amp; Accounting support<strong> </strong></h4>\r\n\r\n<p>Our team will be available to you for any taxation and accounting related support that you need for as long as you need.</p>\r\n', '', 'on', '2018-12-13 05:41:32', 1, 'plans-and-pricing6809', 'plans-and-pricing', 'plans and pricing', 'plans and pricing', 'plans and pricing'),
(23, 3, 'inner', 'Clientele ', 'Clientele ', '&nbsp;\r\n<h4><span style="color:#39ACA7">Small Business</span></h4>\r\n\r\n<p>The rising stars of economies around the world, small businesses are creating livelihoods. Competition and disruption are rampant here, leading many companies bankrupt when most have to still adhere to government rules and regulations. We&rsquo;re here to help them build a more sustainable practice so they can evolve, and keep contributing to the growing economy.<br />\r\n<br />\r\n&nbsp;</p>\r\n\r\n<h4><span style="color:#39ACA7">Startups</span></h4>\r\n\r\n<p>With an intent of innovatively solving real-world problems, startups disrupt the conventional systems to bring in change. They&rsquo;re the new additions to the economy, and since they&rsquo;re young and fast, there&rsquo;s a lot they tend to rush. To keep their sails from sinking too soon, we&rsquo;re here to help them with accountancy and taxation services, so that they stay sustainable.<br />\r\n<br />\r\n&nbsp;</p>\r\n\r\n<h4><span style="color:#39ACA7">Freelancers</span></h4>\r\n\r\n<p>Freelancers are the future of work, with a great multitasking approach - they manage clients, work and more. Their lives are a twenty-four seven, not typical nine - to - five, and so their time is truly precious. Real-time accounting can truly take a load off their shoulders to manage work and play better.<br />\r\n<br />\r\n&nbsp;</p>\r\n\r\n<h4><span style="color:#39ACA7">Franchise</span></h4>\r\n\r\n<p>Franchised marketplaces are smaller units of larger brand names, while consumers will easily attract to this place for the brand legacy, however bringing the franchise to the level of the brand&rsquo;s reputation is a herculean task. With finances kept in check franchise owners can optimize their service and train team members to match the brand repute.<br />\r\n<br />\r\n&nbsp;</p>\r\n\r\n<h4><span style="color:#39ACA7">Trust/Non-profit making organizations</span></h4>\r\n\r\n<p>Non - profit making organizations are not making a profit, but supporting a cause, supporting people&rsquo;s issues and employees who work with them. These organizations have to look at finances in detail to stay sustainable, to be able to support more people through service and jobs.<br />\r\n<br />\r\n&nbsp;</p>\r\n\r\n<h4><span style="color:#39ACA7">Small government-run institutions</span></h4>\r\n\r\n<p>Government run institutions are also set up to bring revenue to the government and support the employees, and with the many taxes and institutional requirements - it is always better to have financial consultants in real - time that can help keep things succinct and transparent.</p>\r\n', '', 'on', '2018-12-11 12:24:48', 1, 'Clientele-9743', 'clientele-', 'Clientele ', 'Clientele ', 'Clientele '),
(24, 14, 'inner', 'about us ', 'about us', '<p><span style="color:#39ACA7"><strong>The idea behind Paper push</strong></span> is one that emerged from the vast experience of our team in the finance industry. The world around us is evolving and technology has touched all sectors. Small businesses, start-ups, and young entrepreneurs are coming up with path-breaking ideas every day. They often face losses with opportunities or because of little awareness about taxation, often have to pay up more interest rates or penalties. It is a pressing issue and Paper push is the solution, making businesses sustainable and financially stable, further helping the government in better revenue collection at the same time, truly optimizing the financial order of the nation.<br />\r\n&nbsp;</p>\r\n\r\n<p><span style="color:#39ACA7"><strong>We believe</strong></span>&nbsp; businesses are created out of passion, and not merely profits. Young entrepreneurs of the day are building incredible ventures that are proving fruitful solutions to many problems across the world. We are passionate about how finances run, and while we do what we&rsquo;re best at, we&rsquo;d love for other entrepreneurs do what they&rsquo;re best at!<br />\r\n<br />\r\n&nbsp;</p>\r\n\r\n<h4>Mission Statement</h4>\r\n\r\n<p>We&rsquo;re here to enable small businesses and young entrepreneurs in becoming sustainable, providing them with optimized financial services for their diverse needs.&nbsp;</p>\r\n<br />\r\n<br />\r\n<br />\r\n<!--![endif]----><!--![endif]---->', '', 'on', '2018-12-12 06:16:56', 1, 'about5048', 'about-us-', 'about', 'about', 'about'),
(25, 11, 'profile', 'profile', 'profile', '<table cellpadding="1" cellspacing="1" style="width:100%">\r\n	<tbody>\r\n		<tr>\r\n			<td>\r\n			<p><strong>At Paper push</strong>, we&rsquo;re a diverse team of finance ninjas, ready to help you for all your economic needs. Our team is a strategic built of professionals, including,</p>\r\n			</td>\r\n			<td><img alt="" src="/paper/plugins/ckeditor/kcfinder/upload/images/profile.png" style="height:346px; width:509px" /></td>\r\n		</tr>\r\n	</tbody>\r\n</table>\r\n<!--![endif]---->\r\n\r\n<p>&nbsp;</p>\r\n&nbsp;\r\n\r\n<table cellpadding="1" cellspacing="1" class="div-table">\r\n	<tbody>\r\n		<tr>\r\n			<td style="text-align:center"><img alt="Amazing team" class="hvr-shrink" src="/paper/plugins/ckeditor/kcfinder/upload/images/amazing_team.JPG" /><br />\r\n			<strong>Amazing team:</strong><br />\r\n			<br />\r\n			Our qualified, expert and experienced team are ready to help you succeed.<br />\r\n			&nbsp;</td>\r\n			<td style="text-align:center"><img alt="Delightful service" class="hvr-shrink" src="/paper/plugins/ckeditor/kcfinder/upload/images/delight_ser.JPG" /><br />\r\n			<strong>Delightful service:</strong><br />\r\n			<br />\r\n			a team of CA&rsquo;s and accounting technicians are working hard to make you successful.<br />\r\n			&nbsp;</td>\r\n			<td style="text-align:center"><img alt="Latest technology with a human touch" class="hvr-shrink" src="/paper/plugins/ckeditor/kcfinder/upload/images/texh_human_touch.JPG" /><br />\r\n			<strong>Latest technology with a human touch:</strong><br />\r\n			<br />\r\n			Our brilliant innovative team is always there to make your bookkeeping easy.<br />\r\n			&nbsp;</td>\r\n			<td style="text-align:center"><img alt="Reasonable pricing" class="hvr-shrink" src="/paper/plugins/ckeditor/kcfinder/upload/images/reasonable_price.JPG" /><br />\r\n			<strong>Reasonable pricing:</strong><br />\r\n			<br />\r\n			We assure you on providing transparent and reasonable pricing<br />\r\n			&nbsp;</td>\r\n		</tr>\r\n	</tbody>\r\n</table>\r\n', '', 'on', '2018-12-13 04:01:45', 1, 'who-we-are2189', 'profile', 'who we are', 'who we are', 'who we are'),
(26, 12, 'inner', 'Our Journey', 'Our Journey', '<p>The idea behind Paper push is one that emerged from the vast experience of our team in the finance industry. The world around us is evolving and technology has touched all sectors, and we help you bring in new age accounting with some old wisdom. Small businesses, start-ups, and young entrepreneurs are coming up with path-breaking ideas every day. They often face losses with opportunities or because of little awareness about taxation, often have to pay up more interest rates or penalties. Plus it is spending more time from the already busy business schedule. It is a pressing issue and Paper push is the solution, making businesses sustainable, financially stable, further helping the government in better revenue collection at the same time, truly optimizing the financial order of the nation by providing real-time accounting for the 21st century.<br />\r\n<br />\r\n&nbsp;</p>\r\n\r\n<p style="text-align:center"><span style="color:#39ACA7">We never deviated from our aim</span></p>\r\n\r\n<p>We&rsquo;re here to enable small businesses and young entrepreneurs in becoming sustainable, providing them with optimized financial services for their diverse needs. In our goals to make the financial services easily accessible to people across diverse areas, we&rsquo;re building India towards a nation that has an incredible &lsquo;ease of doing business&rsquo;.</p>\r\n', '', 'on', '2018-12-12 05:11:52', 1, 'Our-Journey6476', 'our-journey', 'Our Journey', 'Our Journey', 'Our Journey'),
(27, 13, 'inner', 'paper push', 'paper push', '<p style="text-align:center"><span style="color:#39ACA7">A team of diligent professionals</span></p>\r\n\r\n<p>we understand the finance domain in a complete way. We are here to provide all professional financial services under one roof, helping small to midsize businesses, helping decision makers and individuals in making better financial decisions to sustain and prosper. Our team has members of professional bodies including the prestigious ICAI. An India based team, we don&rsquo;t outsource for any tasks.</p>\r\n&nbsp;\r\n\r\n<p style="text-align:center"><span style="color:#39ACA7">Our Assurance</span></p>\r\n\r\n<p>A team of diligent professionals, we understand the finance domain in a complete way. We are here to provide all professional financial services under one roof, helping small to midsize businesses, helping decision makers and individuals in making better financial decisions to sustain and prosper. Our team has members of professional bodies including the prestigious ICAI. An India based team, we don&rsquo;t outsource for any tasks.</p>\r\n&nbsp;\r\n\r\n<p style="text-align:center"><span style="color:#39ACA7">Paper Push for society</span></p>\r\n\r\n<p>Our leadership of experienced Chartered Accountants trains young physically disabled men and women to write the book of accounts for you. Differently-abled individuals (<em>divyang</em>) enthusiastically work towards collaborating and contributing to the society, while being able to gain skills to earn a livelihood without discrimination.<br />\r\n<br />\r\n&nbsp;</p>\r\n\r\n<p style="text-align:center"><span style="color:#39ACA7">Company Culture</span></p>\r\n\r\n<p>An inclusive environment for all, we believe in equal opportunities and sustainable growth, with differently abled individuals being an indispensable part of our workforce.<br />\r\nIn our goals to make the financial services easily accessible to people across diverse areas, we&rsquo;re building India towards a nation that has an incredible &lsquo;ease of business&rsquo;.<br />\r\n&nbsp;</p>\r\n\r\n<p style="text-align:center"><span style="color:#39ACA7">Package Benefits</span></p>\r\n\r\n<ul>\r\n	<li>Expect deliverables quickly, and swift results.</li>\r\n	<li>Cost effective towards interest rates and penalties is at the bay.</li>\r\n	<li>Critical decision making with better impact.</li>\r\n	<li>Lead your leadership and business goals without disruptions.</li>\r\n	<li>Prompt information with convenience, anytime and anywhere.&nbsp;</li>\r\n</ul>\r\n', '', 'on', '2018-12-12 08:42:29', 1, 'paperpush8704', 'paper-push', 'paper push', 'paper push', 'paper push'),
(29, 2, 'service', 'accounting', 'Sole Proprietor|-|LLP or Partnership Firm|-|Private Limited or Limited Company', '<div class="row">\r\n<div class="col-sm-6">\r\n<p><span style="color:#000000">Setting up</span> a new business as a sole trader? Or are you tired of obsolete techniques of existent accountants? Or do you want a more flexible - remote system of accounting? Paper Push is here with just the right tools and services!</p>\r\n\r\n<p>Find the apt package of sole trader accountancy support, for a free consultation - call us at +91-99259 28766,&nbsp;<br />\r\n+91-79-26300340<br />\r\n<br />\r\nAccountancy and tax compliant go hand in hand, and we&rsquo;re here to help you with services that make you transcend. Our expert accountants ensure giving you incredible support to grow your business further financially, while you stay on top of your game, doing the core of the service or products.</p>\r\n</div>\r\n\r\n<div class="col-sm-5 offset-sm-1"><img class="w-100" src="/paper/plugins/ckeditor/kcfinder/upload/images/sole_proprietor.png" /></div>\r\n</div>\r\n<!--row-->\r\n\r\n<div class="row">\r\n<div class="col-sm-12">\r\n<div style="text-align: center;">&nbsp;</div>\r\n\r\n<p style="text-align:center"><br />\r\n<br />\r\n<span style="font-size:19px">User-friendly online accounting support, dedicated client managers and expert accountants - all of that for a flat monthly fee. The service is completely online and remote - so we&rsquo;ll be there for you whenever you need us!</span><br />\r\n<br />\r\n&nbsp;</p>\r\n\r\n<div class="col-sm-8 offset-sm-2">\r\n<div class="embed-responsive embed-responsive-16by9" style="text-align: center;"><iframe class="embed-responsive-item" src="https://www.youtube.com/embed/YvR8LGOUpNA"></iframe></div>\r\n</div>\r\n</div>\r\n</div>\r\n<!--row--><br />\r\n<br />\r\n&nbsp;\r\n<div class="row">\r\n<div class="col-sm-12">\r\n<div class="row">\r\n<div class="col-xs-12 col-sm-6 col-md-6 hvr">\r\n<p style="text-align:center"><span style="color:#000000"><span style="font-size:22px"><img alt="" src="/paper/plugins/ckeditor/kcfinder/upload/images/das%281%29.png" style="height:100px; width:100px" /><br />\r\nDedicated accountancy support</span></span></p>\r\n\r\n<p style="text-align:center">Teaming up together our associate accountants and Chartered Accountants and business experts provide well-strategized support for all businesses.<br />\r\n<br />\r\n&nbsp;</p>\r\n</div>\r\n\r\n<div class="col-xs-12 col-sm-6 col-md-6 hvr">\r\n<p style="text-align:center"><span style="color:#000000"><span style="font-size:22px"><img alt="" src="/paper/plugins/ckeditor/kcfinder/upload/images/wmvh%281%29.png" style="height:100px; width:100px" /><br />\r\nWell-meaning vertical heads</span></span></p>\r\n\r\n<p style="text-align:center">Our vertical heads help you understand businesses in the larger holistic sense, helping you with optimized solutions in maintaining accounts, taxes, and keeping records.<br />\r\n<br />\r\n&nbsp;</p>\r\n</div>\r\n\r\n<div class="col-xs-12 col-sm-6 col-md-6 hvr">\r\n<p style="text-align:center"><span style="color:#000000"><span style="font-size:22px"><img alt="" src="/paper/plugins/ckeditor/kcfinder/upload/images/tax_xomp%281%29.png" style="height:100px; width:100px" /><br />\r\nTax compliance</span></span></p>\r\n\r\n<p style="text-align:center">Taxation experts are the nerves of our team, with their advice on optimizing tax figures, preparation and filing of your returns - we&rsquo;ll help you with tax filings including the monthly, quarterly, and annual requirements of GST, TDS, and return of income.<br />\r\n<br />\r\n&nbsp;</p>\r\n</div>\r\n\r\n<div class="col-xs-12 col-sm-6 col-md-6 hvr">\r\n<p style="text-align:center"><span style="color:#000000"><span style="font-size:22px"><img alt="" src="/paper/plugins/ckeditor/kcfinder/upload/images/spr%281%29.png" style="height:100px; width:100px" /><br />\r\nSole proprietorship registration</span></span></p>\r\n\r\n<p style="text-align:center">If you&rsquo;re willing to take the storm by yourself as an independent business owner, we&rsquo;re here for you to register with the authority in just twenty-four hours. Our team of experts will help you navigate through the deep waters of carrying out business as a sole proprietor<br />\r\n<br />\r\n&nbsp;</p>\r\n</div>\r\n</div>\r\n</div>\r\n</div>\r\n<!--row-->|-|<div class="row">\r\n<div class="col-sm-6">\r\n<p><span style="color:#000000">Setting up</span> a new business as a LLP or Partnership Firm? Or are you tired of obsolete techniques of existent accountants? Or do you want a more flexible - remote system of accounting? Paper Push is here with just the right tools and services! Find the apt package of LLP or Partnership Firm accountancy support, for a free consultation - call us at +91-99259 28766,&nbsp;+91-79-26300340</p>\r\n\r\n<p>Accountancy and tax compliant go hand in hand, and we&rsquo;re here to help you with services that make you transcend. Our expert accountants ensure giving you incredible support to grow your business further financially, while you stay on top of your game, doing the core of the service or products.</p>\r\n</div>\r\n\r\n<div class="col-sm-5 offset-sm-1"><img class="w-100" src="/paper/plugins/ckeditor/kcfinder/upload/images/partnership.png" /></div>\r\n</div>\r\n<!--row-->\r\n\r\n<div class="row">\r\n<div class="col-sm-12">\r\n<div style="text-align: center;">&nbsp;</div>\r\n\r\n<p style="text-align:center"><span style="font-size:19px">User-friendly online accounting support, dedicated client managers and expert accountants - all of that for a flat monthly fee. The service is completely online and remote - so we&rsquo;ll be there for you whenever you need us!</span><br />\r\n&nbsp;</p>\r\n\r\n<div class="col-sm-8 offset-sm-2">\r\n<div class="embed-responsive embed-responsive-16by9" style="text-align: center;"><iframe class="embed-responsive-item" src="https://www.youtube.com/embed/YvR8LGOUpNA"></iframe></div>\r\n</div>\r\n</div>\r\n</div>\r\n<!--row--><br />\r\n<br />\r\n&nbsp;\r\n<div class="row">\r\n<div class="col-sm-12">\r\n<div class="row">\r\n<div class="col-xs-12 col-sm-6 col-md-6 hvr">\r\n<p style="text-align:center"><span style="color:#000000"><span style="font-size:22px"><img alt="" src="/paper/plugins/ckeditor/kcfinder/upload/images/das%281%29.png" style="height:100px; width:100px" /><br />\r\nDedicated accountancy support</span></span></p>\r\n\r\n<p style="text-align:center">Teaming up together our associate accountants and Chartered Accountants and business experts provide well-strategized support for all businesses.<br />\r\n<br />\r\n&nbsp;</p>\r\n</div>\r\n\r\n<div class="col-xs-12 col-sm-6 col-md-6 hvr">\r\n<p style="text-align:center"><span style="color:#000000"><span style="font-size:22px"><img alt="" src="/paper/plugins/ckeditor/kcfinder/upload/images/wmvh%281%29.png" style="height:100px; width:100px" /><br />\r\nWell-meaning vertical heads</span></span></p>\r\n\r\n<p style="text-align:center">Our vertical heads help you understand businesses in the larger holistic sense, helping you with optimized solutions in maintaining accounts, taxes, and keeping records.<br />\r\n<br />\r\n&nbsp;</p>\r\n</div>\r\n\r\n<div class="col-xs-12 col-sm-6 col-md-6 hvr">\r\n<p style="text-align:center"><span style="color:#000000"><span style="font-size:22px"><img alt="" src="/paper/plugins/ckeditor/kcfinder/upload/images/tax_xomp%281%29.png" style="height:100px; width:100px" /><br />\r\nTax compliance</span></span></p>\r\n\r\n<p style="text-align:center">Taxation experts are the nerves of our team, with their advice on optimizing tax figures, preparation and filing of your returns - we&rsquo;ll help you with tax filings including the monthly, quarterly, and annual requirements of GST, TDS, and return of income.<br />\r\n<br />\r\n&nbsp;</p>\r\n</div>\r\n\r\n<div class="col-xs-12 col-sm-6 col-md-6 hvr">\r\n<p style="text-align:center"><span style="color:#000000"><span style="font-size:22px"><img alt="" src="/paper/plugins/ckeditor/kcfinder/upload/images/spr%281%29.png" style="height:100px; width:100px" /><br />\r\nLLP or Partnership Firm registration</span></span></p>\r\n\r\n<p style="text-align:center">If you&rsquo;re willing to take the storm by yourself as an independent business owner, we&rsquo;re here for you to register with the authority in just twenty-four hours. Our team of experts will help you navigate through the deep waters of carrying out business as a LLP or Partnership Firm.<br />\r\n<br />\r\n&nbsp;</p>\r\n</div>\r\n</div>\r\n</div>\r\n</div>\r\n<!--row-->|-|<div class="row">\r\n<div class="col-sm-6">\r\n<p><span style="color:#000000">Setting up</span> a new business as a Private Limited or Limited Company? Or are you tired of obsolete techniques of existent accountants? Or do you want a more flexible - remote system of accounting? Paper Push is here with just the right tools and services!</p>\r\n\r\n<p>Find the apt package of LLP or Partnership Firm accountancy support, for a free consultation - call us at +91-99259 28766,&nbsp;+91-79-26300340</p>\r\n\r\n<p>Accountancy and tax compliant go hand in hand, and we&rsquo;re here to help you with services that make you transcend. Our expert accountants ensure giving you incredible support to grow your business further financially, while you stay on top of your game, doing the core of the service or products.</p>\r\n</div>\r\n\r\n<div class="col-sm-5 offset-sm-1"><img class="w-100" src="/paper/plugins/ckeditor/kcfinder/upload/images/Limitedcompany.png" /></div>\r\n</div>\r\n<!--row-->\r\n\r\n<div class="row">\r\n<div class="col-sm-12">\r\n<div style="text-align: center;">&nbsp;</div>\r\n\r\n<p style="text-align:center"><br />\r\n<br />\r\n<span style="font-size:19px">User-friendly online accounting support, dedicated client managers and expert accountants - all of that for a flat monthly fee. The service is completely online and remote - so we&rsquo;ll be there for you whenever you need us!</span><br />\r\n<br />\r\n&nbsp;</p>\r\n\r\n<div class="col-sm-8 offset-sm-2">\r\n<div class="embed-responsive embed-responsive-16by9" style="text-align: center;"><iframe class="embed-responsive-item" src="https://www.youtube.com/embed/YvR8LGOUpNA"></iframe></div>\r\n</div>\r\n</div>\r\n</div>\r\n<!--row--><br />\r\n<br />\r\n&nbsp;\r\n<div class="row">\r\n<div class="col-sm-12">\r\n<div class="row">\r\n<div class="col-xs-12 col-sm-6 col-md-6 hvr">\r\n<p style="text-align:center"><span style="color:#000000"><span style="font-size:22px"><img alt="" src="/paper/plugins/ckeditor/kcfinder/upload/images/das%281%29.png" style="height:100px; width:100px" /><br />\r\nDedicated accountancy support</span></span></p>\r\n\r\n<p style="text-align:center">Teaming up together our associate accountants and Chartered Accountants and business experts provide well-strategized support for all businesses.<br />\r\n<br />\r\n&nbsp;</p>\r\n</div>\r\n\r\n<div class="col-xs-12 col-sm-6 col-md-6 hvr">\r\n<p style="text-align:center"><span style="color:#000000"><span style="font-size:22px"><img alt="" src="/paper/plugins/ckeditor/kcfinder/upload/images/wmvh%281%29.png" style="height:100px; width:100px" /><br />\r\nWell-meaning vertical heads</span></span></p>\r\n\r\n<p style="text-align:center">Our vertical heads help you understand businesses in the larger holistic sense, helping you with optimized solutions in maintaining accounts, taxes, and keeping records.<br />\r\n<br />\r\n&nbsp;</p>\r\n</div>\r\n\r\n<div class="col-xs-12 col-sm-6 col-md-6 hvr">\r\n<p style="text-align:center"><span style="color:#000000"><span style="font-size:22px"><img alt="" src="/paper/plugins/ckeditor/kcfinder/upload/images/tax_xomp%281%29.png" style="height:100px; width:100px" /><br />\r\nTax compliance</span></span></p>\r\n\r\n<p style="text-align:center">Taxation experts are the nerves of our team, with their advice on optimizing tax figures, preparation and filing of your returns - we&rsquo;ll help you with tax filings including the monthly, quarterly, and annual requirements of GST, TDS, and return of income.<br />\r\n<br />\r\n&nbsp;</p>\r\n\r\n<p>&nbsp;</p>\r\n</div>\r\n\r\n<div class="col-xs-12 col-sm-6 col-md-6 hvr">\r\n<p style="text-align:center"><span style="color:#000000"><span style="font-size:22px"><img alt="" src="/paper/plugins/ckeditor/kcfinder/upload/images/spr%281%29.png" style="height:100px; width:100px" /><br />\r\nPrivate Limited or Limited Company registration</span></span></p>\r\n\r\n<p style="text-align:center">If you&rsquo;re willing to take the storm by yourself as an independent business owner, we&rsquo;re here for you to register with the authority in just twenty-four hours. Our team of experts will help you navigate through the deep waters of carrying out business as a Private Limited or Limited Company.<br />\r\n<br />\r\n&nbsp;</p>\r\n</div>\r\n</div>\r\n</div>\r\n</div>\r\n<!--row-->', '', 'on', '2018-12-13 04:48:02', 1, 'aa7626', 'accounting', 'accounting', 'accounting', 'accounting'),
(30, 0, 'service', 'Tax and Compliance services', 'Tax and Compliance services', '<table cellpadding="1" cellspacing="1" style="width:100%">\r\n	<tbody>\r\n		<tr>\r\n			<td><img alt="" src="/paper/plugins/ckeditor/kcfinder/upload/images/tax_com.png" style="height:323px; width:400px" /></td>\r\n			<td>Compliance services like Goods and services tax, income tax are an important aspect that needs to be catered to every financial term or at every sale. It is almost necessary to have a dedicated expert on the evolving taxation terms &ndash; Paper push with an adept team of experts on board is the right place!</td>\r\n		</tr>\r\n	</tbody>\r\n</table>\r\n\r\n<p>&nbsp;</p>\r\n&nbsp;\r\n\r\n<div class="ser-part pro-margin">\r\n<div class="row">\r\n<div class="col-xs-12 col-sm-6">\r\n<p style="text-align:center"><span style="color:#000000"><img alt="" src="/paper/plugins/ckeditor/kcfinder/upload/images/sole.png" style="height:100px; width:200px" /><br />\r\n<span style="font-size:22px">Sole proprietor</span></span></p>\r\n\r\n<p style="text-align:center">You being sole proprietor need to file periodical GST returns and TDS returns if applicable and annual income tax return. We will keep you informed about the deadlines for above fillings and will make it simple for you by calculating same on regular basis and advice to make payment on timely basis which helps to keep interest, penalty and late filing fees at bay.<br />\r\n<br />\r\n&nbsp;</p>\r\n</div>\r\n\r\n<div class="col-xs-12 col-sm-6">\r\n<p style="text-align:center"><span style="color:#000000"><img alt="" src="/paper/plugins/ckeditor/kcfinder/upload/images/o_sole.png" style="height:100px; width:200px" /><br />\r\n<span style="font-size:22px">Other than sole Proprietor</span></span></p>\r\n\r\n<p style="text-align:center">You are being a Partnership firm, LLP. Private Limited or Limited company need to file periodical GST returns and TDS returns if applicable and annual income tax return. We will keep you informed about the deadlines for above fillings and will make it simple for you by calculating same on regular basis and advice to make payment on a timely basis which helps to keep interest, penalty and late filing fees at bay</p>\r\n</div>\r\n</div>\r\n</div>\r\n', '', 'on', '2018-12-13 04:57:27', 1, 'Tax-&-Compliance-services4195', 'tax-and-compliance-services', 'Tax & Compliance services', 'Tax & Compliance services', 'Tax & Compliance services'),
(31, 16, 'service', 'Data and record management', 'Data and record management', '<p>Maintaining financial records can be a tedious task but that&rsquo;s a legal requirement. Businesses often have to keep an entire team in-house to take care of financial and legal requirements but, with Paper push at your disposal, you can ensure the record keeping well.</p>\r\n\r\n<p>With us, your data will remain secure and easily accessible from anywhere. It will always be available to you just click away. You also can choose our data retrieval service to make life simple at the time of assessment proceedings under the Indian Income Tax Act, Goods and Services tax Act and If required under the Evidence Act.</p>\r\n', '', 'on', '2018-12-12 11:43:19', 1, 'Data-and-record-management8358', 'data-and-record-management', 'Data and record management', 'Data and record management', 'Data and record management'),
(32, 17, 'service', 'Receivable and Payable management', 'Receivable and Payable management', '<p>Are your invoices getting paid late? Being self - employed is incredibly challenging when you&rsquo;re the sole force trying to manage clients, work on ideas and also manage invoices - it can get really overwhelming. We&rsquo;re here to help! At Paper Push we help freelancers, contractors, small businesses, recover unpaid invoices and debt collection without losing your clients.<br />\r\n&nbsp;</p>\r\n\r\n<p><span style="color:#000000">Contact us to find more</span></p>\r\n\r\n<ul>\r\n	<li>No more fine lines or manipulative contracts</li>\r\n	<li>We don&rsquo;t expect advance payments</li>\r\n	<li>No hidden costs</li>\r\n	<li>Commissions only after we get your invoices cleared.</li>\r\n</ul>\r\n', '', 'on', '2018-12-12 11:47:35', 1, 'Receivable-and-Payable-management4220', 'receivable-and-payable-management', 'Receivable and Payable management', 'Receivable and Payable management', 'Receivable and Payable management');

-- --------------------------------------------------------

--
-- Table structure for table `tblmedia`
--

CREATE TABLE IF NOT EXISTS `tblmedia` (
  `tblmedia_id` int(10) unsigned NOT NULL,
  `file_name` varchar(100) NOT NULL,
  `file_path` text NOT NULL,
  `main_text` varchar(1000) NOT NULL,
  `sub_text` text NOT NULL,
  `filetype` varchar(15) NOT NULL
) ENGINE=InnoDB AUTO_INCREMENT=30 DEFAULT CHARSET=latin1;

--
-- Dumping data for table `tblmedia`
--

INSERT INTO `tblmedia` (`tblmedia_id`, `file_name`, `file_path`, `main_text`, `sub_text`, `filetype`) VALUES
(1, 'home.jpg', 'uploads/home.jpg', ' money doesn''t come without guidence', ' ', '.jpg'),
(3, 'home2.jpg', 'uploads/home2.jpg', ' money doesn''t come without guidence2', ' ', '.jpg'),
(4, 'home3.jpg', 'uploads/home3.jpg', '  money doesn''t come without guidence 3', '  ', '.jpg'),
(7, 'inner1.JPG', 'uploads/inner1.JPG', '', '', '.jpg'),
(8, 'person1.jpg', 'uploads/person1.jpg', 'Full name', 'Designation ', '.jpg'),
(9, 'person2.jpg', 'uploads/person2.jpg', ' full name ', ' <strong>designation</strong> and other text', '.jpg'),
(11, 'inner2.JPG', 'uploads/inner2.JPG', '', '', '.jpg'),
(13, 'inner6.JPG', 'uploads/inner6.JPG', '', '', '.jpg'),
(14, 'inner5.JPG', 'uploads/inner5.JPG', '', '', '.jpg'),
(15, 'inner3.JPG', 'uploads/inner3.JPG', '', '', '.jpg'),
(17, 'team1.jpg', 'uploads/team1.jpg', '', '', '.jpg'),
(20, 'team2.jpg', 'uploads/team2.jpg', '', '', '.jpg'),
(21, 'abt.png', 'uploads/abt.png', '', '', '.png'),
(22, 'jrny.png', 'uploads/jrny.png', '', '', '.png'),
(23, 'ppr.png', 'uploads/ppr.png', '', '', '.png'),
(24, 'tax_com.png', 'uploads/tax_com.png', '', '', '.png'),
(25, 'd_r_mgn.png', 'uploads/d_r_mgn.png', '', '', '.png'),
(26, 'rec_pay_mgnt.png', 'uploads/rec_pay_mgnt.png', '', '', '.png'),
(27, 'plan_pricing.png', 'uploads/plan_pricing.png', '', '', '.png'),
(28, 'clientele.png', 'uploads/clientele.png', '', '', '.png'),
(29, 'inner3.png', 'uploads/inner3.png', '', '', '.png');

-- --------------------------------------------------------

--
-- Table structure for table `tblmenu`
--

CREATE TABLE IF NOT EXISTS `tblmenu` (
  `menu_id` int(10) unsigned NOT NULL,
  `menu_name` varchar(200) CHARACTER SET utf8 NOT NULL,
  `menu_displayname` varchar(200) CHARACTER SET utf8 NOT NULL,
  `menu_content` int(10) unsigned DEFAULT NULL,
  `menu_position` int(5) NOT NULL,
  `submenu` int(11) DEFAULT NULL,
  `menugroup` int(11) unsigned NOT NULL,
  `menu_url` text NOT NULL
) ENGINE=InnoDB AUTO_INCREMENT=97 DEFAULT CHARSET=latin1;

--
-- Dumping data for table `tblmenu`
--

INSERT INTO `tblmenu` (`menu_id`, `menu_name`, `menu_displayname`, `menu_content`, `menu_position`, `submenu`, `menugroup`, `menu_url`) VALUES
(77, 'Home', 'Home', 2, 1, NULL, 18, ''),
(78, 'about us ', 'about us ', 24, 2, NULL, 18, ''),
(79, 'services', 'services', 9, 3, NULL, 18, ''),
(80, 'plans and pricing', 'plans and pricing', 20, 4, NULL, 18, ''),
(81, 'Contact', 'Contact', 6, 5, NULL, 18, ''),
(83, 'who we are', 'who we are', 8, 2, NULL, 1, ''),
(84, 'about us ', 'about us ', 24, 3, 8, 1, ''),
(85, 'profile', 'profile', 25, 4, 8, 1, ''),
(86, 'Our Journey', 'Our Journey', 26, 5, 8, 1, ''),
(87, 'paper push', 'paper push', 27, 6, 8, 1, ''),
(88, 'services', 'services', 9, 7, NULL, 1, ''),
(89, 'accounting', 'accounting', 29, 8, 9, 1, ''),
(90, 'Tax and Compliance services', 'Tax and Compliance services', 30, 9, 9, 1, ''),
(91, 'Data and record management', 'Data and record management', 31, 10, 9, 1, ''),
(92, 'Receivable and Payable management', 'Receivable and Payable management', 32, 11, 9, 1, ''),
(93, 'plans and pricing', 'plans and pricing', 20, 12, NULL, 1, ''),
(94, 'Clientele ', 'Clientele ', 23, 13, NULL, 1, ''),
(95, 'FAQ', 'FAQ', 19, 14, NULL, 1, ''),
(96, 'Contact', 'Contact', 6, 15, NULL, 1, '');

-- --------------------------------------------------------

--
-- Table structure for table `tblmenugroup`
--

CREATE TABLE IF NOT EXISTS `tblmenugroup` (
  `menugroup_id` int(11) unsigned NOT NULL,
  `menugroupname` varchar(50) NOT NULL,
  `menushortcode` varchar(50) NOT NULL
) ENGINE=InnoDB AUTO_INCREMENT=21 DEFAULT CHARSET=latin1;

--
-- Dumping data for table `tblmenugroup`
--

INSERT INTO `tblmenugroup` (`menugroup_id`, `menugroupname`, `menushortcode`) VALUES
(1, 'Mainmenu', '[Mainmenu]'),
(18, 'quicklinks', '[quicklinks]'),
(19, 'faq', '[faq]'),
(20, 'other', '[other]');

-- --------------------------------------------------------

--
-- Table structure for table `tblmsg`
--

CREATE TABLE IF NOT EXISTS `tblmsg` (
  `tblmsg_id` int(10) unsigned NOT NULL,
  `message` text NOT NULL
) ENGINE=MyISAM DEFAULT CHARSET=latin1;

-- --------------------------------------------------------

--
-- Table structure for table `tblposts`
--

CREATE TABLE IF NOT EXISTS `tblposts` (
  `tblpost_id` int(10) unsigned NOT NULL,
  `titlepost` varchar(200) CHARACTER SET utf8 NOT NULL,
  `imagepath` varchar(200) CHARACTER SET utf8 DEFAULT 'banners/noimage.png',
  `content_head` varchar(500) NOT NULL,
  `contentpost` text CHARACTER SET utf8 NOT NULL,
  `post_date` date NOT NULL,
  `user_id` int(11) NOT NULL,
  `modified_time` timestamp NOT NULL DEFAULT CURRENT_TIMESTAMP ON UPDATE CURRENT_TIMESTAMP,
  `post_slug` text NOT NULL,
  `post_cat` varchar(65) NOT NULL,
  `election_mode` char(1) NOT NULL
) ENGINE=InnoDB AUTO_INCREMENT=8 DEFAULT CHARSET=latin1;

--
-- Dumping data for table `tblposts`
--

INSERT INTO `tblposts` (`tblpost_id`, `titlepost`, `imagepath`, `content_head`, `contentpost`, `post_date`, `user_id`, `modified_time`, `post_slug`, `post_cat`, `election_mode`) VALUES
(1, 'Accounting ', 'banners/rec_keep_ser.jpg', 'Accounting ', '<h4>Sole Proprietor</h4>\r\n\r\n<p><img alt="" src="/paper/plugins/ckeditor/kcfinder/upload/images/sole_trader.JPG" style="float:right; height:210px; margin-left:20px; width:300px" />Setting up a new business as a sole trader? Or are you tired of obsolete techniques of existent accountants? Or do you want a more flexible - remote system of accounting? Paper Push is here with just the right tools and services!<br />\r\n<br />\r\nFind the apt package of sole trader accountancy support, for a free consultation - call us at 0000000<br />\r\n<br />\r\nAccountancy and tax compliant go hand in hand, and we&rsquo;re here to help you with services that make you transcend. Our expert accountants ensure giving you incredible support to grow your business further financially, while you stay on top of your game, doing the core of the service or products.<br />\r\n<br />\r\nUser-friendly online accounting support, dedicated client managers and expert accountants - all of that for a flat monthly fee. The service is completely online and remote - so we&rsquo;ll be there for you whenever you need us!<br />\r\n&nbsp;</p>\r\n\r\n<h4>Dedicated accountancy support</h4>\r\nTeaming up together our associate accountants and Chartered &nbsp;Accountants and business experts provide well-strategized support for all businesses.<br />\r\n<br />\r\n&nbsp;\r\n<h4>Well-meaning vertical heads</h4>\r\nOur vertical heads help you understand businesses in the larger holistic sense, helping you with optimized solutions in maintaining accounts, taxes, and keeping records.<br />\r\n<br />\r\n&nbsp;\r\n<h4>Tax compliance</h4>\r\nTaxation experts are the nerves of our team, with their advice on optimizing tax figures, preparation and filing of your returns - we&rsquo;ll help you with tax filings including the monthly, quarterly, and annual requirements of GST, TDS, and return of income.<br />\r\n<br />\r\n&nbsp;\r\n<h4>Sole proprietorship registration</h4>\r\nIf you&rsquo;re willing to take the storm by yourself as an independent business owner, we&rsquo;re here for you to register with the authority in just twenty-four hours. Our team of experts will help you navigate through the deep waters of carrying out business as a sole proprietor.<br />\r\n<br />\r\n<br />\r\n<strong>silver, Gold and platinum</strong>.<br />\r\n&nbsp;', '2018-11-29', 1, '2018-11-29 22:41:22', 'Accounting-', 'service', ''),
(2, 'Tax & Compliance services', 'banners/acc_ser.jpg', 'Tax & Compliance services', '<p>Compliance services like Goods and services tax, income tax are an important aspect that needs to be catered to every financial term or at every sale. It is almost necessary to have a dedicated expert on the evolving taxation terms &ndash; Paper push with an adept team of experts on board is the right place!</p>\r\n\r\n<h4>Sole proprietor</h4>\r\n\r\n<p>You being sole proprietor need to file periodical GST returns and TDS returns if applicable and annual income tax return. We will keep you informed about the deadlines for above fillings and will make it simple for you by calculating same on regular basis and advice to make payment on timely basis which helps to keep interest, penalty and late filing fees at bay.<br />\r\n&nbsp;</p>\r\n\r\n<h4>Other than sole Proprietor</h4>\r\n\r\n<p>You are being a Partnership firm, LLP. Private Limited or Limited company need to file periodical GST returns and TDS returns if applicable and annual income tax return. We will keep you informed about the deadlines for above fillings and will make it simple for you by calculating same on regular basis and advice to make payment on a timely basis which helps to keep interest, penalty and late filing fees at bay.<br />\r\n&nbsp;</p>\r\n\r\n<h4>silver, Gold and platinum.</h4>\r\n\r\n<p><br />\r\n&nbsp;</p>\r\n\r\n<h4>testimony of existing service user</h4>\r\n', '2018-11-29', 1, '2018-11-30 06:41:20', 'Tax-&-Compliance-services', 'service', ''),
(3, 'Data and record management', 'banners/comp_ser.jpg', 'Data and record management', '<p><img alt="" src="/paper/plugins/ckeditor/kcfinder/upload/images/data_record_mgnt.JPG" style="float:left; height:279px; margin-right:10px; width:403px" />Maintaining financial records can be a tedious task but that&rsquo;s a legal requirement. Businesses often have to keep an entire team in-house to take care of financial and legal requirements but, with Paper push at your disposal, you can ensure the record keeping well.<br />\r\n<br />\r\nWith us, your data will remain secure and easily accessible from anywhere. It will always be available to you just click away. You also can choose our data retrieval service to make life simple at the time of assessment proceedings under the Indian Income Tax Act, Goods and Services tax Act and If required under the Evidence Act.</p>\r\n\r\n<h4>silver, Gold and platinum.</h4>\r\n&nbsp;\r\n\r\n<h4>Testimony of existing service user</h4>\r\n', '2018-11-28', 1, '2018-11-29 22:41:16', 'Data-and-record-management', 'service', ''),
(4, 'Receivable & Payable management', 'banners/rec.JPG', 'Receivable & Payable management', '<p><img alt="" src="/paper/plugins/ckeditor/kcfinder/upload/images/rec_pay_mgnt.JPG" style="float:right; height:209px; margin-left:20px; width:300px" />Are your invoices getting paid late? Being self - employed is incredibly challenging when you&rsquo;re the sole force trying to manage clients, work on ideas and also manage invoices - it can get really overwhelming. We&rsquo;re here to help! At Paper Push we help freelancers, contractors, small businesses, recover unpaid invoices and debt collection without losing your clients.<br />\r\n<br />\r\nSilver, Gold And Platinum.<br />\r\n&nbsp;</p>\r\n\r\n<h5>Contact us to find more</h5>\r\n&nbsp;\r\n\r\n<ul>\r\n	<li>No more fine lines or manipulative contracts</li>\r\n	<li>We don&rsquo;t expect advance payments</li>\r\n	<li>No hidden costs</li>\r\n	<li>Commissions only after we get your invoices cleared.</li>\r\n</ul>\r\n', '2018-11-29', 1, '2018-12-02 21:42:53', 'Receivable-&-Payable-management', 'service', ''),
(5, 'plans', 'banners/', 'SILVER|-|GOLD|-|PLATINUM', '<div class="plan-effect">\r\n<p><span style="color:#69bd44"><span style="font-size:28px">$ </span><span style="font-size:48px">19</span></span><br />\r\n<strong>/Per week</strong></p>\r\n</div>\r\n\r\n<div class="res-content">\r\n<ul>\r\n	<li>Lorem ipsum dolor sit amet.</li>\r\n	<li>Lorem ipsum dolor sit amet.</li>\r\n	<li>Lorem ipsum dolor sit amet.</li>\r\n</ul>\r\n</div>\r\n\r\n<ul>\r\n</ul>\r\n|-|<div class="plan-effect">\r\n<p><span style="color:#69bd44"><span style="font-size:28px">$ </span><span style="font-size:48px">19</span></span><br />\r\n<strong>/Per week</strong></p>\r\n</div>\r\n\r\n<div class="res-content">\r\n<ul>\r\n	<li>Lorem ipsum dolor sit amet.</li>\r\n	<li>Lorem ipsum dolor sit amet.</li>\r\n	<li>Lorem ipsum dolor sit amet.</li>\r\n</ul>\r\n</div>\r\n\r\n<ul>\r\n</ul>\r\n|-|<div class="plan-effect">\r\n<p><span style="color:#69bd44"><span style="font-size:28px">$ </span><span style="font-size:48px">19</span></span><br />\r\n<strong>/Per week</strong></p>\r\n</div>\r\n\r\n<div class="res-content">\r\n<ul>\r\n	<li>Lorem ipsum dolor sit amet.</li>\r\n	<li>Lorem ipsum dolor sit amet.</li>\r\n	<li>Lorem ipsum dolor sit amet.</li>\r\n</ul>\r\n</div>\r\n\r\n<ul>\r\n</ul>\r\n', '2018-12-29', 1, '2018-12-13 05:42:36', 'plans', 'plan', ''),
(6, 'Reasons to choose Paper Push', 'banners/reason.jpg', 'Reasons to choose Paper Push', '<ul>\r\n	<li>Businesses can sustain and prosper with good financial planning and we&rsquo;re here to take you towards a better financial path.</li>\r\n	<li>Take informed decisions with experts on your side, mapping your financial moves.</li>\r\n	<li>No more penalties, unruly interest rates, and late fees when everything is taken care of by Paper push experts.</li>\r\n	<li>Your accounts will always stay updated and records kept maintained, so no fretting over losses, profits, and taxes in the financial year.</li>\r\n	<li>No need to pay for costly software and renewal fees or hire an individual accountant.</li>\r\n	<li>ISO Policies are applicable with an ensured secure network.</li>\r\n	<li>Assessment and audit covered while writing accounts.</li>\r\n	<li>We&rsquo;re here to reduce litigation and increase profitability.</li>\r\n</ul>\r\n', '2018-12-29', 1, '2018-12-11 03:42:25', 'Reasons-to-choose-Paper-Push', 'reason', ''),
(7, 'our plans', 'banners/', 'Monthly Bookkeeping|-|Monthly Financial reports|-|EXPERT ACCOUNTING TEAM|-|Periodic tax/GST/TDS returns|-|Filing Income tax returns|-|Unlimited Tax & Accounting support', 'We&rsquo;ll help you keep your transactions recorded and you&rsquo;ll have quick access to the cash flow, purchase, sales, and bank balance.|-|Sustain better with profit-loss statements and balance sheets, detailed account ledgers reported to you every month.|-|Adept accounting experts in our team shall take care of entries and transactions while backing the applicable acts, rules, and regulations.|-|The chartered accountants on our team are highly skilled in areas of taxation and are great consultants for the GST and TDS credit payments.|-|Our chartered accountants prepare and file your annual income tax returns, and further help you realize various allowances and deductions depending on the kind of work and nature of income.|-|Our team will be available to you for any taxation and accounting related support that you need for as long as you need.', '2018-12-30', 1, '2018-12-11 04:42:08', 'our-plans', 'plans_pricing', '');

-- --------------------------------------------------------

--
-- Table structure for table `tbl_counter`
--

CREATE TABLE IF NOT EXISTS `tbl_counter` (
  `cid` int(11) NOT NULL,
  `count` varchar(50) NOT NULL
) ENGINE=MyISAM DEFAULT CHARSET=latin1;

-- --------------------------------------------------------

--
-- Table structure for table `tbl_other_detail`
--

CREATE TABLE IF NOT EXISTS `tbl_other_detail` (
  `other_id` int(11) NOT NULL,
  `other_cat` varchar(100) NOT NULL,
  `other_title` varchar(255) NOT NULL,
  `other_text` text NOT NULL,
  `other_link` int(11) NOT NULL,
  `other_icon` varchar(255) NOT NULL,
  `other_image` varchar(255) NOT NULL,
  `other_banner_id` int(11) NOT NULL,
  `log` timestamp NOT NULL DEFAULT CURRENT_TIMESTAMP ON UPDATE CURRENT_TIMESTAMP,
  `social_link` varchar(255) NOT NULL,
  `other_position` int(11) NOT NULL,
  `other_bgclr` varchar(100) NOT NULL,
  `other_clr` varchar(100) NOT NULL
) ENGINE=MyISAM AUTO_INCREMENT=27 DEFAULT CHARSET=latin1;



-- --------------------------------------------------------

--
-- Table structure for table `tbl_portfolio`
--

CREATE TABLE IF NOT EXISTS `tbl_portfolio` (
  `portfolio_id` int(10) unsigned NOT NULL,
  `portfolio_cat_id` int(10) unsigned NOT NULL,
  `port_sub_cat` int(11) NOT NULL,
  `banner_id` int(11) NOT NULL,
  `portfolio_name` varchar(200) CHARACTER SET utf8 COLLATE utf8_estonian_ci NOT NULL,
  `portfolio_link` varchar(255) NOT NULL,
  `portfolio_image_path` varchar(255) DEFAULT NULL,
  `portfolio_video_path` text NOT NULL,
  `prot_desc` text CHARACTER SET utf8 NOT NULL
) ENGINE=InnoDB DEFAULT CHARSET=latin1;

-- --------------------------------------------------------

--
-- Table structure for table `tbl_portfolio_category`
--

CREATE TABLE IF NOT EXISTS `tbl_portfolio_category` (
  `portfolio_cat_id` int(10) unsigned NOT NULL,
  `portfolio_cat_name` varchar(100) CHARACTER SET utf8 NOT NULL,
  `portfolio_code` varchar(50) NOT NULL
) ENGINE=InnoDB DEFAULT CHARSET=latin1;

-- --------------------------------------------------------

--
-- Table structure for table `tbl_port_sub_cat`
--

CREATE TABLE IF NOT EXISTS `tbl_port_sub_cat` (
  `psid` int(11) NOT NULL,
  `pid` int(11) NOT NULL,
  `ps_name` varchar(255) NOT NULL
) ENGINE=InnoDB DEFAULT CHARSET=latin1;

-- --------------------------------------------------------

--
-- Table structure for table `tbl_students_registration`
--

CREATE TABLE IF NOT EXISTS `tbl_students_registration` (
  `rid` int(11) NOT NULL,
  `name` varchar(255) NOT NULL,
  `joining_date` date NOT NULL,
  `typeofmembership` varchar(255) NOT NULL,
  `rcpt_no` varchar(255) NOT NULL,
  `memb_amt` varchar(255) NOT NULL,
  `memb_amt_paidby` varchar(255) NOT NULL,
  `dob` date NOT NULL,
  `contact_no` varchar(20) NOT NULL,
  `alt_contact_no` varchar(20) NOT NULL,
  `home_address` text NOT NULL,
  `gender` varchar(50) NOT NULL,
  `other_address` text NOT NULL,
  `email` varchar(255) NOT NULL,
  `highersecondary` varchar(255) NOT NULL,
  `sharingemailid` varchar(255) NOT NULL,
  `highersecondaryscore` varchar(255) NOT NULL,
  `graduation` varchar(255) NOT NULL,
  `graduationascore` varchar(255) NOT NULL,
  `graduationayear` varchar(255) NOT NULL,
  `postgraduation` varchar(255) NOT NULL,
  `postgraduationscore` varchar(255) NOT NULL,
  `postgraduationyear` varchar(255) NOT NULL,
  `fieldofstudy` varchar(255) NOT NULL,
  `fieldofstudyotherinfo` varchar(255) NOT NULL,
  `degreesought` varchar(255) NOT NULL,
  `intendedmajor` varchar(255) NOT NULL,
  `academic_intake` varchar(50) NOT NULL,
  `toefl_score` varchar(255) NOT NULL,
  `gre_score` varchar(255) NOT NULL,
  `gmat_score` varchar(255) NOT NULL,
  `sat_act_score` varchar(255) NOT NULL,
  `howdidyouknow` varchar(255) NOT NULL
) ENGINE=InnoDB AUTO_INCREMENT=16 DEFAULT CHARSET=latin1;

--
-- Dumping data for table `tbl_students_registration`
--

INSERT INTO `tbl_students_registration` (`rid`, `name`, `joining_date`, `typeofmembership`, `rcpt_no`, `memb_amt`, `memb_amt_paidby`, `dob`, `contact_no`, `alt_contact_no`, `home_address`, `gender`, `other_address`, `email`, `highersecondary`, `sharingemailid`, `highersecondaryscore`, `graduation`, `graduationascore`, `graduationayear`, `postgraduation`, `postgraduationscore`, `postgraduationyear`, `fieldofstudy`, `fieldofstudyotherinfo`, `degreesought`, `intendedmajor`, `academic_intake`, `toefl_score`, `gre_score`, `gmat_score`, `sat_act_score`, `howdidyouknow`) VALUES
(5, 'Lars Delaney', '1991-01-03', 'Regular Services-MBA', 'Cupidatat totam deserunt cum dolorum nihil explicabo Tempor ut irure pariatur Ex commodi aut eaque sed', 'Ut minima nemo iure iusto et ipsa ex velit', 'Cheque', '1970-01-01', 'Omnis voluptatem par', 'Ea non mollit incidu', 'Rerum occaecat voluptate elit et ipsam odit aut ducimus minima sunt aut voluptatem et et quos et', 'male', 'Eveniet ad unde explicabo Qui distinctio Velit ut aut officiis', 'tonezy@mailinator.net', 'Commerce', 'Yes', 'Deserunt accusantium labore beatae sunt incidunt dolor magni maxime nesciunt pariatur Id ullamco et', 'B.E / Tech. In Mechnical Engineering', 'Pariatur Quam earum eveniet neque veniam ea perferendis quis', '2018', 'Biotechnology/Biomedical', 'Ut a rerum voluptatum officia mollit molestiae quis commodo minima qui labore veniam qui voluptatum est', '1993', 'Media, journalism amd communication', 'Et blanditiis sed voluptate inventore natus perspiciatis natus rerum non vero laudantium expedita laborum Fugit in fugiat impedit', 'Doctorate', 'In unde numquam consectetur ut sunt est pariatur', 'Fall', 'Reprehenderit ab sint ex et non beatae minima nihil maiores corporis et nesciunt sint incidunt molestiae irure voluptatem', 'Aut est in consequatur Adipisicing non ut aute voluptatem iusto facilis tempore eveniet non alias praesentium iusto ex repellendus Nihil', 'Ab aspernatur et ut vel porro maiores dolorum quia nemo exercitation', 'Quo exercitationem et laudantium eligendi qui', 'Advertisement'),
(6, 'Cora Bennett', '2006-10-13', 'Premium Services-MBA', 'Dolore voluptatem Eum ipsam non dolorum voluptas aperiam culpa', 'Tenetur quo facilis consequatur vero', 'Cash', '1970-01-01', 'Mollit consequat Aut', 'Esse in et eum rem b', 'Nihil aspernatur deleniti sint sunt nihil molestiae deserunt odio velit dolorem enim ut voluptates quia', 'male', 'Est tenetur exercitationem non quasi deserunt et dignissimos ratione consequatur do omnis amet officia', 'rycuz@mailinator.net', 'Commerce', 'No', 'Vel aperiam obcaecati aliquip anim ea et et sit vel sit illo ducimus aut corrupti necessitatibus dolore incididunt ex dolore', 'Not Applicable', 'Et laudantium duis perspiciatis sunt sit consequatur', '1993', 'Law ', 'Minima dolores odit aut ex sed sunt porro quia magnam rem debitis optio consectetur incidunt dolores quisquam dolorum ea', '1983', 'Electrical Engineering', 'Culpa dicta nesciunt est adipisicing non id dolore blanditiis sunt vel tempore consectetur at aliqua', 'MBA', 'Eos excepturi corrupti culpa aspernatur repudiandae ex dolores non natus rerum quis tenetur eveniet aliquam voluptas adipisci est dolorum provident', 'Spring', 'Itaque soluta veniam nostrum sequi rem', 'Labore aliquid dolorem perspiciatis minim nulla in tenetur minim dolores aspernatur sit aut labore pariatur Qui', 'Duis qui ex sed dolores id ea', 'Harum quas dicta ratione enim facere fuga Harum fugiat assumenda porro sunt et molestiae', 'Website'),
(7, 'Francis Preston', '2007-12-22', 'Temporary Membership-Stage C – Visa counseling and pre departure orientation', 'Quaerat voluptatibus nostrum quidem autem deserunt aut officia nostrum quia necessitatibus alias', 'Quia est cupidatat et sed dolorem ut qui in eum tempora', 'Cash', '1970-01-01', 'Dolore voluptate in ', 'Quas doloremque do p', 'Similique eu pariatur Do aperiam nostrum sit cupiditate sunt esse inventore duis enim possimus ex dolore minim minus ut explicabo', 'male', 'Dignissimos excepteur laboris doloremque do nostrud beatae molestias officia', 'tytyfo@mailinator.net', 'General', 'Yes', 'Quas est molestiae numquam magni', 'B.E / Tech. In Mechnical Engineering', 'Incidunt sunt autem dignissimos et asperiores nihil', '2011', 'Civil Engineering', 'Exercitationem enim numquam perferendis ex', '2001', 'Electrical Engineering', 'Et numquam cumque exercitationem voluptatem ad aperiam ipsum sed est sunt voluptas aliquip', 'Doctorate', 'Ipsa iusto laboris amet veritatis', 'Spring', 'Voluptas vel quasi non iste in eaque et in dolore ratione et eveniet quis et sapiente dolores eos magni', 'Recusandae Non cupiditate aut dolorum nisi', 'Ipsum voluptatem vitae itaque reprehenderit quis odit consectetur pariatur Sunt', 'Sit corrupti laborum ea facere vel itaque quidem qui quis aperiam maxime reprehenderit nostrud est', 'Website'),
(8, 'Jacob Joseph', '1982-12-13', 'Temporary Membership-Stage A – Search and shortlisting of Universities and course options', 'Corrupti est consequatur proident facilis incididunt et quis adipisicing', 'Consequuntur earum dolores earum labore modi voluptas cillum aliqua Perferendis officia molestiae pariatur Elit aute', 'Cash', '1970-01-01', 'Libero cum eligendi ', 'Quod voluptate perfe', 'Accusantium duis sequi sint quia eos occaecat minim natus esse et est non dolor consequatur dolorem ducimus voluptas exercitation esse', 'female', 'Cum sint qui quia dolore', 'bonemeguc@mailinator.com', 'Science', 'No', 'In dolores provident fugiat voluptas quis', 'B.E /Tech. in Electronics & Communication Engineering', 'Non accusantium earum ullamco non eu quis alias aperiam', '1965', 'Pharmacy', 'Non dolor voluptatem ut labore laboris quo', '1999', 'Computer Science', 'Nihil elit quia voluptas ut consequat Enim dolor qui', 'Bachelors / Undergraduate', 'Eveniet proident ad quis odit facilis occaecat optio mollit in nemo ut', 'Spring', 'Excepteur Nam aliquip quasi Nam qui', 'Sint rem aut sed officiis fuga In dicta enim consequatur doloribus impedit facere vel', 'Dolor excepteur proident ratione expedita tempora est labore exercitation saepe dicta deleniti minima expedita deleniti', 'Consequat Repellendus Ipsum ad officia', 'Website'),
(9, 'vishal panara', '2018-04-12', 'Premium Services-MBA', '123123', '50000', 'Cheque', '1970-01-01', 'Cupiditate ab volupt', 'Cupidatat consectetu', 'Quos rerum reprehenderit ipsum quibusdam corporis repudiandae dignissimos itaque expedita molestiae dolore laboriosam et', 'male', 'Laboris laudantium tempora molestiae quidem amet dolore dolore praesentium natus aliquam officiis ut perferendis sequi vel sed tempore proident doloribus', 'cyhihufiwy@mailinator.net', 'General', 'No', 'Iste dolorem aliquid possimus rerum aut itaque voluptate animi amet non magna do ea sed', 'B.E. / Tech. in Computer Science', 'Sunt aspernatur ullam obcaecati fugiat nisi tempor ducimus iure odio sit nihil nihil asperiores qui', '2004', 'Masters of Commerce', 'Ducimus ut numquam duis ea et quia duis exercitation aut nostrum incididunt', '1956', 'Other', 'Et magni pariatur Eius qui', 'Other', 'In voluptas sint culpa deserunt debitis voluptas reiciendis eos at quis eligendi rem excepteur quas quia maiores hic suscipit ad', 'Spring', 'Ipsum doloremque sint non ipsam ut voluptatem quo autem autem quasi reprehenderit dolore nemo', 'Laborum Veniam mollit ut id veniam consequatur Esse sed pariatur Itaque et sint et recusandae Laborum Praesentium', 'Cupiditate exercitationem aliquam perferendis aliqua Occaecat tempora ab dolores', 'Labore quia Nam quos voluptas pariatur Anim dolor aliquam nostrum consequatur Perferendis dolores suscipit', 'Events'),
(11, 'Xanthus Valenzuela', '1981-12-19', 'Regular Services-General', 'Totam nostrud inventore molestias similique illo aut', 'Provident velit officia aliquam soluta cumque enim at aspernatur', 'Cheque', '1970-01-01', 'Exercitationem tenet', 'Ex et fugiat quis si', 'Voluptates quia expedita explicabo Tenetur laboriosam et laudantium inventore laborum numquam eu esse', 'male', 'Consectetur optio quasi nihil atque qui provident eum et id saepe et enim magnam esse dolorem molestiae suscipit non', 'gusocajir@mailinator.com', 'Commerce', 'Yes', 'Delectus porro eaque qui molestias error a tempore', 'Bachelor in Architecture / Design / Visual Arts', 'Est tempor nulla ut suscipit expedita ratione est ea ut', '1980', 'Masters of Commerce', 'Ad non cillum deserunt qui maiores fugiat et facere deserunt ipsam eaque minima aut cupiditate harum est sint voluptatem', '2009', 'Arts and Humanities ', 'Consequatur tempor aut voluptatum elit officia reprehenderit atque quis alias', 'Other', 'Voluptas voluptatem exercitationem obcaecati eu rem fugiat exercitationem ut excepturi minus hic eos id deserunt deserunt', 'Fall', 'Minim aspernatur hic necessitatibus ea veniam proident laborum Distinctio Labore est non voluptate harum consequatur et blanditiis ut', 'Voluptas et saepe voluptatem Illo corrupti sint', 'Lorem maiores et ipsum omnis et officia deserunt voluptatem ut accusamus', 'Aut et explicabo Aut perspiciatis voluptate labore qui eos qui atque voluptatibus quia dolor fugiat', 'Events'),
(12, 'Kiara Sweet', '1971-06-23', 'Remote Counseling', 'Earum aut incididunt accusamus at magna qui dolorem eius itaque nihil est quia', 'Molestiae voluptatem Non consequatur anim reprehenderit quia', 'Cash', '1970-01-01', 'Sapiente porro conse', 'Assumenda sed culpa ', 'Facere consequatur Repudiandae animi sapiente et duis proident porro dignissimos', 'female', 'Omnis exercitation eum expedita quas corporis et cupidatat molestiae nulla tempora deserunt quis consequuntur', 'bena@mailinator.com', 'General', 'No', 'Qui culpa id temporibus eu pariatur Quod ullam culpa obcaecati sed sunt harum quia non eum', 'Not Applicable', 'Maxime corrupti et sit quia ad et eos', '1980', 'Biotechnology/Biomedical', 'Maxime libero unde nostrum non a amet sint Nam cumque exercitationem ut reiciendis lorem in unde', '2001', 'Agricultural Sciences', 'Laborum cum voluptas et sequi dolor', 'Graduate / Masters of Science', 'Anim voluptates ut sed sunt eaque accusantium eu nostrud nobis corporis tenetur', 'Spring', 'Velit modi debitis dolores aute provident quaerat aliquid est molestiae quia voluptas lorem ea do occaecat et est qui facilis', 'Nisi minus illum sint libero id proident fugiat enim sequi Nam voluptas error eu', 'Ea tempor culpa est deserunt assumenda laudantium esse voluptate', 'Animi lorem voluptatibus quia nihil', 'Website'),
(15, 'vishal panara', '2018-04-12', 'Premium Services-MBA', '123456', '50000', 'netbanking', '1970-01-01', 'Repellendus Nulla qu', 'Sunt illum voluptate', 'Consectetur ad velit autem enim enim commodi', 'male', 'Quis enim debitis quia aute voluptatem Inventore optio aspernatur qui velit et reiciendis', 'kojecefogi@mailinator.com', 'Science', 'No', 'Maiores laborum sed facere error quo iusto sequi esse sunt', 'Bachelor of Science-Phy/Maths/Chem.', 'Veniam non cum odio ipsa placeat officia quisquam incidunt ipsum nemo ut molestiae quia sed mollit amet officiis recusandae', '1994', 'Computer Science', 'Elit ut libero nisi enim ut', '1954', 'Environment and Natural Resources', 'Repellendus Dolorem distinctio Quae exercitationem consequat Fugit quis ut perspiciatis accusamus reiciendis deserunt aliqua Reprehenderit', 'Graduate / Masters of Science', 'Incididunt Nam cum ipsum minima id eos nisi quod', 'Spring', 'Dolore labore quia tempor soluta quia laudantium accusantium', 'Do mollitia labore dolores facilis animi placeat et nihil elit iure qui similique hic duis veniam veritatis et id', 'Sed enim neque eaque quibusdam qui sapiente', 'Commodi do repudiandae quibusdam debitis laboriosam eos eum sunt vero', 'Advertisement');

--
-- Indexes for dumped tables
--

--
-- Indexes for table `lastmodifytime`
--
ALTER TABLE `lastmodifytime`
  ADD PRIMARY KEY (`last_id`);

--
-- Indexes for table `tblbanners`
--
ALTER TABLE `tblbanners`
  ADD PRIMARY KEY (`banner_id`);

--
-- Indexes for table `tblcontent`
--
ALTER TABLE `tblcontent`
  ADD PRIMARY KEY (`content_id`),
  ADD KEY `user_id` (`user_id`);

--
-- Indexes for table `tblmedia`
--
ALTER TABLE `tblmedia`
  ADD PRIMARY KEY (`tblmedia_id`);

--
-- Indexes for table `tblmenu`
--
ALTER TABLE `tblmenu`
  ADD PRIMARY KEY (`menu_id`),
  ADD KEY `menu_content` (`menu_content`),
  ADD KEY `menugroup` (`menugroup`),
  ADD KEY `menugroup_2` (`menugroup`),
  ADD KEY `menugroup_3` (`menugroup`),
  ADD KEY `menugroup_4` (`menugroup`);

--
-- Indexes for table `tblmenugroup`
--
ALTER TABLE `tblmenugroup`
  ADD PRIMARY KEY (`menugroup_id`);

--
-- Indexes for table `tblmsg`
--
ALTER TABLE `tblmsg`
  ADD PRIMARY KEY (`tblmsg_id`);

--
-- Indexes for table `tblposts`
--
ALTER TABLE `tblposts`
  ADD PRIMARY KEY (`tblpost_id`);

--
-- Indexes for table `tbl_counter`
--
ALTER TABLE `tbl_counter`
  ADD PRIMARY KEY (`cid`);

--
-- Indexes for table `tbl_other_detail`
--
ALTER TABLE `tbl_other_detail`
  ADD PRIMARY KEY (`other_id`);

--
-- Indexes for table `tbl_portfolio`
--
ALTER TABLE `tbl_portfolio`
  ADD PRIMARY KEY (`portfolio_id`),
  ADD KEY `portfolio_cat_id` (`portfolio_cat_id`);

--
-- Indexes for table `tbl_portfolio_category`
--
ALTER TABLE `tbl_portfolio_category`
  ADD PRIMARY KEY (`portfolio_cat_id`);

--
-- Indexes for table `tbl_port_sub_cat`
--
ALTER TABLE `tbl_port_sub_cat`
  ADD PRIMARY KEY (`psid`);

--
-- Indexes for table `tbl_students_registration`
--
ALTER TABLE `tbl_students_registration`
  ADD PRIMARY KEY (`rid`);

--
-- AUTO_INCREMENT for dumped tables
--

--
-- AUTO_INCREMENT for table `lastmodifytime`
--
ALTER TABLE `lastmodifytime`
  MODIFY `last_id` int(10) unsigned NOT NULL AUTO_INCREMENT,AUTO_INCREMENT=3;
--
-- AUTO_INCREMENT for table `tblbanners`
--
ALTER TABLE `tblbanners`
  MODIFY `banner_id` int(10) unsigned NOT NULL AUTO_INCREMENT,AUTO_INCREMENT=19;
--
-- AUTO_INCREMENT for table `tblcontent`
--
ALTER TABLE `tblcontent`
  MODIFY `content_id` int(10) unsigned NOT NULL AUTO_INCREMENT,AUTO_INCREMENT=33;
--
-- AUTO_INCREMENT for table `tblmedia`
--
ALTER TABLE `tblmedia`
  MODIFY `tblmedia_id` int(10) unsigned NOT NULL AUTO_INCREMENT,AUTO_INCREMENT=30;
--
-- AUTO_INCREMENT for table `tblmenu`
--
ALTER TABLE `tblmenu`
  MODIFY `menu_id` int(10) unsigned NOT NULL AUTO_INCREMENT,AUTO_INCREMENT=97;
--
-- AUTO_INCREMENT for table `tblmenugroup`
--
ALTER TABLE `tblmenugroup`
  MODIFY `menugroup_id` int(11) unsigned NOT NULL AUTO_INCREMENT,AUTO_INCREMENT=21;
--
-- AUTO_INCREMENT for table `tblmsg`
--
ALTER TABLE `tblmsg`
  MODIFY `tblmsg_id` int(10) unsigned NOT NULL AUTO_INCREMENT;
--
-- AUTO_INCREMENT for table `tblposts`
--
ALTER TABLE `tblposts`
  MODIFY `tblpost_id` int(10) unsigned NOT NULL AUTO_INCREMENT,AUTO_INCREMENT=8;
--
-- AUTO_INCREMENT for table `tbl_counter`
--
ALTER TABLE `tbl_counter`
  MODIFY `cid` int(11) NOT NULL AUTO_INCREMENT;
--
-- AUTO_INCREMENT for table `tbl_other_detail`
--
ALTER TABLE `tbl_other_detail`
  MODIFY `other_id` int(11) NOT NULL AUTO_INCREMENT,AUTO_INCREMENT=27;
--
-- AUTO_INCREMENT for table `tbl_portfolio`
--
ALTER TABLE `tbl_portfolio`
  MODIFY `portfolio_id` int(10) unsigned NOT NULL AUTO_INCREMENT;
--
-- AUTO_INCREMENT for table `tbl_portfolio_category`
--
ALTER TABLE `tbl_portfolio_category`
  MODIFY `portfolio_cat_id` int(10) unsigned NOT NULL AUTO_INCREMENT;
--
-- AUTO_INCREMENT for table `tbl_port_sub_cat`
--
ALTER TABLE `tbl_port_sub_cat`
  MODIFY `psid` int(11) NOT NULL AUTO_INCREMENT;
--
-- AUTO_INCREMENT for table `tbl_students_registration`
--
ALTER TABLE `tbl_students_registration`
  MODIFY `rid` int(11) NOT NULL AUTO_INCREMENT,AUTO_INCREMENT=16;
--
-- Constraints for dumped tables
--

--
-- Constraints for table `tbl_portfolio`
--
ALTER TABLE `tbl_portfolio`
  ADD CONSTRAINT `tbl_portfolio_ibfk_1` FOREIGN KEY (`portfolio_cat_id`) REFERENCES `tbl_portfolio_category` (`portfolio_cat_id`) ON DELETE CASCADE ON UPDATE CASCADE;

